000
CXUS53 KGRB 010912
CF6ISW
PRELIMINARY LOCAL CLIMATOLOGICAL DATA (WS FORM: F-6)
STATION: WISCONSIN RAPIDS ASOS
MONTH: AUGUST
YEAR: 2021
LATITUDE: 44 22 N
LONGITUDE: 89 50 W
TEMPERATURE IN F: :PCPN: SNOW: WIND :SUNSHINE: SKY :PK WND
================================================================================
1 2 3 4 5 6A 6B 7 8 9 10 11 12 13 14 15 16 17 18
12Z AVG MX 2MIN
DY MAX MIN AVG DEP HDD CDD WTR SNW DPTH SPD SPD DIR MIN PSBL S-S WX SPD DR
================================================================================
1 76 57 67 -3 0 2 0.00 0.0 0 8.0 16 350 M M 3 18 23 340
2 79 54 67 -3 0 2 0.00 0.0 0 3.9 12 330 M M 0 19 350
3 81 56 69 -1 0 4 0.00 0.0 0 2.4 12 340 M M 0 18 16 330
4 83 56 70 0 0 5 0.00 0.0 0 2.8 10 250 M M 1 12 17 250
5 80 62 71 1 0 6 0.05 0.0 0 7.3 23 220 M M 3 1 32 240
6 80 64 72 2 0 7 T 0.0 0 3.0 12 220 M M 6 13 18 190
7 71 62 67 -3 0 2 2.25 0.0 0 6.7 24 160 M M 7 123 34 150
8 83 66 75 5 0 10 1.92 0.0 0 6.4 30 210 M M 7 13 44 200
9 82 65 74 4 0 9 T 0.0 0 3.8 10 140 M M 6 123 15 110
10 87 64 76 6 0 11 T 0.0 0 6.2 17 240 M M 7 12 24 230
11 84 66 75 6 0 10 0.17 0.0 0 6.5 20 210 M M 4 13 27 200
12 83 57 70 1 0 5 0.00 0.0 0 5.5 17 290 M M 2 25 300
13 77 50 64 -5 1 0 0.00 0.0 0 5.1 20 300 M M 0 1 26 320
14 81 48 65 -4 0 0 0.00 0.0 0 3.0 16 220 M M 0 12 21 280
15 81 53 67 -2 0 2 0.00 0.0 0 4.1 13 220 M M 0 1 20 220
16 81 53 67 -2 0 2 0.00 0.0 0 3.7 12 210 M M 1 17 210
17 83 56 70 2 0 5 0.00 0.0 0 5.4 16 220 M M 0 22 200
18 86 58 72 4 0 7 0.00 0.0 0 2.2 8 190 M M 1 12 M M
19 89 61 75 7 0 10 0.00 0.0 0 2.0 10 200 M M 0 2 16 240
20 88 63 76 8 0 11 0.00 0.0 0 5.9 16 180 M M 1 1 25 160
21 85 60 73 5 0 8 0.03 0.0 0 9.1 17 240 M M 2 1 24 260
22 80 51 66 -2 0 1 0.00 0.0 0 4.3 13 30 M M 0 19 50
23 87 62 75 8 0 10 0.05 0.0 0 4.6 12 220 M M 3 1 16 140
24 75 65 70 3 0 5 0.99 0.0 0 4.6 24 340 M M 3 123 36 340
25 86 64 75 8 0 10 0.00 0.0 0 4.9 14 330 M M 2 1 19 320
26 82 61 72 5 0 7 0.54 0.0 0 6.5 22 10 M M 3 13 30 10
27 74 63 69 3 0 4 2.27 0.0 0 6.8 38 10 M M 8 123 59 10
28 84 66 75 9 0 10 1.30 0.0 0 5.0 26 180 M M 2 13 47 200
29 81 64 73 7 0 8 T 0.0 0 8.5 20 270 M M 2 28 260
30 82 56 69 3 0 4 0.00 0.0 0 5.6 17 300 M M 1 1 25 330
31 78 58 68 2 0 3 0.00 0.0 0 5.8 13 80 M M 1 18 60
================================================================================
SM 2529 1841 1 180 9.57 0.0 159.6 M 76
================================================================================
AV 81.6 59.4 5.1 FASTST M M 2 MAX(MPH)
MISC ----> 38 10 59 10
================================================================================
NOTES:
# LAST OF SEVERAL OCCURRENCES
COLUMN 17 PEAK WIND IN M.P.H.
PRELIMINARY LOCAL CLIMATOLOGICAL DATA (WS FORM: F-6) , PAGE 2
STATION: WISCONSIN RAPIDS ASOS
MONTH: AUGUST
YEAR: 2021
LATITUDE: 44 22 N
LONGITUDE: 89 50 W
[TEMPERATURE DATA] [PRECIPITATION DATA] SYMBOLS USED IN COLUMN 16
AVERAGE MONTHLY: 70.5 TOTAL FOR MONTH: 9.57 1 = FOG OR MIST
DPTR FM NORMAL: 2.1 DPTR FM NORMAL: 5.74 2 = FOG REDUCING VISIBILITY
HIGHEST: 89 ON 19 GRTST 24HR 3.19 ON 7- 8 TO 1/4 MILE OR LESS
LOWEST: 48 ON 14 3 = THUNDER
SNOW, ICE PELLETS, HAIL 4 = ICE PELLETS
TOTAL MONTH: 0.0 INCH 5 = HAIL
GRTST 24HR 0.0 6 = FREEZING RAIN OR DRIZZLE
GRTST DEPTH: 0 7 = DUSTSTORM OR SANDSTORM:
VSBY 1/2 MILE OR LESS
8 = SMOKE OR HAZE
[NO. OF DAYS WITH] [WEATHER - DAYS WITH] 9 = BLOWING SNOW
X = TORNADO
MAX 32 OR BELOW: 0 0.01 INCH OR MORE: 10
MAX 90 OR ABOVE: 0 0.10 INCH OR MORE: 7
MIN 32 OR BELOW: 0 0.50 INCH OR MORE: 6
MIN 0 OR BELOW: 0 1.00 INCH OR MORE: 4
[HDD (BASE 65) ]
TOTAL THIS MO. 1 CLEAR (SCALE 0-3) 22
DPTR FM NORMAL -29 PTCLDY (SCALE 4-7) 9
TOTAL FM JUL 1 7 CLOUDY (SCALE 8-10) 0
DPTR FM NORMAL -36
[CDD (BASE 65) ]
TOTAL THIS MO. 180
DPTR FM NORMAL 44 [PRESSURE DATA]
TOTAL FM JAN 1 632 HIGHEST SLP 30.29 ON 14
DPTR FM NORMAL 178 LOWEST SLP 29.64 ON 11
[REMARKS]
#FINAL-08-21#