000
CXUS52 TJSJ 020410
CF6ISX
PRELIMINARY LOCAL CLIMATOLOGICAL DATA (WS FORM: F-6)
STATION: HENRY E. ROHLSEN AP/ST CROIX
MONTH: MARCH
YEAR: 2024
LATITUDE: 17 42 N
LONGITUDE: 64 48 W
TEMPERATURE IN F: :PCPN: SNOW: WIND :SUNSHINE: SKY :PK WND
================================================================================
1 2 3 4 5 6A 6B 7 8 9 10 11 12 13 14 15 16 17 18
12Z AVG MX 2MIN
DY MAX MIN AVG DEP HDD CDD WTR SNW DPTH SPD SPD DIR MIN PSBL S-S WX SPD DR
================================================================================
1 87 75 81 3 0 16 0.01 M M 11.6 20 50 M M 5 1 28 50
2 87 74 81 3 0 16 0.10 M M 13.7 24 70 M M 4 1 35 70
3 87 73 80 2 0 15 0.13 M M 11.5 21 100 M M 5 28 110
4 88 74 81 3 0 16 T M M 12.0 22 90 M M 3 28 90
5 87 70 79 1 0 14 0.00 M M 8.6 15 110 M M 1 21 120
6 87 74 81 3 0 16 0.00 M M 8.3 16 110 M M 2 22 100
7 88 77 83 5 0 18 0.00 M M 10.4 16 130 M M 3 24 100
8 88 75 82 4 0 17 0.00 M M 8.2 16 100 M M 2 21 110
9 87 76 82 4 0 17 T M M 7.9 16 100 M M 3 23 110
10 88 75 82 4 0 17 0.00 M M 8.9 17 110 M M 1 23 100
11 89 74 82 4 0 17 0.00 M M 5.9 12 120 M M 1 16 130
12 88 74 81 3 0 16 T M M 8.6 17 70 M M 1 22 50
13 87 73 80 2 0 15 0.00 M M 9.4 17 120 M M 1 23 120
14 88 76 82 4 0 17 0.13 M M 10.2 21 100 M M 6 1 28 100
15 85 77 81 3 0 16 0.31 M M 11.5 21 100 M M 8 8 31 80
16 88 77 83 5 0 18 0.00 M M 11.6 18 100 M M 3 25 100
17 89 75 82 4 0 17 T M M 10.8 22 110 M M 3 29 90
18 89 79 84 6 0 19 T M M 12.4 16 100 M M 3 24 110
19 88 80 84 6 0 19 T M M 9.6 16 130 M M 4 24 120
20 87 76 82 4 0 17 0.00 M M 5.8 12 120 M M 1 16 120
21 87 75 81 3 0 16 T M M 6.6 13 110 M M 1 18 110
22 89 75 82 4 0 17 0.00 M M 9.8 20 110 M M 2 26 100
23 88 78 83 5 0 18 T M M 12.5 21 110 M M 3 27 100
24 89 81 85 7 0 20 T M M 10.1 16 130 M M M 24 130
25 88 76 82 4 0 17 0.00 M M 5.5 12 170 M M 5 16 160
26 89 75 82 4 0 17 0.00 M M 7.8 16 20 M M 4 24 10
27 88 76 82 4 0 17 0.00 M M M M M M M 4 M M
28 87 71 79 1 0 14 0.00 M M M M M M M 3 M M
29 89 70 80 1 0 15 0.00 M M M M M M M 4 M M
30 88 72 80 1 0 15 T M M M M M M M 1 M M
31 88 76 82 3 0 17 T M M M M M M M 3 M M
================================================================================
SM 2722 2329 0 516 0.68 M 249.2 M 90
================================================================================
AV 87.8 75.1 9.6 FASTST M M 3 MAX(MPH)
MISC ----> 24 70 35 70
================================================================================
NOTES:
# LAST OF SEVERAL OCCURRENCES
COLUMN 17 PEAK WIND IN M.P.H.
PRELIMINARY LOCAL CLIMATOLOGICAL DATA (WS FORM: F-6) , PAGE 2
STATION: HENRY E. ROHLSEN AP/ST CROIX
MONTH: MARCH
YEAR: 2024
LATITUDE: 17 42 N
LONGITUDE: 64 48 W
[TEMPERATURE DATA] [PRECIPITATION DATA] SYMBOLS USED IN COLUMN 16
AVERAGE MONTHLY: 81.5 TOTAL FOR MONTH: 0.68 1 = FOG OR MIST
DPTR FM NORMAL: 3.3 DPTR FM NORMAL: -0.94 2 = FOG REDUCING VISIBILITY
HIGHEST: 89 ON 29,26 GRTST 24HR 0.44 ON 14-15 TO 1/4 MILE OR LESS
LOWEST: 70 ON 29, 5 3 = THUNDER
SNOW, ICE PELLETS, HAIL 4 = ICE PELLETS
TOTAL MONTH: M 5 = HAIL
GRTST 24HR M ON M 6 = FREEZING RAIN OR DRIZZLE
GRTST DEPTH: M ON M 7 = DUSTSTORM OR SANDSTORM:
VSBY 1/2 MILE OR LESS
8 = SMOKE OR HAZE
[NO. OF DAYS WITH] [WEATHER - DAYS WITH] 9 = BLOWING SNOW
X = TORNADO
MAX 32 OR BELOW: 0 0.01 INCH OR MORE: 5
MAX 90 OR ABOVE: 0 0.10 INCH OR MORE: 4
MIN 32 OR BELOW: 0 0.50 INCH OR MORE: 0
MIN 0 OR BELOW: 0 1.00 INCH OR MORE: 0
[HDD (BASE 65) ]
TOTAL THIS MO. 0 CLEAR (SCALE 0-3) 18
DPTR FM NORMAL 0 PTCLDY (SCALE 4-7) 11
TOTAL FM JUL 1 0 CLOUDY (SCALE 8-10) 2
DPTR FM NORMAL 0
[CDD (BASE 65) ]
TOTAL THIS MO. 516
DPTR FM NORMAL 105 [PRESSURE DATA]
TOTAL FM JAN 1 1476 HIGHEST SLP M ON M
DPTR FM NORMAL 307 LOWEST SLP 29.92 ON 6
[REMARKS]
#FINAL-03-24#