000
CXHW53 PHFO 011250
CF6ITO
PRELIMINARY LOCAL CLIMATOLOGICAL DATA (WS FORM: F-6)
STATION: HILO HI
MONTH: APRIL
YEAR: 2020
LATITUDE: 19 43 N
LONGITUDE: 155 4 W
TEMPERATURE IN F: :PCPN: SNOW: WIND :SUNSHINE: SKY :PK WND
================================================================================
1 2 3 4 5 6A 6B 7 8 9 10 11 12 13 14 15 16 17 18
12Z AVG MX 2MIN
DY MAX MIN AVG DEP HDD CDD WTR SNW DPTH SPD SPD DIR MIN PSBL S-S WX SPD DR
================================================================================
1 83 65 74 2 0 9 0.31 0.0 M 4.9 14 50 M M M 18 17 50
2 81 65 73 1 0 8 0.00 0.0 M 5.8 13 20 M M M 16 50
3 85 65 75 3 0 10 0.00 0.0 M 7.6 21 120 M M M 27 120
4 84 69 77 5 0 12 0.71 0.0 M 6.5 15 90 M M M 1 20 120
5 80 71 76 4 0 11 1.30 0.0 M 5.6 15 110 M M M 18 19 120
6 84 69 77 5 0 12 0.01 0.0 M 7.2 21 130 M M M 27 120
7 83 65 74 2 0 9 0.66 0.0 M 6.1 14 160 M M M 18 16 160
8 82 70 76 4 0 11 0.02 0.0 M 4.1 9 70 M M M 1 11 350
9 84 68 76 4 0 11 0.00 0.0 M 5.4 14 10 M M M 19 30
10 82 69 76 4 0 11 0.06 0.0 M 3.3 10 360 M M M 15 350
11 84 67 76 4 0 11 0.00 0.0 M 4.8 14 60 M M M 16 60
12 83 70 77 5 0 12 0.41 0.0 M 5.7 15 80 M M M 1 18 60
13 84 69 77 5 0 12 0.31 0.0 M 7.7 22 130 M M M 1 27 120
14 82 71 77 5 0 12 3.11 0.0 M 6.2 15 120 M M M 1 23 110
15 84 70 77 5 0 12 0.05 0.0 M 5.9 18 80 M M M 1 22 80
16 80 68 74 2 0 9 0.10 0.0 M 6.0 15 100 M M M 1 18 100
17 82 69 76 4 0 11 0.05 0.0 M 5.8 15 50 M M M 20 60
18 83 67 75 3 0 10 0.03 0.0 M 6.8 16 90 M M M 27 80
19 84 67 76 4 0 11 0.01 0.0 M 6.9 17 90 M M M 21 90
20 84 67 76 4 0 11 0.00 0.0 M 9.2 21 100 M M M 27 110
21 85 67 76 4 0 11 0.01 0.0 M 9.5 21 100 M M M 25 120
22 85 70 78 6 0 13 0.15 0.0 M 7.7 18 130 M M M 18 24 100
23 85 71 78 6 0 13 0.06 0.0 M 6.7 15 90 M M M 1 22 100
24 82 69 76 4 0 11 0.03 0.0 M 5.8 12 40 M M M 1 17 90
25 83 69 76 4 0 11 0.03 0.0 M 6.4 14 30 M M M 20 20
26 84 68 76 3 0 11 0.10 0.0 M 6.0 13 90 M M M 16 70
27 83 69 76 3 0 11 0.12 0.0 M 6.8 15 70 M M M 18 17 60
28 83 68 76 3 0 11 0.01 0.0 M 8.3 15 360 M M M 19 20
29 84 69 77 4 0 12 0.03 0.0 M 9.2 16 30 M M M 20 20
30 85 72 79 6 0 14 0.07 0.0 M 8.7 15 40 M M M 18 30
================================================================================
SM 2497 2053 0 333 7.75 0.0 196.6 M M
================================================================================
AV 83.2 68.4 6.6 FASTST M M 0 MAX(MPH)
MISC ----> # 22 130 # 27 120
================================================================================
NOTES:
# LAST OF SEVERAL OCCURRENCES
COLUMN 17 PEAK WIND IN M.P.H.
PRELIMINARY LOCAL CLIMATOLOGICAL DATA (WS FORM: F-6) , PAGE 2
STATION: HILO HI
MONTH: APRIL
YEAR: 2020
LATITUDE: 19 43 N
LONGITUDE: 155 4 W
[TEMPERATURE DATA] [PRECIPITATION DATA] SYMBOLS USED IN COLUMN 16
AVERAGE MONTHLY: 75.8 TOTAL FOR MONTH: 7.75 1 = FOG OR MIST
DPTR FM NORMAL: 3.6 DPTR FM NORMAL: -3.79 2 = FOG REDUCING VISIBILITY
HIGHEST: 85 ON 30,23 GRTST 24HR 3.11 ON 14-14 TO 1/4 MILE OR LESS
LOWEST: 65 ON 7, 3 3 = THUNDER
SNOW, ICE PELLETS, HAIL 4 = ICE PELLETS
TOTAL MONTH: 0.0 INCH 5 = HAIL
GRTST 24HR 0.0 6 = FREEZING RAIN OR DRIZZLE
GRTST DEPTH: M ON M 7 = DUSTSTORM OR SANDSTORM:
VSBY 1/2 MILE OR LESS
8 = SMOKE OR HAZE
[NO. OF DAYS WITH] [WEATHER - DAYS WITH] 9 = BLOWING SNOW
X = TORNADO
MAX 32 OR BELOW: 0 0.01 INCH OR MORE: 25
MAX 90 OR ABOVE: 0 0.10 INCH OR MORE: 11
MIN 32 OR BELOW: 0 0.50 INCH OR MORE: 4
MIN 0 OR BELOW: 0 1.00 INCH OR MORE: 2
[HDD (BASE 65) ]
TOTAL THIS MO. 0 CLEAR (SCALE 0-3) 0
DPTR FM NORMAL 0 PTCLDY (SCALE 4-7) 0
TOTAL FM JUL 1 0 CLOUDY (SCALE 8-10) 0
DPTR FM NORMAL 0
[CDD (BASE 65) ]
TOTAL THIS MO. 333
DPTR FM NORMAL 117 [PRESSURE DATA]
TOTAL FM JAN 1 1179 HIGHEST SLP 30.20 ON 16
DPTR FM NORMAL 382 LOWEST SLP 29.87 ON 6
[REMARKS]
#FINAL-04-20#