000
CXUS55 KEAX 010736
CF6IXD
PRELIMINARY LOCAL CLIMATOLOGICAL DATA (WS FORM: F-6)
STATION: NEW CENTURY AIR CENTER KS
MONTH: MAY
YEAR: 2020
LATITUDE: 38 49 N
LONGITUDE: 94 54 W
TEMPERATURE IN F: :PCPN: SNOW: WIND :SUNSHINE: SKY :PK WND
================================================================================
1 2 3 4 5 6A 6B 7 8 9 10 11 12 13 14 15 16 17 18
12Z AVG MX 2MIN
DY MAX MIN AVG DEP HDD CDD WTR SNW DPTH SPD SPD DIR MIN PSBL S-S WX SPD DR
================================================================================
1 81 53 67 7 0 2 0.00 M M 12.0 28 190 M M 0 42 160
2 83 56 70 10 0 5 0.00 M M 7.0 16 10 M M 4 22 360
3 75 58 67 7 0 2 0.01 M M 9.1 22 70 M M 4 30 70
4 60 50 55 -6 10 0 0.85 M M 11.3 46 260 M M 7 13 62 260
5 71 46 59 -2 6 0 0.00 M M 15.0 30 310 M M 3 42 290
6 63 43 53 -9 12 0 0.00 M M 6.7 15 330 M M 3 20 360
7 61 38 50 -12 15 0 0.10 M M 5.1 14 10 M M 5 19 170
8 60 43 52 -10 13 0 0.16 M M 12.7 28 10 M M 3 1 40 350
9 62 35 49 -14 16 0 0.00 M M 6.6 15 200 M M 3 20 210
10 60 40 50 -13 15 0 0.00 M M 13.6 23 320 M M 0 32 290
11 50 35 43 -20 22 0 0.05 M M 5.1 12 30 M M 8 14 30
12 50 43 47 -17 18 0 0.03 M M 7.0 14 90 M M 10 1 21 110
13 67 48 58 -6 7 0 T M M 9.2 18 110 M M 10 1 25 90
14 81 62 72 8 0 7 0.30 M M 11.0 22 190 M M 7 13 30 190
15 68 62 65 0 0 0 0.05 M M 5.0 17 70 M M 9 1 23 60
16 73 60 67 2 0 2 0.03 M M 6.3 13 120 M M 6 1 22 110
17 72 56 64 -1 1 0 0.00 M M 13.3 25 310 M M 8 36 300
18 63 50 57 -9 8 0 0.00 M M 11.8 23 340 M M 8 32 340
19 71 54 63 -3 2 0 0.00 M M 6.9 13 60 M M 7 19 60
20 69 56 63 -3 2 0 0.00 M M 6.5 13 70 M M 9 18 110
21 76 59 68 1 0 3 0.00 M M 8.4 17 120 M M 7 23 150
22 77 61 69 2 0 4 0.47 M M 9.1 28 50 M M 5 13 38 60
23 83 57 70 2 0 5 0.00 M M 7.9 15 160 M M 2 22 230
24 85 68 77 9 0 12 0.00 M M 10.4 25 210 M M 4 35 210
25 80 66 73 5 0 8 0.34 M M 8.6 22 140 M M 6 13 30 150
26 74 65 70 2 0 5 1.41 M M 8.0 18 220 M M 10 1 28 160
27 76 63 70 1 0 5 0.48 M M 4.0 10 300 M M 8 1 16 300
28 70 60 65 -4 0 0 1.87 M M 5.5 14 130 M M 6 13 21 120
29 76 52 64 -5 1 0 0.00 M M 8.0 18 330 M M 0 25 330
30 77 55 66 -4 0 1 0.00 M M 5.9 12 70 M M 2 16 70
31 80 62 71 1 0 6 0.00 M M 9.6 16 150 M M 4 22 140
================================================================================
SM 2194 1656 148 67 6.15 M 266.6 M 168
================================================================================
AV 70.8 53.4 8.6 FASTST M M 5 MAX(MPH)
MISC ----> 46 260 62 260
================================================================================
NOTES:
# LAST OF SEVERAL OCCURRENCES
COLUMN 17 PEAK WIND IN M.P.H.
PRELIMINARY LOCAL CLIMATOLOGICAL DATA (WS FORM: F-6) , PAGE 2
STATION: NEW CENTURY AIR CENTER KS
MONTH: MAY
YEAR: 2020
LATITUDE: 38 49 N
LONGITUDE: 94 54 W
[TEMPERATURE DATA] [PRECIPITATION DATA] SYMBOLS USED IN COLUMN 16
AVERAGE MONTHLY: 62.1 TOTAL FOR MONTH: 6.15 1 = FOG OR MIST
DPTR FM NORMAL: -2.9 DPTR FM NORMAL: 0.70 2 = FOG REDUCING VISIBILITY
HIGHEST: 85 ON 24 GRTST 24HR 2.35 ON 27-28 TO 1/4 MILE OR LESS
LOWEST: 35 ON 11, 9 3 = THUNDER
SNOW, ICE PELLETS, HAIL 4 = ICE PELLETS
TOTAL MONTH: M 5 = HAIL
GRTST 24HR M ON M 6 = FREEZING RAIN OR DRIZZLE
GRTST DEPTH: M ON M 7 = DUSTSTORM OR SANDSTORM:
VSBY 1/2 MILE OR LESS
8 = SMOKE OR HAZE
[NO. OF DAYS WITH] [WEATHER - DAYS WITH] 9 = BLOWING SNOW
X = TORNADO
MAX 32 OR BELOW: 0 0.01 INCH OR MORE: 14
MAX 90 OR ABOVE: 0 0.10 INCH OR MORE: 9
MIN 32 OR BELOW: 0 0.50 INCH OR MORE: 3
MIN 0 OR BELOW: 0 1.00 INCH OR MORE: 2
[HDD (BASE 65) ]
TOTAL THIS MO. 148 CLEAR (SCALE 0-3) 8
DPTR FM NORMAL 54 PTCLDY (SCALE 4-7) 17
TOTAL FM JUL 1 4890 CLOUDY (SCALE 8-10) 6
DPTR FM NORMAL -162
[CDD (BASE 65) ]
TOTAL THIS MO. 67
DPTR FM NORMAL -27 [PRESSURE DATA]
TOTAL FM JAN 1 74 HIGHEST SLP M ON M
DPTR FM NORMAL -38 LOWEST SLP 29.70 ON 14
[REMARKS]
#FINAL-05-20#