000
CXUS54 KJAN 040838
CLMJAN
CLIMATE REPORT
NATIONAL WEATHER SERVICE JACKSON MS
238 AM CST MON DEC 04 2023
...................................
...THE JACKSON CLIMATE SUMMARY FOR THE MONTH OF NOVEMBER 2023...
CLIMATE NORMAL PERIOD: 1991 TO 2020
CLIMATE RECORD PERIOD: 1896 TO 2023
WEATHER OBSERVED NORMAL DEPART LAST YEAR`S
VALUE DATE(S) VALUE FROM VALUE DATE(S)
NORMAL
................................................................
TEMPERATURE (F)
RECORD
HIGH 89 11/01/1927
11/04/1922
LOW 15 11/27/1903
HIGHEST 87 11/08 82 5 87 11/06
11/08
LOWEST 27 11/02 27 0 26 11/18
AVG. MAXIMUM 68.7 67.2 1.5 68.3
AVG. MINIMUM 45.2 43.6 1.6 44.6
MEAN 57.0 55.4 1.6 56.5
DAYS MAX >= 90 0 0.0 0.0 0
DAYS MAX <= 32 0 0.0 0.0 0
DAYS MIN <= 32 3 4.8 -1.8 6
DAYS MIN <= 0 0 0.0 0.0 0
PRECIPITATION (INCHES)
RECORD
MAXIMUM 15.76 1948
MINIMUM T 1924
TOTALS 2.08 4.40 -2.32 5.86
DAILY AVG. 0.07 0.15 -0.08 0.20
DAYS >= .01 9 8.5 0.5 11
DAYS >= .10 6 5.6 0.4 8
DAYS >= .50 1 2.9 -1.9 3
DAYS >= 1.00 0 1.5 -1.5 2
GREATEST
24 HR. TOTAL 0.69 11/14 TO 11/15 1.98
SNOWFALL (INCHES)
RECORDS
TOTAL 0.2 1976
TOTALS 0.0 0.0 0.0 T
SINCE 7/1 0.0 0.0 0.0 MM
DAYS >= TRACE 0
DAYS >= 1.0 0 0.0 0.0 0
GREATEST
24 HR TOTAL MM
DEGREE DAYS
HEATING TOTAL 260 308 -48 288
SINCE 7/1 315 397 -82 MM
COOLING TOTAL 27 20 7 39
SINCE 1/1 3046 2394 652 MM
................................................................
WIND (MPH)
AVERAGE WIND SPEED 5.4
HIGHEST WIND SPEED/DIRECTION 24/160 DATE 11/20
HIGHEST GUST SPEED/DIRECTION 37/150 DATE 11/20
SKY COVER
POSSIBLE SUNSHINE (PERCENT) MM
AVERAGE SKY COVER 0.44
NUMBER OF DAYS FAIR 13
NUMBER OF DAYS PC 9
NUMBER OF DAYS CLOUDY 8
AVERAGE RH (PERCENT) 68
WEATHER CONDITIONS. NUMBER OF DAYS WITH
THUNDERSTORM 1 MIXED PRECIP 0
HEAVY RAIN 2 RAIN 7
LIGHT RAIN 12 FREEZING RAIN 0
LT FREEZING RAIN 0 HAIL 0
HEAVY SNOW 0 SNOW 0
LIGHT SNOW 0 SLEET 0
FOG 17 FOG W/VIS <= 1/4 MILE 2
HAZE 0
- INDICATES NEGATIVE NUMBERS.
R INDICATES RECORD WAS SET OR TIED.
MM INDICATES DATA IS MISSING.
T INDICATES TRACE AMOUNT.
$$