000
CXUS55 KBOI 011002
CF6JER
PRELIMINARY LOCAL CLIMATOLOGICAL DATA (WS FORM: F-6)
STATION: JEROME ID
MONTH: SEPTEMBER
YEAR: 2023
LATITUDE: 42 43 N
LONGITUDE: 114 27 W
TEMPERATURE IN F: :PCPN: SNOW: WIND :SUNSHINE: SKY :PK WND
================================================================================
1 2 3 4 5 6A 6B 7 8 9 10 11 12 13 14 15 16 17 18
12Z AVG MX 2MIN
DY MAX MIN AVG DEP HDD CDD WTR SNW DPTH SPD SPD DIR MIN PSBL S-S WX SPD DR
================================================================================
1 83 56 70 2 0 5 0.05 M M 10.3 40 130 M M 0 3 49 120
2 79 61 70 2 0 5 0.07 M M 4.4 18 90 M M 6 3 26 90
3 64 54 59 -8 6 0 0.10 M M 6.6 22 260 M M M 3 29 260
4 72 55 64 -3 1 0 0.00 M M 16.9 32 270 M M M 44 270
5 79 47 63 -4 2 0 0.00 M M 7.6 31 230 M M M 43 230
6 81 48 65 -2 0 0 0.00 M M 8.7 18 200 M M M 26 200
7 86 53 70 4 0 5 0.00 M M 6.9 14 100 M M 1 19 110
8 83 51 67 1 0 2 0.00 M M 4.9 12 300 M M 0 16 280
9 85 51 68 2 0 3 0.00 M M 5.2 12 100 M M 0 8 18 60
10 86 55 71 6 0 6 0.00 M M 7.3 15 80 M M 0 22 90
11 87 56 72 7 0 7 0.00 M M 8.3 17 110 M M 0 8 23 80
12 84 55 70 5 0 5 0.00 M M 7.3 18 200 M M 1 27 200
13 78 53 66 2 0 1 0.00 M M 9.9 21 280 M M 1 29 280
14 78 47 63 -1 2 0 0.00 M M 5.5 12 140 M M 0 14 110
15 81 49 65 1 0 0 0.00 M M 7.7 15 110 M M 0 19 120
16 86 52 69 6 0 4 0.00 M M 9.3 16 90 M M 0 22 80
17 86 55 71 8 0 6 0.00 M M 6.7 14 60 M M 0 19 50
18 83 49 66 4 0 1 T M M 5.4 26 290 M M 0 38 270
19 77 51 64 2 1 0 0.00 M M 7.9 17 270 M M 0 23 260
20 72 41 57 -5 8 0 0.00 M M 7.4 18 270 M M 1 24 280
21 64 41 53 -8 12 0 T M M 9.0 17 240 M M 3 23 230
22 62 43 53 -8 12 0 0.95 M M 8.5 24 270 M M 6 13 35 260
23 71 39 55 -6 10 0 T M M 9.5 15 70 M M 0 20 60
24 76 45 61 1 4 0 0.00 M M 11.4 17 60 M M 0 25 60
25 85 49 67 7 0 2 0.00 M M 12.6 20 60 M M 0 25 60
26 78 51 65 6 0 0 0.00 M M 5.3 13 70 M M 0 16 300
27 72 45 59 0 6 0 0.00 M M 8.7 25 270 M M 0 8 35 280
28 66 44 55 -3 10 0 0.00 M M 7.5 15 260 M M 1 20 290
29 73 39 56 -2 9 0 0.00 M M 8.2 17 70 M M 2 22 70
30 61 47 54 -4 11 0 0.00 M M 9.5 16 270 M M 2 22 280
================================================================================
SM 2318 1482 94 52 1.17 M 244.4 M 24
================================================================================
AV 77.3 49.4 8.1 FASTST M M 1 MAX(MPH)
MISC ----> 40 130 49 120
================================================================================
NOTES:
# LAST OF SEVERAL OCCURRENCES
COLUMN 17 PEAK WIND IN M.P.H.
PRELIMINARY LOCAL CLIMATOLOGICAL DATA (WS FORM: F-6) , PAGE 2
STATION: JEROME ID
MONTH: SEPTEMBER
YEAR: 2023
LATITUDE: 42 43 N
LONGITUDE: 114 27 W
[TEMPERATURE DATA] [PRECIPITATION DATA] SYMBOLS USED IN COLUMN 16
AVERAGE MONTHLY: 63.3 TOTAL FOR MONTH: 1.17 1 = FOG OR MIST
DPTR FM NORMAL: 0.1 DPTR FM NORMAL: 0.84 2 = FOG REDUCING VISIBILITY
HIGHEST: 87 ON 11 GRTST 24HR 0.95 ON 22-22 TO 1/4 MILE OR LESS
LOWEST: 39 ON 29,23 3 = THUNDER
SNOW, ICE PELLETS, HAIL 4 = ICE PELLETS
TOTAL MONTH: M 5 = HAIL
GRTST 24HR M ON M 6 = FREEZING RAIN OR DRIZZLE
GRTST DEPTH: M ON M 7 = DUSTSTORM OR SANDSTORM:
VSBY 1/2 MILE OR LESS
8 = SMOKE OR HAZE
[NO. OF DAYS WITH] [WEATHER - DAYS WITH] 9 = BLOWING SNOW
X = TORNADO
MAX 32 OR BELOW: 0 0.01 INCH OR MORE: 4
MAX 90 OR ABOVE: 0 0.10 INCH OR MORE: 2
MIN 32 OR BELOW: 0 0.50 INCH OR MORE: 1
MIN 0 OR BELOW: 0 1.00 INCH OR MORE: 0
[HDD (BASE 65) ]
TOTAL THIS MO. 94 CLEAR (SCALE 0-3) 24
DPTR FM NORMAL -30 PTCLDY (SCALE 4-7) 2
TOTAL FM JUL 1 95 CLOUDY (SCALE 8-10) 4
DPTR FM NORMAL -48
[CDD (BASE 65) ]
TOTAL THIS MO. 52
DPTR FM NORMAL -18 [PRESSURE DATA]
TOTAL FM JAN 1 711 HIGHEST SLP 30.17 ON 9
DPTR FM NORMAL 0 LOWEST SLP 29.61 ON 30
[REMARKS]
#FINAL-09-23#