000
CXUS51 KOKX 012354
CF6JFK
PRELIMINARY LOCAL CLIMATOLOGICAL DATA (WS FORM: F-6)
STATION: KENNEDY NY
MONTH: FEBRUARY
YEAR: 2023
LATITUDE: 40 39 N
LONGITUDE: 73 47 W
TEMPERATURE IN F: :PCPN: SNOW: WIND :SUNSHINE: SKY :PK WND
================================================================================
1 2 3 4 5 6A 6B 7 8 9 10 11 12 13 14 15 16 17 18
12Z AVG MX 2MIN
DY MAX MIN AVG DEP HDD CDD WTR SNW DPTH SPD SPD DIR MIN PSBL S-S WX SPD DR
================================================================================
1 38 26 32 0 33 0 0.02 0.2 T 10.5 16 30 M M 6 1 19 320
2 39 24 32 -1 33 0 0.00 0.0 0 10.3 23 230 M M 7 28 220
3 35 11 23 -10 42 0 0.00 0.0 0 25.7 43 310 M M 5 51 310
4 27 4 16 -17 49 0 0.00 0.0 0 17.1 37 320 M M 3 49 320
5 44 27 36 3 29 0 0.00 0.0 0 12.3 25 210 M M 8 32 210
6 53 32 43 10 22 0 0.00 0.0 0 13.0 31 330 M M 6 41 360
7 41 28 35 2 30 0 0.02 0.0 0 10.1 20 180 M M 6 24 180
8 54 34 44 11 21 0 0.01 0.0 0 11.3 26 330 M M 4 1 33 310
9 50 30 40 6 25 0 0.00 0.0 0 8.1 23 170 M M 8 18 28 180
10 60 41 51 17 14 0 0.00 0.0 0 15.6 29 290 M M 6 1 37 270
11 47 35 41 7 24 0 0.00 0.0 0 13.6 28 310 M M 4 39 310
12 45 31 38 4 27 0 0.04 T 0 6.2 20 20 M M 9 4 24 10
13 56 38 47 13 18 0 T 0.0 0 13.8 22 250 M M 6 25 250
14 53 41 47 13 18 0 0.00 0.0 0 14.2 29 310 M M 2 35 320
15 55 41 48 14 17 0 0.00 0.0 0 13.3 26 170 M M 8 32 170
16 64 43 54 19 11 0 0.08 0.0 0 5.8 15 200 M M 8 1 18 210
17 56 31 44 9 21 0 0.37 0.0 0 17.2 33 320 M M 9 12 41 330
18 42 28 35 0 30 0 0.00 0.0 0 15.4 33 330 M M 4 42 340
19 46 32 39 4 26 0 0.00 0.0 0 12.6 28 170 M M 7 32 160
20 61 40 51 16 14 0 0.00 0.0 0 8.3 20 270 M M 7 1 27 270
21 49 36 43 7 22 0 0.19 0.0 0 10.0 21 360 M M 9 1 25 10
22 44 35 40 4 25 0 0.17 T 0 8.0 15 60 M M 8 14 19 70
23 44 38 41 5 24 0 0.03 0.0 0 8.7 21 200 M M 10 1 26 200
24 48 25 37 1 28 0 T 0.0 0 18.5 39 310 M M 5 1 47 310
25 33 22 28 -8 37 0 T T 0 6.9 20 320 M M 7 23 320
26 50 23 37 0 28 0 0.00 0.0 0 10.4 20 230 M M 3 25 230
27 43 31 37 0 28 0 0.32 1.0 0 12.1 25 110 M M 5 14 31 100
28 38 32 35 -2 30 0 0.29 0.5 2 11.3 24 50 M M 8 14 29 50
================================================================================
SM 1315 859 726 0 1.54 1.7 340.3 M 178
================================================================================
AV 47.0 30.7 12.2 FASTST M M 6 MAX(MPH)
MISC ----> 43 310 51 310
================================================================================
NOTES:
# LAST OF SEVERAL OCCURRENCES
COLUMN 17 PEAK WIND IN M.P.H.
PRELIMINARY LOCAL CLIMATOLOGICAL DATA (WS FORM: F-6) , PAGE 2
STATION: KENNEDY NY
MONTH: FEBRUARY
YEAR: 2023
LATITUDE: 40 39 N
LONGITUDE: 73 47 W
[TEMPERATURE DATA] [PRECIPITATION DATA] SYMBOLS USED IN COLUMN 16
AVERAGE MONTHLY: 38.8 TOTAL FOR MONTH: 1.54 1 = FOG OR MIST
DPTR FM NORMAL: 4.3 DPTR FM NORMAL: -1.22 2 = FOG REDUCING VISIBILITY
HIGHEST: 64 ON 16 GRTST 24HR 0.61 ON 27-28 TO 1/4 MILE OR LESS
LOWEST: 4 ON 4 3 = THUNDER
SNOW, ICE PELLETS, HAIL 4 = ICE PELLETS
TOTAL MONTH: 1.7 INCHES 5 = HAIL
GRTST 24HR 1.0 ON 27-27 6 = FREEZING RAIN OR DRIZZLE
GRTST DEPTH: 2 ON 28 7 = DUSTSTORM OR SANDSTORM:
VSBY 1/2 MILE OR LESS
8 = SMOKE OR HAZE
[NO. OF DAYS WITH] [WEATHER - DAYS WITH] 9 = BLOWING SNOW
X = TORNADO
MAX 32 OR BELOW: 1 0.01 INCH OR MORE: 11
MAX 90 OR ABOVE: 0 0.10 INCH OR MORE: 5
MIN 32 OR BELOW: 17 0.50 INCH OR MORE: 0
MIN 0 OR BELOW: 0 1.00 INCH OR MORE: 0
[HDD (BASE 65) ]
TOTAL THIS MO. 726 CLEAR (SCALE 0-3) 1
DPTR FM NORMAL -127 PTCLDY (SCALE 4-7) 21
TOTAL FM JUL 1 2989 CLOUDY (SCALE 8-10) 6
DPTR FM NORMAL -522
[CDD (BASE 65) ]
TOTAL THIS MO. 0
DPTR FM NORMAL 0 [PRESSURE DATA]
TOTAL FM JAN 1 0 HIGHEST SLP 30.68 ON 4
DPTR FM NORMAL 0 LOWEST SLP 29.47 ON 17
[REMARKS]
#FINAL-02-23#