000
CXUS51 KOKX 011010
CF6JFK
PRELIMINARY LOCAL CLIMATOLOGICAL DATA (WS FORM: F-6)
STATION: KENNEDY NY
MONTH: JANUARY
YEAR: 2023
LATITUDE: 40 39 N
LONGITUDE: 73 47 W
TEMPERATURE IN F: :PCPN: SNOW: WIND :SUNSHINE: SKY :PK WND
================================================================================
1 2 3 4 5 6A 6B 7 8 9 10 11 12 13 14 15 16 17 18
12Z AVG MX 2MIN
DY MAX MIN AVG DEP HDD CDD WTR SNW DPTH SPD SPD DIR MIN PSBL S-S WX SPD DR
================================================================================
1 56 42 49 14 16 0 T 0.0 0 10.1 18 300 M M 6 12 23 330
2 55 39 47 13 18 0 0.02 0.0 0 6.4 12 190 M M 8 1 14 190
3 50 46 48 14 17 0 0.36 0.0 0 5.8 13 230 M M 10 12 16 190
4 61 45 53 19 12 0 0.01 0.0 0 6.4 13 200 M M 9 12 15 250
5 51 45 48 14 17 0 0.05 0.0 0 6.3 12 350 M M 10 12 14 350
6 47 39 43 9 22 0 0.25 0.0 0 8.0 17 300 M M 9 1 23 290
7 47 36 42 8 23 0 0.00 0.0 0 12.1 20 330 M M 5 24 300
8 41 32 37 4 28 0 T 0.0 0 9.2 17 350 M M 5 19 350
9 46 37 42 9 23 0 0.02 0.0 0 9.8 18 300 M M 5 23 310
10 41 35 38 5 27 0 0.00 0.0 0 9.6 18 310 M M 8 22 320
11 40 32 36 3 29 0 0.00 0.0 0 7.8 14 50 M M 8 17 60
12 53 36 45 12 20 0 0.27 0.0 0 11.8 29 180 M M 10 13 39 180
13 52 38 45 12 20 0 0.03 0.0 0 18.9 31 180 M M 9 1 39 180
14 38 30 34 1 31 0 T T 0 22.6 32 350 M M 9 40 340
15 39 29 34 1 31 0 T T 0 23.1 30 350 M M 6 38 360
16 48 29 39 7 26 0 0.00 0.0 0 16.6 26 330 M M 5 33 330
17 45 31 38 6 27 0 T 0.0 0 7.2 15 220 M M 8 19 230
18 56 37 47 15 18 0 T 0.0 0 14.2 26 320 M M 6 1 32 320
19 45 37 41 9 24 0 0.96 0.0 0 9.1 25 320 M M 9 13 32 320
20 50 39 45 13 20 0 0.00 0.0 0 14.7 26 270 M M 7 1 33 270
21 43 36 40 8 25 0 T 0.0 0 11.3 23 310 M M 8 27 310
22 40 36 38 6 27 0 0.47 0.0 0 8.3 15 20 M M 10 1 19 30
23 39 35 37 5 28 0 0.24 T 0 17.3 33 310 M M 10 1 39 310
24 48 35 42 10 23 0 0.00 0.0 0 16.1 26 300 M M 7 34 310
25 52 31 42 10 23 0 0.97 0.0 0 12.4 29 110 M M 9 1 39 120
26 52 40 46 14 19 0 0.23 0.0 0 21.5 33 260 M M 8 1 43 260
27 43 32 38 6 27 0 0.00 0.0 0 11.8 21 260 M M 4 26 250
28 53 33 43 11 22 0 0.00 0.0 0 13.0 24 210 M M 6 28 200
29 47 35 41 9 24 0 T 0.0 0 10.3 21 190 M M 7 24 200
30 52 36 44 12 21 0 0.00 0.0 0 6.0 10 250 M M 6 13 250
31 45 31 38 6 27 0 0.03 T 0 10.2 21 350 M M 9 14 26 350
================================================================================
SM 1475 1114 715 0 3.91 T 367.9 M 236
================================================================================
AV 47.6 35.9 11.9 FASTST M M 8 MAX(MPH)
MISC ----> # 33 310 43 260
================================================================================
NOTES:
# LAST OF SEVERAL OCCURRENCES
COLUMN 17 PEAK WIND IN M.P.H.
PRELIMINARY LOCAL CLIMATOLOGICAL DATA (WS FORM: F-6) , PAGE 2
STATION: KENNEDY NY
MONTH: JANUARY
YEAR: 2023
LATITUDE: 40 39 N
LONGITUDE: 73 47 W
[TEMPERATURE DATA] [PRECIPITATION DATA] SYMBOLS USED IN COLUMN 16
AVERAGE MONTHLY: 41.8 TOTAL FOR MONTH: 3.91 1 = FOG OR MIST
DPTR FM NORMAL: 9.0 DPTR FM NORMAL: 0.68 2 = FOG REDUCING VISIBILITY
HIGHEST: 61 ON 4 GRTST 24HR 1.44 ON 25-26 TO 1/4 MILE OR LESS
LOWEST: 29 ON 16,15 3 = THUNDER
SNOW, ICE PELLETS, HAIL 4 = ICE PELLETS
TOTAL MONTH: T 5 = HAIL
GRTST 24HR T ON 14-14 6 = FREEZING RAIN OR DRIZZLE
GRTST DEPTH: 0 7 = DUSTSTORM OR SANDSTORM:
VSBY 1/2 MILE OR LESS
8 = SMOKE OR HAZE
[NO. OF DAYS WITH] [WEATHER - DAYS WITH] 9 = BLOWING SNOW
X = TORNADO
MAX 32 OR BELOW: 0 0.01 INCH OR MORE: 14
MAX 90 OR ABOVE: 0 0.10 INCH OR MORE: 8
MIN 32 OR BELOW: 9 0.50 INCH OR MORE: 2
MIN 0 OR BELOW: 0 1.00 INCH OR MORE: 0
[HDD (BASE 65) ]
TOTAL THIS MO. 715 CLEAR (SCALE 0-3) 0
DPTR FM NORMAL -281 PTCLDY (SCALE 4-7) 16
TOTAL FM JUL 1 2263 CLOUDY (SCALE 8-10) 15
DPTR FM NORMAL -400
[CDD (BASE 65) ]
TOTAL THIS MO. 0
DPTR FM NORMAL 0 [PRESSURE DATA]
TOTAL FM JAN 1 0 HIGHEST SLP M ON M
DPTR FM NORMAL 0 LOWEST SLP 29.41 ON 26
[REMARKS]
#FINAL-01-23#