000
CXUS51 KOKX 010910
CF6JFK
PRELIMINARY LOCAL CLIMATOLOGICAL DATA (WS FORM: F-6)
STATION: KENNEDY NY
MONTH: JUNE
YEAR: 2022
LATITUDE: 40 39 N
LONGITUDE: 73 47 W
TEMPERATURE IN F: :PCPN: SNOW: WIND :SUNSHINE: SKY :PK WND
================================================================================
1 2 3 4 5 6A 6B 7 8 9 10 11 12 13 14 15 16 17 18
12Z AVG MX 2MIN
DY MAX MIN AVG DEP HDD CDD WTR SNW DPTH SPD SPD DIR MIN PSBL S-S WX SPD DR
================================================================================
1 67 59 63 -2 2 0 1.36 0.0 0 9.5 20 130 M M 10 13 25 130
2 75 60 68 2 0 3 0.30 0.0 0 7.9 21 260 M M 8 1 25 280
3 69 61 65 -1 0 0 T 0.0 0 5.6 13 180 M M 8 1 14 180
4 75 57 66 0 0 1 0.00 0.0 0 6.7 21 180 M M 3 26 170
5 74 56 65 -2 0 0 0.00 0.0 0 7.7 14 160 M M 5 19 170
6 77 58 68 1 0 3 0.00 0.0 0 10.0 22 180 M M 3 25 180
7 75 58 67 0 0 2 0.04 0.0 0 16.7 26 170 M M 7 37 160
8 84 67 76 8 0 11 T 0.0 0 11.5 22 190 M M 8 27 190
9 84 64 74 6 0 9 0.60 0.0 0 18.0 30 270 M M 7 123 37 270
10 80 63 72 4 0 7 0.00 0.0 0 11.0 21 180 M M 5 24 260
11 80 65 73 4 0 8 T 0.0 0 8.2 16 210 M M 8 3 20 210
12 72 63 68 -1 0 3 0.15 0.0 0 10.4 22 200 M M 8 1 27 200
13 79 66 73 3 0 8 0.00 0.0 0 7.8 17 190 M M 8 128 21 190
14 80 66 73 3 0 8 0.00 0.0 0 7.9 14 20 M M 8 18 40
15 79 66 73 3 0 8 0.00 0.0 0 10.1 18 140 M M 5 22 140
16 72 64 68 -2 0 3 0.29 0.0 0 14.1 23 170 M M 10 13 28 170
17 94 67 81 10 0 16 0.00 0.0 0 14.6 32 270 M M 6 42 270
18 78 59 69 -2 0 4 0.00 0.0 0 19.4 35 330 M M 5 44 330
19 76 55 66 -6 0 1 0.00 0.0 0 17.3 29 350 M M 4 38 350
20 82 58 70 -2 0 5 0.00 0.0 0 11.3 20 200 M M 6 24 290
21 78 61 70 -2 0 5 0.02 0.0 0 4.8 12 140 M M 8 1 14 140
22 67 61 64 -8 1 0 0.14 0.0 0 10.7 18 150 M M 10 1 24 150
23 74 60 67 -6 0 2 0.00 0.0 0 8.6 15 140 M M 7 22 130
24 76 61 69 -4 0 4 0.00 0.0 0 8.6 21 190 M M 5 25 190
25 88 66 77 4 0 12 0.00 0.0 0 8.2 16 200 M M 3 18 190
26 84 68 76 2 0 11 0.00 0.0 0 13.2 28 180 M M 4 34 180
27 77 69 73 -1 0 8 0.35 0.0 0 8.7 18 190 M M 9 1 23 190
28 80 64 72 -2 0 7 0.00 0.0 0 8.7 17 200 M M 6 21 200
29 83 64 74 0 0 9 0.00 0.0 0 11.3 22 180 M M 4 27 190
30 84 68 76 2 0 11 0.00 0.0 0 9.8 20 190 M M 3 25 180
================================================================================
SM 2343 1874 3 169 3.25 0.0 318.3 M 191
================================================================================
AV 78.1 62.5 10.6 FASTST M M 6 MAX(MPH)
MISC ----> 35 330 44 330
================================================================================
NOTES:
# LAST OF SEVERAL OCCURRENCES
COLUMN 17 PEAK WIND IN M.P.H.
PRELIMINARY LOCAL CLIMATOLOGICAL DATA (WS FORM: F-6) , PAGE 2
STATION: KENNEDY NY
MONTH: JUNE
YEAR: 2022
LATITUDE: 40 39 N
LONGITUDE: 73 47 W
[TEMPERATURE DATA] [PRECIPITATION DATA] SYMBOLS USED IN COLUMN 16
AVERAGE MONTHLY: 70.3 TOTAL FOR MONTH: 3.25 1 = FOG OR MIST
DPTR FM NORMAL: 0.1 DPTR FM NORMAL: -0.60 2 = FOG REDUCING VISIBILITY
HIGHEST: 94 ON 17 GRTST 24HR 1.66 ON 1- 2 TO 1/4 MILE OR LESS
LOWEST: 55 ON 19 3 = THUNDER
SNOW, ICE PELLETS, HAIL 4 = ICE PELLETS
TOTAL MONTH: 0.0 INCH 5 = HAIL
GRTST 24HR 0.0 6 = FREEZING RAIN OR DRIZZLE
GRTST DEPTH: 0 7 = DUSTSTORM OR SANDSTORM:
VSBY 1/2 MILE OR LESS
8 = SMOKE OR HAZE
[NO. OF DAYS WITH] [WEATHER - DAYS WITH] 9 = BLOWING SNOW
X = TORNADO
MAX 32 OR BELOW: 0 0.01 INCH OR MORE: 9
MAX 90 OR ABOVE: 1 0.10 INCH OR MORE: 7
MIN 32 OR BELOW: 0 0.50 INCH OR MORE: 2
MIN 0 OR BELOW: 0 1.00 INCH OR MORE: 1
[HDD (BASE 65) ]
TOTAL THIS MO. 3 CLEAR (SCALE 0-3) 4
DPTR FM NORMAL -18 PTCLDY (SCALE 4-7) 18
TOTAL FM JUL 1 4412 CLOUDY (SCALE 8-10) 8
DPTR FM NORMAL -457
[CDD (BASE 65) ]
TOTAL THIS MO. 169
DPTR FM NORMAL -8 [PRESSURE DATA]
TOTAL FM JAN 1 223 HIGHEST SLP M ON M
DPTR FM NORMAL 14 LOWEST SLP 29.58 ON 17
[REMARKS]
#FINAL-06-22#