158
CXUS51 KOKX 010702
CF6JFK
PRELIMINARY LOCAL CLIMATOLOGICAL DATA (WS FORM: F-6)
STATION: KENNEDY NY
MONTH: OCTOBER
YEAR: 2020
LATITUDE: 40 39 N
LONGITUDE: 73 47 W
TEMPERATURE IN F: :PCPN: SNOW: WIND :SUNSHINE: SKY :PK WND
================================================================================
1 2 3 4 5 6A 6B 7 8 9 10 11 12 13 14 15 16 17 18
12Z AVG MX 2MIN
DY MAX MIN AVG DEP HDD CDD WTR SNW DPTH SPD SPD DIR MIN PSBL S-S WX SPD DR
================================================================================
1 75 60 68 6 0 3 0.00 0.0 0 11.1 21 230 M M 4 8 24 230
2 68 55 62 0 3 0 0.04 0.0 0 9.6 21 300 M M 7 25 310
3 68 51 60 -2 5 0 0.00 0.0 0 8.2 17 230 M M 2 21 220
4 69 47 58 -3 7 0 T 0.0 0 6.9 15 130 M M 5 20 140
5 70 53 62 1 3 0 T 0.0 0 6.7 15 20 M M 5 18 10
6 70 56 63 3 2 0 0.07 0.0 0 9.8 21 220 M M 4 1 25 210
7 78 59 69 9 0 4 T 0.0 0 18.0 29 330 M M 6 38 290
8 67 52 60 0 5 0 0.00 0.0 0 15.4 26 310 M M 2 33 310
9 68 48 58 -1 7 0 0.00 0.0 0 8.1 20 220 M M 3 26 220
10 71 59 65 6 0 0 0.00 0.0 0 12.7 21 220 M M 7 24 220
11 69 57 63 4 2 0 T 0.0 0 11.3 21 80 M M 9 27 70
12 57 50 54 -4 11 0 1.10 0.0 0 15.6 23 50 M M 10 1 29 40
13 61 56 59 1 6 0 0.14 0.0 0 14.7 22 30 M M 9 1 29 30
14 69 51 60 2 5 0 0.00 0.0 0 10.4 20 230 M M 2 23 310
15 70 55 63 6 2 0 0.00 0.0 0 14.8 25 180 M M 6 35 170
16 65 48 57 0 8 0 1.54 0.0 0 11.6 23 320 M M 9 1 26 320
17 62 45 54 -3 11 0 0.15 0.0 0 9.0 20 310 M M 3 1 25 20
18 63 42 53 -3 12 0 0.00 0.0 0 9.0 20 140 M M 5 24 140
19 67 49 58 2 7 0 0.00 0.0 0 7.8 16 140 M M 7 20 140
20 70 57 64 8 1 0 0.03 0.0 0 5.0 10 150 M M 9 128 13 150
21 68 60 64 9 1 0 T 0.0 0 4.4 12 140 M M 9 12 15 140
22 67 60 64 9 1 0 T 0.0 0 3.9 7 150 M M 10 1 12 80
23 68 61 65 10 0 0 0.01 0.0 0 5.7 13 140 M M 9 12 15 140
24 70 50 60 6 5 0 0.00 0.0 0 10.1 20 340 M M 9 24 360
25 54 44 49 -5 16 0 0.02 0.0 0 9.8 18 360 M M 9 1 22 80
26 59 51 55 1 10 0 0.11 0.0 0 8.1 18 80 M M 10 12 24 90
27 60 54 57 4 8 0 T 0.0 0 6.7 20 350 M M 9 12 22 360
28 58 52 55 2 10 0 0.10 0.0 0 5.8 10 240 M M 9 1 12 280
29 57 46 52 -1 13 0 1.19 0.0 0 13.4 28 30 M M 10 1 36 30
30 46 36 41 -11 24 0 0.48 0.0 0 15.9 29 20 M M 8 1 39 20
31 47 32 40 -12 25 0 0.00 0.0 0 6.9 15 240 M M 4 17 240
================================================================================
SM 2011 1596 210 7 4.98 0.0 306.4 M 210
================================================================================
AV 64.9 51.5 9.9 FASTST M M 7 MAX(MPH)
MISC ----> # 29 330 # 39 20
================================================================================
NOTES:
# LAST OF SEVERAL OCCURRENCES
COLUMN 17 PEAK WIND IN M.P.H.
PRELIMINARY LOCAL CLIMATOLOGICAL DATA (WS FORM: F-6) , PAGE 2
STATION: KENNEDY NY
MONTH: OCTOBER
YEAR: 2020
LATITUDE: 40 39 N
LONGITUDE: 73 47 W
[TEMPERATURE DATA] [PRECIPITATION DATA] SYMBOLS USED IN COLUMN 16
AVERAGE MONTHLY: 58.2 TOTAL FOR MONTH: 4.98 1 = FOG OR MIST
DPTR FM NORMAL: 1.2 DPTR FM NORMAL: 1.36 2 = FOG REDUCING VISIBILITY
HIGHEST: 78 ON 7 GRTST 24HR 1.54 ON 16-16 TO 1/4 MILE OR LESS
LOWEST: 32 ON 31 3 = THUNDER
SNOW, ICE PELLETS, HAIL 4 = ICE PELLETS
TOTAL MONTH: 0.0 INCH 5 = HAIL
GRTST 24HR 0.0 6 = FREEZING RAIN OR DRIZZLE
GRTST DEPTH: 0 7 = DUSTSTORM OR SANDSTORM:
VSBY 1/2 MILE OR LESS
8 = SMOKE OR HAZE
[NO. OF DAYS WITH] [WEATHER - DAYS WITH] 9 = BLOWING SNOW
X = TORNADO
MAX 32 OR BELOW: 0 0.01 INCH OR MORE: 13
MAX 90 OR ABOVE: 0 0.10 INCH OR MORE: 8
MIN 32 OR BELOW: 1 0.50 INCH OR MORE: 3
MIN 0 OR BELOW: 0 1.00 INCH OR MORE: 3
[HDD (BASE 65) ]
TOTAL THIS MO. 210 CLEAR (SCALE 0-3) 4
DPTR FM NORMAL -50 PTCLDY (SCALE 4-7) 12
TOTAL FM JUL 1 242 CLOUDY (SCALE 8-10) 15
DPTR FM NORMAL -57
[CDD (BASE 65) ]
TOTAL THIS MO. 7
DPTR FM NORMAL -7 [PRESSURE DATA]
TOTAL FM JAN 1 1175 HIGHEST SLP M ON M
DPTR FM NORMAL 170 LOWEST SLP 29.53 ON 29
[REMARKS]
#FINAL-10-20#