000
CXUS51 KOKX 011010
CF6JFK
PRELIMINARY LOCAL CLIMATOLOGICAL DATA (WS FORM: F-6)
STATION: KENNEDY NY
MONTH: NOVEMBER
YEAR: 2023
LATITUDE: 40 39 N
LONGITUDE: 73 47 W
TEMPERATURE IN F: :PCPN: SNOW: WIND :SUNSHINE: SKY :PK WND
================================================================================
1 2 3 4 5 6A 6B 7 8 9 10 11 12 13 14 15 16 17 18
12Z AVG MX 2MIN
DY MAX MIN AVG DEP HDD CDD WTR SNW DPTH SPD SPD DIR MIN PSBL S-S WX SPD DR
================================================================================
1 50 38 44 -8 21 0 0.02 0.0 0 13.4 25 320 M M 7 31 320
2 50 34 42 -9 23 0 0.00 0.0 0 9.1 16 230 M M 2 19 220
3 55 39 47 -4 18 0 0.00 0.0 0 12.1 21 190 M M 2 26 190
4 58 44 51 1 14 0 0.00 0.0 0 7.6 15 230 M M 7 18 230
5 65 43 54 4 11 0 0.00 0.0 0 6.0 18 350 M M 6 22 350
6 56 43 50 0 15 0 0.00 0.0 0 8.0 18 180 M M 6 8 23 190
7 63 53 58 8 7 0 0.01 0.0 0 10.9 26 330 M M 6 33 320
8 53 40 47 -2 18 0 0.00 0.0 0 12.3 28 330 M M 5 34 320
9 59 38 49 0 16 0 T 0.0 0 6.8 17 170 M M 8 22 180
10 53 42 48 0 17 0 0.00 0.0 0 10.7 20 240 M M 7 21 240
11 56 39 48 0 17 0 0.00 0.0 0 10.8 20 330 M M 3 24 330
12 46 35 41 -7 24 0 0.00 0.0 0 7.4 16 20 M M 3 19 20
13 48 31 40 -8 25 0 0.00 0.0 0 6.0 15 250 M M 3 18 250
14 55 39 47 0 18 0 0.00 0.0 0 13.5 26 330 M M 3 33 310
15 50 34 42 -5 23 0 0.00 0.0 0 7.8 20 220 M M 5 28 210
16 62 41 52 5 13 0 0.00 0.0 0 8.0 14 240 M M 4 17 240
17 63 43 53 7 12 0 0.00 0.0 0 11.7 22 180 M M 6 26 180
18 59 40 50 4 15 0 T 0.0 0 14.0 25 330 M M 5 31 330
19 55 38 47 1 18 0 0.00 0.0 0 11.9 24 330 M M 1 31 350
20 46 34 40 -5 25 0 0.00 0.0 0 9.6 17 350 M M 4 21 350
21 48 32 40 -5 25 0 0.46 0.0 0 15.6 29 110 M M 9 1 41 110
22 59 48 54 9 11 0 0.74 0.0 0 13.2 35 110 M M 9 12 46 110
23 53 45 49 5 16 0 0.00 0.0 0 14.3 29 310 M M 4 34 330
24 52 32 42 -2 23 0 0.00 0.0 0 14.9 32 330 M M 7 39 330
25 41 27 34 -10 31 0 0.00 0.0 0 6.5 15 340 M M 4 19 350
26 55 29 42 -2 23 0 0.34 0.0 0 11.8 32 130 M M 8 1 40 120
27 55 37 46 3 19 0 0.02 0.0 0 16.1 26 200 M M 5 1 35 220
28 41 31 36 -7 29 0 T T 0 17.6 30 300 M M 3 38 270
29 36 26 31 -12 34 0 0.00 0.0 0 14.4 20 260 M M 5 26 250
30 49 32 41 -1 24 0 0.00 0.0 0 10.9 17 220 M M 5 22 210
================================================================================
SM 1591 1127 585 0 1.59 T 332.9 M 152
================================================================================
AV 53.0 37.6 11.1 FASTST M M 5 MAX(MPH)
MISC ----> 35 110 46 110
================================================================================
NOTES:
# LAST OF SEVERAL OCCURRENCES
COLUMN 17 PEAK WIND IN M.P.H.
PRELIMINARY LOCAL CLIMATOLOGICAL DATA (WS FORM: F-6) , PAGE 2
STATION: KENNEDY NY
MONTH: NOVEMBER
YEAR: 2023
LATITUDE: 40 39 N
LONGITUDE: 73 47 W
[TEMPERATURE DATA] [PRECIPITATION DATA] SYMBOLS USED IN COLUMN 16
AVERAGE MONTHLY: 45.3 TOTAL FOR MONTH: 1.59 1 = FOG OR MIST
DPTR FM NORMAL: -1.5 DPTR FM NORMAL: -1.48 2 = FOG REDUCING VISIBILITY
HIGHEST: 65 ON 5 GRTST 24HR 1.20 ON 21-22 TO 1/4 MILE OR LESS
LOWEST: 26 ON 29 3 = THUNDER
SNOW, ICE PELLETS, HAIL 4 = ICE PELLETS
TOTAL MONTH: T 5 = HAIL
GRTST 24HR T ON 28-28 6 = FREEZING RAIN OR DRIZZLE
GRTST DEPTH: 0 7 = DUSTSTORM OR SANDSTORM:
VSBY 1/2 MILE OR LESS
8 = SMOKE OR HAZE
[NO. OF DAYS WITH] [WEATHER - DAYS WITH] 9 = BLOWING SNOW
X = TORNADO
MAX 32 OR BELOW: 0 0.01 INCH OR MORE: 6
MAX 90 OR ABOVE: 0 0.10 INCH OR MORE: 3
MIN 32 OR BELOW: 8 0.50 INCH OR MORE: 1
MIN 0 OR BELOW: 0 1.00 INCH OR MORE: 0
[HDD (BASE 65) ]
TOTAL THIS MO. 585 CLEAR (SCALE 0-3) 5
DPTR FM NORMAL 39 PTCLDY (SCALE 4-7) 22
TOTAL FM JUL 1 802 CLOUDY (SCALE 8-10) 3
DPTR FM NORMAL -34
[CDD (BASE 65) ]
TOTAL THIS MO. 0
DPTR FM NORMAL 0 [PRESSURE DATA]
TOTAL FM JAN 1 1058 HIGHEST SLP M ON M
DPTR FM NORMAL 42 LOWEST SLP 29.56 ON 27
[REMARKS]
#FINAL-11-23#