000
CXUS53 KJKL 011310
CF6JKL
PRELIMINARY LOCAL CLIMATOLOGICAL DATA (WS FORM: F-6)
STATION: JACKSON KY
MONTH: AUGUST
YEAR: 2022
LATITUDE: 37 35 N
LONGITUDE: 83 19 W
TEMPERATURE IN F: :PCPN: SNOW: WIND :SUNSHINE: SKY :PK WND
================================================================================
1 2 3 4 5 6A 6B 7 8 9 10 11 12 13 14 15 16 17 18
12Z AVG MX 2MIN
DY MAX MIN AVG DEP HDD CDD WTR SNW DPTH SPD SPD DIR MIN PSBL S-S WX SPD DR
================================================================================
1 84 71 78 2 0 13 0.11 0.0 0 3.0 8 220 M M 7 1 18 280
2 87 72 80 4 0 15 0.00 0.0 0 2.1 10 310 M M 5 15 310
3 89 70 80 4 0 15 0.00 0.0 0 1.2 9 170 M M 1 1 16 160
4 86 70 78 2 0 13 0.15 0.0 0 1.8 12 300 M M 1 13 20 310
5 80 70 75 -1 0 10 0.54 0.0 0 1.9 7 320 M M 3 13 14 260
6 85 69 77 1 0 12 0.42 0.0 0 1.5 15 320 M M 5 123 26 320
7 85 68 77 1 0 12 0.35 0.0 0 0.9 13 300 M M 2 13 23 260
8 89 68 79 4 0 14 0.00 0.0 0 1.2 7 160 M M 1 1 11 190
9 89 73 81 6 0 16 0.00 0.0 0 1.9 9 290 M M 1 16 280
10 87 69 78 3 0 13 1.13 0.0 0 1.2 14 270 M M 4 123 29 300
11 83 69 76 1 0 11 0.07 0.0 0 1.5 8 330 M M 6 12 13 10
12 79 64 72 -3 0 7 0.00 0.0 0 0.0 6 340 M M 4 11 320
13 82 59 71 -4 0 6 0.00 0.0 0 0.9 7 170 M M 1 11 180
14 82 64 73 -2 0 8 0.15 0.0 0 1.0 8 190 M M 5 13 15 170
15 76 68 72 -3 0 7 0.00 0.0 0 0.3 7 340 M M 7 12 12 10
16 78 63 71 -4 0 6 0.07 0.0 0 0.1 6 150 M M 2 1 8 160
17 79 63 71 -4 0 6 0.00 0.0 0 0.0 6 140 M M 4 12 11 140
18 82 60 71 -4 0 6 0.00 0.0 0 0.3 5 80 M M 1 12 8 70
19 85 63 74 -1 0 9 0.00 0.0 0 1.1 8 150 M M 1 13 150
20 83 67 75 0 0 10 T 0.0 0 1.2 8 170 M M 2 14 170
21 80 70 75 0 0 10 T 0.0 0 1.2 7 170 M M 5 3 11 170
22 83 68 76 1 0 11 T 0.0 0 2.3 9 310 M M 5 1 16 340
23 82 62 72 -2 0 7 0.00 0.0 0 0.0 5 290 M M 2 12 8 140
24 85 63 74 0 0 9 0.00 0.0 0 0.4 6 150 M M 0 1 9 140
25 87 63 75 1 0 10 0.00 0.0 0 0.8 7 99 M M 1 12 M M
26 87 65 76 2 0 11 0.37 0.0 0 1.1 7 160 M M 3 13 11 220
27 85 65 75 1 0 10 0.00 0.0 0 0.3 5 140 M M 5 12 9 130
28 90 68 79 5 0 14 0.00 0.0 0 2.7 8 170 M M 0 1 12 160
29 90 73 82 8 0 17 0.00 0.0 0 1.9 9 170 M M 1 3 15 170
30 82 67 75 1 0 10 0.29 0.0 0 2.8 12 310 M M 4 13 18 300
31 82 61 72 -1 0 7 0.00 0.0 0 1.6 7 290 M M 2 12 10 310
================================================================================
SM 2603 2065 0 325 3.65 0.0 38.2 M 91
================================================================================
AV 84.0 66.6 1.2 FASTST M M 3 MAX(MPH)
MISC ----> 15 320 29 300
================================================================================
NOTES:
# LAST OF SEVERAL OCCURRENCES
COLUMN 17 PEAK WIND IN M.P.H.
PRELIMINARY LOCAL CLIMATOLOGICAL DATA (WS FORM: F-6) , PAGE 2
STATION: JACKSON KY
MONTH: AUGUST
YEAR: 2022
LATITUDE: 37 35 N
LONGITUDE: 83 19 W
[TEMPERATURE DATA] [PRECIPITATION DATA] SYMBOLS USED IN COLUMN 16
AVERAGE MONTHLY: 75.3 TOTAL FOR MONTH: 3.65 1 = FOG OR MIST
DPTR FM NORMAL: 0.4 DPTR FM NORMAL: -0.61 2 = FOG REDUCING VISIBILITY
HIGHEST: 90 ON 29,28 GRTST 24HR 1.66 ON 31- 1 TO 1/4 MILE OR LESS
LOWEST: 59 ON 13 3 = THUNDER
SNOW, ICE PELLETS, HAIL 4 = ICE PELLETS
TOTAL MONTH: 0.0 INCH 5 = HAIL
GRTST 24HR 0.0 6 = FREEZING RAIN OR DRIZZLE
GRTST DEPTH: 0 7 = DUSTSTORM OR SANDSTORM:
VSBY 1/2 MILE OR LESS
8 = SMOKE OR HAZE
[NO. OF DAYS WITH] [WEATHER - DAYS WITH] 9 = BLOWING SNOW
X = TORNADO
MAX 32 OR BELOW: 0 0.01 INCH OR MORE: 11
MAX 90 OR ABOVE: 2 0.10 INCH OR MORE: 9
MIN 32 OR BELOW: 0 0.50 INCH OR MORE: 2
MIN 0 OR BELOW: 0 1.00 INCH OR MORE: 1
[HDD (BASE 65) ]
TOTAL THIS MO. 0 CLEAR (SCALE 0-3) 18
DPTR FM NORMAL -1 PTCLDY (SCALE 4-7) 13
TOTAL FM JUL 1 0 CLOUDY (SCALE 8-10) 0
DPTR FM NORMAL 0
[CDD (BASE 65) ]
TOTAL THIS MO. 325
DPTR FM NORMAL 19 [PRESSURE DATA]
TOTAL FM JAN 1 1214 HIGHEST SLP 30.26 ON 6
DPTR FM NORMAL 180 LOWEST SLP 29.85 ON 15
[REMARKS]
#FINAL-08-22#