000
CXUS53 KJKL 071344
CLSJKL
CLIMATE REPORT
NATIONAL WEATHER SERVICE JACKSON KY
844 AM EST THU MAR 07 2024
...................................
...THE JACKSON KY CLIMATE SUMMARY FOR THE SEASON, FROM
12/1/2023 TO 2/29/2024...
CLIMATE NORMAL PERIOD 1991 TO 2020
CLIMATE RECORD PERIOD 1981 TO 2024
WEATHER OBSERVED NORMAL DEPART LAST YEAR`S
VALUE DATE(S) VALUE FROM VALUE DATE(S)
NORMAL
................................................................
TEMPERATURE (F)
RECORD
HIGH 80 02/23/2018
02/21/2018
02/20/2018
LOW -18 01/19/1994
01/21/1985
01/20/1985
HIGHEST 72 02/26 MM MM 80 02/22
LOWEST 2 01/17 MM MM -3 12/23
01/21
AVG. MAXIMUM 50.5 46.9 3.6 52.5
AVG. MINIMUM 33.7 29.9 3.8 36.0
MEAN 42.1 38.4 3.7 44.3
DAYS MAX >= 90 0 0.0 0.0 0
DAYS MAX <= 32 8 14.2 -6.2 5
DAYS MIN <= 32 43 54.8 -11.8 37
DAYS MIN <= 0 0 0.5 -0.5 2
PRECIPITATION (INCHES)
RECORD
MAXIMUM 20.60 2019
MINIMUM 6.06 2007
TOTALS 12.83 12.49 0.34 13.09
DAILY AVG. 0.14 0.14 0.0 0.15
DAYS >= .01 43 42.1 0.9 40
DAYS >= .10 27 24.9 2.1 24
DAYS >= .50 8 8.2 -0.2 9
DAYS >= 1.00 3 3.0 0.0 2
GREATEST
24 HR. TOTAL 1.92 02/12 TO 02/13 3.84
SNOWFALL (INCHES)
RECORDS
TOTAL 50.3 2010
24 HR TOTAL 15.7 01/22/2016 TO 01/22/2016
TOTALS 15.4 18.2 -2.8 3.1
SINCE 7/1 15.4 19.0 -3.6 3.1
SNOWDEPTH AVG. 0 T
DAYS >= 1.0 4 5.6 -1.6 1
GREATEST
24 HR TOTAL 6.5 01/14 TO 01/15 1.1
DEGREE DAYS
HEATING TOTAL 2066 2400 -334 1858
SINCE 7/1 2713 3228 -515 2636
COOLING TOTAL 0 1 -1 3
SINCE 1/1 0 1 -1 3
................................................................
WIND (MPH)
AVERAGE WIND SPEED 4.6
RESULTANT WIND SPEED/DIRECTION 1/200
HIGHEST WIND SPEED/DIRECTION 22/220 DATE 01/09
HIGHEST GUST SPEED/DIRECTION 44/240 DATE 01/13
SKY COVER
POSSIBLE SUNSHINE (PERCENT) MM
NUMBER OF DAYS FAIR 35
NUMBER OF DAYS PC 23
NUMBER OF DAYS CLOUDY 33
AVERAGE RH (PERCENT) 67
WEATHER CONDITIONS. NUMBER OF DAYS WITH
THUNDERSTORM 4 MIXED PRECIP 1
HEAVY RAIN 11 RAIN 22
LIGHT RAIN 41 FREEZING RAIN 0
LT FREEZING RAIN 2 HAIL 0
HEAVY SNOW 1 SNOW 4
LIGHT SNOW 24 SLEET 2
FOG 48 FOG W/VIS <= 1/4 MILE 19
HAZE 1
- INDICATES NEGATIVE NUMBERS.
R INDICATES RECORD WAS SET OR TIED.
MM INDICATES DATA IS MISSING.
T INDICATES TRACE AMOUNT.
$$
CARICO