000
CXUS53 KSGF 010710
CF6JLN
PRELIMINARY LOCAL CLIMATOLOGICAL DATA (WS FORM: F-6)
STATION: JOPLIN MO
MONTH: SEPTEMBER
YEAR: 2021
LATITUDE: 37 10 N
LONGITUDE: 94 30 W
TEMPERATURE IN F: :PCPN: SNOW: WIND :SUNSHINE: SKY :PK WND
================================================================================
1 2 3 4 5 6A 6B 7 8 9 10 11 12 13 14 15 16 17 18
12Z AVG MX 2MIN
DY MAX MIN AVG DEP HDD CDD WTR SNW DPTH SPD SPD DIR MIN PSBL S-S WX SPD DR
================================================================================
1 88 69 79 3 0 14 0.00 M M 4.9 13 50 M M 2 18 40
2 92 71 82 6 0 17 0.00 M M 8.9 15 120 M M 2 24 140
3 94 73 84 9 0 19 0.09 M M 8.6 16 190 M M 4 13 24 200
4 86 70 78 3 0 13 0.05 M M 6.7 20 350 M M 7 18 26 340
5 86 63 75 0 0 10 0.00 M M 4.9 14 10 M M 3 1 19 20
6 91 59 75 1 0 10 0.00 M M 5.0 12 240 M M 0 16 250
7 94 67 81 7 0 16 0.00 M M 10.6 24 230 M M 1 31 220
8 87 59 73 -1 0 8 0.00 M M 7.3 22 360 M M 1 32 360
9 89 55 72 -1 0 7 0.00 M M 4.2 12 180 M M 2 1 15 180
10 93 65 79 6 0 14 0.00 M M 11.3 21 220 M M 0 28 190
11 95 73 84 12 0 19 0.00 M M 15.3 25 220 M M 0 34 210
12 91 70 81 9 0 16 0.00 M M 11.7 20 210 M M 0 27 200
13 94 63 79 7 0 14 0.00 M M 11.5 21 220 M M 1 8 29 210
14 92 72 82 11 0 17 0.00 M M 10.6 18 230 M M 3 25 210
15 85 64 75 4 0 10 0.99 M M 6.9 25 310 M M 4 13 34 310
16 91 68 80 9 0 15 0.00 M M 7.7 12 150 M M 1 23 180
17 89 66 78 8 0 13 0.00 M M 5.3 15 30 M M 2 21 20
18 90 62 76 6 0 11 0.00 M M 4.6 16 30 M M 2 1 21 30
19 89 68 79 10 0 14 0.00 M M 7.6 14 160 M M 2 20 160
20 93 65 79 10 0 14 1.15 M M 13.0 28 200 M M 4 138 35 200
21 74 55 65 -4 0 0 0.62 M M 10.5 23 360 M M 5 13 33 360
22 73 49 61 -7 4 0 0.00 M M 5.2 17 340 M M 0 24 360
23 78 45 62 -6 3 0 0.00 M M 2.7 9 160 M M 0 12 220
24 81 56 69 1 0 4 0.00 M M 10.3 24 200 M M 4 32 210
25 79 52 66 -1 0 1 0.00 M M 4.4 12 40 M M 0 18 20
26 88 59 74 7 0 9 0.00 M M 13.5 25 200 M M 0 36 220
27 87 66 77 11 0 12 0.00 M M 12.2 23 210 M M 1 30 200
28 86 62 74 8 0 9 0.00 M M 8.1 16 160 M M 2 23 210
29 82 67 75 9 0 10 0.00 M M 6.5 13 160 M M 2 18 120
30 85 65 75 10 0 10 0.18 M M 4.5 16 90 M M 5 13 25 90
================================================================================
SM 2622 1898 7 326 3.08 M 244.5 M 60
================================================================================
AV 87.4 63.3 8.1 FASTST M M 2 MAX(MPH)
MISC ----> 28 200 36 220
================================================================================
NOTES:
# LAST OF SEVERAL OCCURRENCES
COLUMN 17 PEAK WIND IN M.P.H.
PRELIMINARY LOCAL CLIMATOLOGICAL DATA (WS FORM: F-6) , PAGE 2
STATION: JOPLIN MO
MONTH: SEPTEMBER
YEAR: 2021
LATITUDE: 37 10 N
LONGITUDE: 94 30 W
[TEMPERATURE DATA] [PRECIPITATION DATA] SYMBOLS USED IN COLUMN 16
AVERAGE MONTHLY: 75.3 TOTAL FOR MONTH: 3.08 1 = FOG OR MIST
DPTR FM NORMAL: 4.6 DPTR FM NORMAL: -1.10 2 = FOG REDUCING VISIBILITY
HIGHEST: 95 ON 11 GRTST 24HR 1.77 ON 20-21 TO 1/4 MILE OR LESS
LOWEST: 45 ON 23 3 = THUNDER
SNOW, ICE PELLETS, HAIL 4 = ICE PELLETS
TOTAL MONTH: M 5 = HAIL
GRTST 24HR M ON M 6 = FREEZING RAIN OR DRIZZLE
GRTST DEPTH: M ON M 7 = DUSTSTORM OR SANDSTORM:
VSBY 1/2 MILE OR LESS
8 = SMOKE OR HAZE
[NO. OF DAYS WITH] [WEATHER - DAYS WITH] 9 = BLOWING SNOW
X = TORNADO
MAX 32 OR BELOW: 0 0.01 INCH OR MORE: 6
MAX 90 OR ABOVE: 12 0.10 INCH OR MORE: 4
MIN 32 OR BELOW: 0 0.50 INCH OR MORE: 3
MIN 0 OR BELOW: 0 1.00 INCH OR MORE: 1
[HDD (BASE 65) ]
TOTAL THIS MO. 7 CLEAR (SCALE 0-3) 22
DPTR FM NORMAL -29 PTCLDY (SCALE 4-7) 8
TOTAL FM JUL 1 7 CLOUDY (SCALE 8-10) 0
DPTR FM NORMAL -28
[CDD (BASE 65) ]
TOTAL THIS MO. 326
DPTR FM NORMAL 119 [PRESSURE DATA]
TOTAL FM JAN 1 1724 HIGHEST SLP M ON M
DPTR FM NORMAL 128 LOWEST SLP 29.71 ON 20
[REMARKS]
#FINAL-09-21#