000
CXUS53 KBIS 011922
CF6JMS
PRELIMINARY LOCAL CLIMATOLOGICAL DATA (WS FORM: F-6)
STATION: JAMESTOWN ND
MONTH: MAY
YEAR: 2023
LATITUDE: 46 55 N
LONGITUDE: 98 40 W
TEMPERATURE IN F: :PCPN: SNOW: WIND :SUNSHINE: SKY :PK WND
================================================================================
1 2 3 4 5 6A 6B 7 8 9 10 11 12 13 14 15 16 17 18
12Z AVG MX 2MIN
DY MAX MIN AVG DEP HDD CDD WTR SNW DPTH SPD SPD DIR MIN PSBL S-S WX SPD DR
================================================================================
1 53 31 42 -6 23 0 0.00 M M 15.2 28 10 M M 1 42 360
2 64 28 46 -3 19 0 0.00 M M 7.3 15 10 M M 0 23 330
3 77 35 56 7 9 0 0.00 M M 6.8 17 240 M M 0 25 220
4 72 37 55 5 10 0 0.00 M M 8.7 17 20 M M 0 22 10
5 71 37 54 4 11 0 0.00 M M 11.4 23 70 M M 0 33 90
6 57 45 51 1 14 0 1.09 M M 14.2 22 60 M M 8 1 29 60
7 52 48 50 -1 15 0 0.45 M M 10.6 18 350 M M 10 1 24 350
8 62 46 54 3 11 0 0.00 M M 7.4 16 270 M M 8 1 21 270
9 69 41 55 3 10 0 T M M 9.4 23 140 M M 3 123 29 150
10 79 54 67 15 0 2 0.53 M M 12.2 25 170 M M 3 13 32 170
11 80 49 65 12 0 0 0.00 M M 7.9 21 90 M M 0 12 27 110
12 79 57 68 15 0 3 1.55 M M 9.0 24 40 M M 5 138 36 40
13 64 57 61 7 4 0 0.07 M M 11.4 23 60 M M 10 1 28 60
14 74 50 62 8 3 0 0.00 M M 6.2 16 60 M M 1 24 50
15 78 50 64 10 1 0 0.00 M M 6.5 14 280 M M 0 21 310
16 78 54 66 11 0 1 0.00 M M 8.3 20 320 M M 0 25 330
17 82 50 66 11 0 1 0.00 M M 9.7 26 350 M M 4 138 34 340
18 57 42 50 -6 15 0 0.00 M M 14.3 28 330 M M 8 18 39 310
19 67 42 55 -1 10 0 0.00 M M 14.6 31 10 M M 4 42 360
20 77 44 61 5 4 0 0.00 M M 9.2 18 210 M M 0 27 200
21 80 47 64 7 1 0 0.00 M M 5.2 13 60 M M 0 17 50
22 83 50 67 10 0 2 0.00 M M 8.6 16 170 M M 0 25 170
23 90 59 75 17 0 10 0.00 M M 12.1 24 120 M M 2 3 36 120
24 82 63 73 15 0 8 0.00 M M 16.1 25 110 M M 1 8 35 130
25 86 56 71 13 0 6 0.00 M M 15.0 29 180 M M 1 35 180
26 85 60 73 14 0 8 0.00 M M 16.5 32 180 M M 0 44 180
27 85 61 73 14 0 8 0.00 M M 17.7 30 190 M M 2 39 180
28 86 60 73 13 0 8 0.00 M M 14.2 26 170 M M 1 36 180
29 85 59 72 12 0 7 0.07 M M 9.7 33 290 M M 6 13 44 290
30 82 53 68 8 0 3 T M M 7.0 16 290 M M 1 26 290
31 86 56 71 10 0 6 0.00 M M 6.8 23 300 M M 2 3 36 230
================================================================================
SM 2322 1521 160 73 3.76 M 329.2 M 81
================================================================================
AV 74.9 49.1 10.6 FASTST M M 3 MAX(MPH)
MISC ----> 33 290 # 44 180
================================================================================
NOTES:
# LAST OF SEVERAL OCCURRENCES
COLUMN 17 PEAK WIND IN M.P.H.
PRELIMINARY LOCAL CLIMATOLOGICAL DATA (WS FORM: F-6) , PAGE 2
STATION: JAMESTOWN ND
MONTH: MAY
YEAR: 2023
LATITUDE: 46 55 N
LONGITUDE: 98 40 W
[TEMPERATURE DATA] [PRECIPITATION DATA] SYMBOLS USED IN COLUMN 16
AVERAGE MONTHLY: 62.0 TOTAL FOR MONTH: 3.76 1 = FOG OR MIST
DPTR FM NORMAL: 7.3 DPTR FM NORMAL: 0.50 2 = FOG REDUCING VISIBILITY
HIGHEST: 90 ON 23 GRTST 24HR 1.62 ON 12-13 TO 1/4 MILE OR LESS
LOWEST: 28 ON 2 3 = THUNDER
SNOW, ICE PELLETS, HAIL 4 = ICE PELLETS
TOTAL MONTH: M 5 = HAIL
GRTST 24HR M ON M 6 = FREEZING RAIN OR DRIZZLE
GRTST DEPTH: M ON M 7 = DUSTSTORM OR SANDSTORM:
VSBY 1/2 MILE OR LESS
8 = SMOKE OR HAZE
[NO. OF DAYS WITH] [WEATHER - DAYS WITH] 9 = BLOWING SNOW
X = TORNADO
MAX 32 OR BELOW: 0 0.01 INCH OR MORE: 6
MAX 90 OR ABOVE: 1 0.10 INCH OR MORE: 4
MIN 32 OR BELOW: 2 0.50 INCH OR MORE: 3
MIN 0 OR BELOW: 0 1.00 INCH OR MORE: 2
[HDD (BASE 65) ]
TOTAL THIS MO. 160 CLEAR (SCALE 0-3) 21
DPTR FM NORMAL -175 PTCLDY (SCALE 4-7) 7
TOTAL FM JUL 1 9382 CLOUDY (SCALE 8-10) 3
DPTR FM NORMAL 453
[CDD (BASE 65) ]
TOTAL THIS MO. 73
DPTR FM NORMAL 57 [PRESSURE DATA]
TOTAL FM JAN 1 73 HIGHEST SLP 30.54 ON 14
DPTR FM NORMAL 57 LOWEST SLP 29.65 ON 29
[REMARKS]
#FINAL-05-23#