000
CXUS53 KBIS 021955
CF6JMS
PRELIMINARY LOCAL CLIMATOLOGICAL DATA (WS FORM: F-6)
STATION: JAMESTOWN ND
MONTH: JANUARY
YEAR: 2022
LATITUDE: 46 55 N
LONGITUDE: 98 40 W
TEMPERATURE IN F: :PCPN: SNOW: WIND :SUNSHINE: SKY :PK WND
================================================================================
1 2 3 4 5 6A 6B 7 8 9 10 11 12 13 14 15 16 17 18
12Z AVG MX 2MIN
DY MAX MIN AVG DEP HDD CDD WTR SNW DPTH SPD SPD DIR MIN PSBL S-S WX SPD DR
================================================================================
1 -11 -25 -18 -29 83 0 0.00 M M 8.3 16 300 M M 0 19 300
2 21 -24 -1 -12 66 0 0.00 M M 8.0 17 270 M M 1 23 270
3 22 0 11 0 54 0 0.00 M M 9.7 20 270 M M 4 18 25 270
4 6 0 3 -8 62 0 0.06 M M 18.2 33 330 M M 9 18 43 330
5 2 -16 -7 -18 72 0 T M M 22.4 32 330 M M 10 8 42 330
6 -15 -23 -19 -29 84 0 0.00 M M 9.9 22 320 M M 4 8 28 320
7 16 -23 -3 -13 68 0 0.00 M M 15.3 28 170 M M 5 18 38 180
8 19 -5 7 -3 58 0 0.00 M M 22.0 36 310 M M 5 8 45 300
9 1 -9 -4 -14 69 0 T M M 10.8 24 310 M M 3 8 33 300
10 8 -9 0 -10 65 0 0.00 M M 8.5 17 150 M M 4 24 150
11 39 2 21 11 44 0 0.00 M M 15.8 33 310 M M 1 43 300
12 38 18 28 18 37 0 0.00 M M 6.0 16 300 M M 3 18 20 300
13 34 13 24 14 41 0 0.24 M M 11.7 21 320 M M 8 1 27 320
14 15 -1 7 -3 58 0 0.00 M M 12.5 22 10 M M 8 1 28 60
15 29 -3 13 3 52 0 0.00 M M 12.4 24 200 M M 5 33 200
16 34 29 32 22 33 0 0.00 M M 12.7 26 320 M M 6 35 310
17 33 21 27 17 38 0 0.00 M M 6.8 14 90 M M 7 1 18 90
18 36 -3 17 7 48 0 0.00 M M 25.4 47 320 M M 7 1289 62 320
19 -3 -13 -8 -18 73 0 0.00 M M 17.9 32 320 M M 1 89 41 320
20 3 -22 -9 -19 74 0 0.00 M M 10.7 25 170 M M 0 8 32 190
21 37 2 20 10 45 0 0.04 M M 24.7 40 310 M M 7 89 52 320
22 9 -7 1 -9 64 0 0.00 M M 10.5 25 330 M M 6 8 35 330
23 33 -12 11 1 54 0 0.06 M M 12.3 25 330 M M 7 18 33 320
24 19 -12 4 -6 61 0 0.05 M M 14.1 25 10 M M 3 8 30 10
25 -4 -16 -10 -20 75 0 0.00 M M 10.2 18 330 M M 0 8 23 330
26 36 -9 14 4 51 0 0.00 M M 20.4 35 310 M M 5 46 300
27 31 -10 11 1 54 0 T M M 13.5 30 320 M M 4 8 37 320
28 22 -10 6 -4 59 0 0.00 M M 5.2 9 150 M M 3 11 120
29 29 7 18 8 47 0 0.00 M M 13.9 26 330 M M 1 36 330
30 20 8 14 4 51 0 T M M 9.9 22 170 M M 5 1 28 170
31 39 10 25 15 40 0 0.10 M M 11.3 44 300 M M 5 16 60 290
================================================================================
SM 598 -142 1780 0 0.55 M 411.0 M 137
================================================================================
AV 19.3 -4.6 13.3 FASTST M M 4 MAX(MPH)
MISC ----> 47 320 62 320
================================================================================
NOTES:
# LAST OF SEVERAL OCCURRENCES
COLUMN 17 PEAK WIND IN M.P.H.
PRELIMINARY LOCAL CLIMATOLOGICAL DATA (WS FORM: F-6) , PAGE 2
STATION: JAMESTOWN ND
MONTH: JANUARY
YEAR: 2022
LATITUDE: 46 55 N
LONGITUDE: 98 40 W
[TEMPERATURE DATA] [PRECIPITATION DATA] SYMBOLS USED IN COLUMN 16
AVERAGE MONTHLY: 7.4 TOTAL FOR MONTH: 0.55 1 = FOG OR MIST
DPTR FM NORMAL: -2.7 DPTR FM NORMAL: 0.24 2 = FOG REDUCING VISIBILITY
HIGHEST: 39 ON 31,11 GRTST 24HR 0.24 ON 13-13 TO 1/4 MILE OR LESS
LOWEST: -25 ON 1 3 = THUNDER
SNOW, ICE PELLETS, HAIL 4 = ICE PELLETS
TOTAL MONTH: M 5 = HAIL
GRTST 24HR M ON M 6 = FREEZING RAIN OR DRIZZLE
GRTST DEPTH: M ON M 7 = DUSTSTORM OR SANDSTORM:
VSBY 1/2 MILE OR LESS
8 = SMOKE OR HAZE
[NO. OF DAYS WITH] [WEATHER - DAYS WITH] 9 = BLOWING SNOW
X = TORNADO
MAX 32 OR BELOW: 21 0.01 INCH OR MORE: 6
MAX 90 OR ABOVE: 0 0.10 INCH OR MORE: 2
MIN 32 OR BELOW: 31 0.50 INCH OR MORE: 0
MIN 0 OR BELOW: 22 1.00 INCH OR MORE: 0
[HDD (BASE 65) ]
TOTAL THIS MO. 1780 CLEAR (SCALE 0-3) 11
DPTR FM NORMAL 78 PTCLDY (SCALE 4-7) 18
TOTAL FM JUL 1 4820 CLOUDY (SCALE 8-10) 2
DPTR FM NORMAL -459
[CDD (BASE 65) ]
TOTAL THIS MO. 0
DPTR FM NORMAL 0 [PRESSURE DATA]
TOTAL FM JAN 1 0 HIGHEST SLP 30.78 ON 19
DPTR FM NORMAL 0 LOWEST SLP 29.40 ON 18
[REMARKS]
#FINAL-01-22#
USED COOP SITE DATA FOR COLUMN 7 FROM THE STATE HOSPITAL ON 1/18,1/21,1/23,1/24 AN1/27