000
CXHW50 PHFO 231250
CF6JRF
PRELIMINARY LOCAL CLIMATOLOGICAL DATA (WS FORM: F-6)
STATION: KALAELOA ARPT/OAHU HI
MONTH: APRIL
YEAR: 2024
LATITUDE: 21 19 N
LONGITUDE: 158 4 W
TEMPERATURE IN F: :PCPN: SNOW: WIND :SUNSHINE: SKY :PK WND
================================================================================
1 2 3 4 5 6A 6B 7 8 9 10 11 12 13 14 15 16 17 18
12Z AVG MX 2MIN
DY MAX MIN AVG DEP HDD CDD WTR SNW DPTH SPD SPD DIR MIN PSBL S-S WX SPD DR
================================================================================
1 84 67 76 1 0 11 T M M 8.0 16 100 M M 4 30 80
2 85 71 78 3 0 13 0.00 M M 9.7 18 80 M M 1 32 60
3 85 72 79 4 0 14 0.00 M M 9.9 17 80 M M 2 31 70
4 83 71 77 2 0 12 T M M 11.4 18 80 M M 2 37 60
5 82 69 76 1 0 11 0.01 M M 10.4 21 40 M M 5 36 80
6 82 68 75 0 0 10 0.01 M M 9.8 20 60 M M 6 36 100
7 82 68 75 0 0 10 0.02 M M 8.6 20 60 M M 5 33 70
8 84 66 75 0 0 10 0.00 M M 7.9 18 130 M M 1 27 120
9 83 67 75 0 0 10 0.00 M M 7.5 20 120 M M 1 29 120
10 83 66 75 -1 0 10 0.00 M M 6.8 20 140 M M 1 24 140
11 80 71 76 0 0 11 T M M 8.3 20 140 M M 5 26 130
12 M M M M M M 0.49 M M 7.9 18 140 M M 6 8 22 140
13 81 76 79 3 0 14 T M M 8.4 15 200 M M 5 21 170
14 M M M M M M 1.55 M M 9.3 20 180 M M 8 26 190
15 81 65 73 -3 0 8 0.03 M M 10.4 20 290 M M 4 1 29 300
16 82 63 73 -3 0 8 T M M 7.9 20 280 M M 4 26 290
17 83 65 74 -2 0 9 T M M 6.6 14 240 M M 3 21 20
18 83 63 73 -3 0 8 0.00 M M 6.7 16 130 M M 7 23 130
19 82 69 76 0 0 11 0.02 M M 7.6 16 100 M M 7 8 23 90
20 84 68 76 0 0 11 0.00 M M 8.1 15 110 M M 4 23 100
21 83 68 76 0 0 11 0.00 M M 7.4 15 60 M M 2 27 60
22 84 67 76 0 0 11 0.00 M M 9.1 16 60 M M 3 28 30
================================================================================
SM 1656 1360 0 213 2.13 M 187.7 M 86
================================================================================
AV 82.8 68.0 8.5 FASTST M M 4 MAX(MPH)
MISC ----> 21 40 37 60
================================================================================
NOTES:
# LAST OF SEVERAL OCCURRENCES
COLUMN 17 PEAK WIND IN M.P.H.
PRELIMINARY LOCAL CLIMATOLOGICAL DATA (WS FORM: F-6) , PAGE 2
STATION: KALAELOA ARPT/OAHU HI
MONTH: APRIL
YEAR: 2024
LATITUDE: 21 19 N
LONGITUDE: 158 4 W
[TEMPERATURE DATA] [PRECIPITATION DATA] SYMBOLS USED IN COLUMN 16
AVERAGE MONTHLY: 75.4 TOTAL FOR MONTH: 2.13 1 = FOG OR MIST
DPTR FM NORMAL: -0.2 DPTR FM NORMAL: 1.66 2 = FOG REDUCING VISIBILITY
HIGHEST: 85 ON 3, 2 GRTST 24HR 1.58 ON 14-15 TO 1/4 MILE OR LESS
LOWEST: 63 ON 18,16 3 = THUNDER
SNOW, ICE PELLETS, HAIL 4 = ICE PELLETS
TOTAL MONTH: M 5 = HAIL
GRTST 24HR M ON M 6 = FREEZING RAIN OR DRIZZLE
GRTST DEPTH: M ON M 7 = DUSTSTORM OR SANDSTORM:
VSBY 1/2 MILE OR LESS
8 = SMOKE OR HAZE
[NO. OF DAYS WITH] [WEATHER - DAYS WITH] 9 = BLOWING SNOW
X = TORNADO
MAX 32 OR BELOW: 0 0.01 INCH OR MORE: 7
MAX 90 OR ABOVE: 0 0.10 INCH OR MORE: 2
MIN 32 OR BELOW: 0 0.50 INCH OR MORE: 1
MIN 0 OR BELOW: 0 1.00 INCH OR MORE: 1
[HDD (BASE 65) ]
TOTAL THIS MO. 0 CLEAR (SCALE 0-3) 9
DPTR FM NORMAL 0 PTCLDY (SCALE 4-7) 12
TOTAL FM JUL 1 0 CLOUDY (SCALE 8-10) 1
DPTR FM NORMAL 0
[CDD (BASE 65) ]
TOTAL THIS MO. 213
DPTR FM NORMAL -18 [PRESSURE DATA]
TOTAL FM JAN 1 1025 HIGHEST SLP M ON M
DPTR FM NORMAL 55 LOWEST SLP 29.89 ON 15
[REMARKS]