000
CXUS51 KCTP 010800
CF6JST
PRELIMINARY LOCAL CLIMATOLOGICAL DATA (WS FORM: F-6)
STATION: JOHNSTOWN
MONTH: APRIL
YEAR: 2022
LATITUDE: 40 18 N
LONGITUDE: 78 50 W
TEMPERATURE IN F: :PCPN: SNOW: WIND :SUNSHINE: SKY :PK WND
================================================================================
1 2 3 4 5 6A 6B 7 8 9 10 11 12 13 14 15 16 17 18
12Z AVG MX 2MIN
DY MAX MIN AVG DEP HDD CDD WTR SNW DPTH SPD SPD DIR MIN PSBL S-S WX SPD DR
================================================================================
1 41 30 36 -6 29 0 0.01 M M 18.2 29 290 M M 10 18 39 290
2 50 28 39 -3 26 0 0.00 M M 7.5 22 310 M M 5 29 310
3 45 32 39 -4 26 0 0.10 M M 13.5 26 290 M M 10 1 37 290
4 44 26 35 -8 30 0 0.00 M M 5.4 18 300 M M 6 26 300
5 55 37 46 2 19 0 0.41 M M 6.1 13 70 M M 8 1 23 70
6 54 44 49 5 16 0 0.58 M M 10.1 21 150 M M 10 1 33 160
7 50 39 45 0 20 0 0.55 M M 5.9 21 160 M M 10 1 30 140
8 46 34 40 -5 25 0 0.10 M M 6.5 24 230 M M 6 12 31 250
9 41 31 36 -9 29 0 0.40 M M 9.2 23 310 M M 9 128 30 310
10 43 30 37 -9 28 0 T M M 13.6 28 300 M M 7 1 36 300
11 61 32 47 1 18 0 0.13 M M 6.3 14 170 M M 4 1 17 180
12 64 47 56 9 9 0 0.11 M M 6.3 20 250 M M 6 1 26 240
13 77 52 65 18 0 0 T M M 8.5 26 200 M M 4 35 200
14 65 46 56 8 9 0 0.03 M M 14.2 31 280 M M 3 1 41 290
15 64 41 53 5 12 0 0.00 M M 12.7 25 230 M M 0 34 220
16 60 36 48 0 17 0 0.31 M M 12.8 38 240 M M 8 1 56 250
17 42 30 36 -13 29 0 0.00 M M 9.3 18 320 M M 6 24 320
18 34 29 32 -17 33 0 0.32 M M 12.7 24 150 M M 7 12 36 150
19 33 29 31 -19 34 0 0.14 M M 14.2 31 280 M M 10 128 43 270
20 50 27 39 -11 26 0 0.00 M M 7.2 20 300 M M 1 26 280
21 53 44 49 -2 16 0 0.23 M M 10.9 21 230 M M 7 1 25 240
22 61 45 53 2 12 0 0.00 M M 6.3 16 320 M M 3 1 21 320
23 78 51 65 14 0 0 0.00 M M 7.3 18 240 M M 4 23 240
24 81 60 71 19 0 6 0.00 M M 9.2 18 230 M M 0 22 310
25 80 57 69 17 0 4 0.07 M M 9.2 20 140 M M 1 1 28 150
26 58 40 49 -3 16 0 0.30 M M 9.7 23 300 M M 10 18 29 310
27 41 27 34 -19 31 0 T M M 19.4 30 300 M M 10 36 310
28 49 25 37 -16 28 0 0.00 M M 12.9 22 290 M M 4 27 310
29 58 30 44 -10 21 0 0.00 M M 6.1 15 320 M M 0 21 310
30 66 38 52 -2 13 0 0.00 M M 4.1 10 160 M M 1 14 150
================================================================================
SM 1644 1117 572 10 3.79 M 295.3 M 170
================================================================================
AV 54.8 37.2 9.8 FASTST M M 6 MAX(MPH)
MISC ----> 38 240 56 250
================================================================================
NOTES:
# LAST OF SEVERAL OCCURRENCES
COLUMN 17 PEAK WIND IN M.P.H.
PRELIMINARY LOCAL CLIMATOLOGICAL DATA (WS FORM: F-6) , PAGE 2
STATION: JOHNSTOWN
MONTH: APRIL
YEAR: 2022
LATITUDE: 40 18 N
LONGITUDE: 78 50 W
[TEMPERATURE DATA] [PRECIPITATION DATA] SYMBOLS USED IN COLUMN 16
AVERAGE MONTHLY: 46.0 TOTAL FOR MONTH: 3.79 1 = FOG OR MIST
DPTR FM NORMAL: -2.1 DPTR FM NORMAL: 0.25 2 = FOG REDUCING VISIBILITY
HIGHEST: 81 ON 24 GRTST 24HR 0.93 ON 5- 6 TO 1/4 MILE OR LESS
LOWEST: 25 ON 28 3 = THUNDER
SNOW, ICE PELLETS, HAIL 4 = ICE PELLETS
TOTAL MONTH: M 5 = HAIL
GRTST 24HR M ON M 6 = FREEZING RAIN OR DRIZZLE
GRTST DEPTH: M ON M 7 = DUSTSTORM OR SANDSTORM:
VSBY 1/2 MILE OR LESS
8 = SMOKE OR HAZE
[NO. OF DAYS WITH] [WEATHER - DAYS WITH] 9 = BLOWING SNOW
X = TORNADO
MAX 32 OR BELOW: 0 0.01 INCH OR MORE: 16
MAX 90 OR ABOVE: 0 0.10 INCH OR MORE: 13
MIN 32 OR BELOW: 14 0.50 INCH OR MORE: 2
MIN 0 OR BELOW: 0 1.00 INCH OR MORE: 0
[HDD (BASE 65) ]
TOTAL THIS MO. 572 CLEAR (SCALE 0-3) 7
DPTR FM NORMAL 61 PTCLDY (SCALE 4-7) 14
TOTAL FM JUL 1 5581 CLOUDY (SCALE 8-10) 9
DPTR FM NORMAL -451
[CDD (BASE 65) ]
TOTAL THIS MO. 10
DPTR FM NORMAL 4 [PRESSURE DATA]
TOTAL FM JAN 1 10 HIGHEST SLP 30.48 ON 22
DPTR FM NORMAL 4 LOWEST SLP 29.58 ON 1
[REMARKS]
#FINAL-04-22#