000
CXUS51 KCTP 010723
CLMJST
CLIMATE REPORT
NATIONAL WEATHER SERVICE STATE COLLEGE PA
323 AM EDT MON APR 01 2024
...................................
...THE JOHNSTOWN CLIMATE SUMMARY FOR THE MONTH OF MARCH 2024...
CLIMATE NORMAL PERIOD 1991 TO 2020
CLIMATE RECORD PERIOD 1892 TO 2024
WEATHER OBSERVED NORMAL DEPART LAST YEAR`S
VALUE DATE(S) VALUE FROM VALUE DATE(S)
NORMAL
................................................................
TEMPERATURE (F)
RECORD
HIGH 86 03/27/1989
03/23/1907
LOW -2 03/06/2015
03/01/1990
03/09/1943
HIGHEST 69 03/14 62 03/23
LOWEST 18 03/21 12 03/19
AVG. MAXIMUM 51.0 44.7 6.3 45.0
AVG. MINIMUM 33.5 28.0 5.5 28.2
MEAN 42.3 36.4 5.9 36.6
DAYS MAX >= 90 0 0.0 0.0 0
DAYS MAX <= 32 1 5.8 -4.8 5
DAYS MIN <= 32 13 21.2 -8.2 23
DAYS MIN <= 0 0 0.1 -0.1 0
PRECIPITATION (INCHES)
RECORD
MAXIMUM 10.00 1908
MINIMUM 1.27 1910
TOTALS 3.63 3.12 0.51 3.48
DAILY AVG. 0.12 0.10 0.02 0.11
DAYS >= .01 15 13.8 1.2 16
DAYS >= .10 9 7.1 1.9 8
DAYS >= .50 1 1.5 -0.5 1
DAYS >= 1.00 1 0.4 0.6 1
GREATEST
24 HR. TOTAL 1.33 03/09 TO 03/09 1.33 03/23 TO 03/24
DEGREE DAYS
HEATING TOTAL 696 888 -192 874
SINCE 7/1 4724 5523 -799 MM
COOLING TOTAL 0 0 0 0
SINCE 1/1 0 0 0 MM
................................................................
WIND (MPH)
AVERAGE WIND SPEED 11.1
HIGHEST WIND SPEED/DIRECTION 37/300 DATE 03/10
HIGHEST GUST SPEED/DIRECTION 52/290 DATE 03/10
SKY COVER
POSSIBLE SUNSHINE (PERCENT) MM
AVERAGE SKY COVER 0.52
NUMBER OF DAYS FAIR 12
NUMBER OF DAYS PC 9
NUMBER OF DAYS CLOUDY 10
AVERAGE RH (PERCENT) 67
WEATHER CONDITIONS. NUMBER OF DAYS WITH
THUNDERSTORM 2 MIXED PRECIP 0
HEAVY RAIN 3 RAIN 8
LIGHT RAIN 17 FREEZING RAIN 0
LT FREEZING RAIN 0 HAIL 0
HEAVY SNOW 1 SLEET 0
FOG 18 FOG W/VIS <= 1/4 MILE 7
HAZE 2
- INDICATES NEGATIVE NUMBERS.
R INDICATES RECORD WAS SET OR TIED.
MM INDICATES DATA IS MISSING.
T INDICATES TRACE AMOUNT.
$$