822
CXUS51 KCTP 011645
CLSJST
CLIMATE REPORT
NATIONAL WEATHER SERVICE STATE COLLEGE PA
1245 PM EDT MON JUN 01 2020
...................................
...THE JOHNSTOWN CLIMATE SUMMARY FOR THE SEASON, FROM
3/1/2020 TO 5/31/2020...
CLIMATE NORMAL PERIOD 1981 TO 2010
CLIMATE RECORD PERIOD 1892 TO 2020
WEATHER OBSERVED NORMAL DEPART LAST YEAR`S
VALUE DATE(S) VALUE FROM VALUE DATE(S)
NORMAL
................................................................
TEMPERATURE (F)
RECORD
HIGH 99 05/12/1984
LOW -2 03/06/2015
03/01/1990
03/01/1990
HIGHEST 81 05/25 83 05/19
LOWEST 18 03/01 5 03/05
AVG. MAXIMUM 55.2 55.4 -0.2 57.1
AVG. MINIMUM 38.7 37.6 1.1 40.2
MEAN 47.0 46.5 0.5 48.6
DAYS MAX >= 90 0 MM MM 0
DAYS MAX <= 32 0 MM MM 7
DAYS MIN <= 32 28 MM MM 29
DAYS MIN <= 0 0 MM MM 0
PRECIPITATION (INCHES)
RECORD
MAXIMUM 20.75 1908
MINIMUM 6.74 1976
TOTALS 11.79 11.41 0.38 10.47
DAILY AVG. 0.13 0.12 0.01 0.11
DAYS >= .01 58 MM MM 41
DAYS >= .10 31 MM MM 25
DAYS >= .50 6 MM MM 7
DAYS >= 1.00 1 MM MM 1
GREATEST
24 HR. TOTAL 1.61 MM 1.13
DEGREE DAYS
HEATING TOTAL 1659 1728 -69 1521
SINCE 7/1 5827 6612 -785 6122
COOLING TOTAL 25 24 1 34
SINCE 1/1 25 24 1 34
FREEZE DATES
RECORD
EARLIEST 08/31/1894
LATEST 05/27/1915
EARLIEST 10/13
LATEST 04/29
................................................................
WIND (MPH)
AVERAGE WIND SPEED 10.4
RESULTANT WIND SPEED/DIRECTION 4/250
HIGHEST WIND SPEED/DIRECTION 39/310 DATE 04/08
HIGHEST GUST SPEED/DIRECTION 51/290 DATE 03/03
SKY COVER
POSSIBLE SUNSHINE (PERCENT) MM
AVERAGE SKY COVER 0.64
NUMBER OF DAYS FAIR 18
NUMBER OF DAYS PC 33
NUMBER OF DAYS CLOUDY 41
WEATHER CONDITIONS. NUMBER OF DAYS WITH
THUNDERSTORM 7 MIXED PRECIP 0
HEAVY RAIN 11 RAIN 27
LIGHT RAIN 56 FREEZING RAIN 0
LT FREEZING RAIN 0 HAIL 0
HEAVY SNOW 4 SNOW 9
LIGHT SNOW 19 SLEET 0
FOG 61 FOG W/VIS <= 1/4 MILE 21
HAZE 12
- INDICATES NEGATIVE NUMBERS.
R INDICATES RECORD WAS SET OR TIED.
MM INDICATES DATA IS MISSING.
T INDICATES TRACE AMOUNT.
$$