000
CXHW53 PHFO 011952
CF6KOA
PRELIMINARY LOCAL CLIMATOLOGICAL DATA (WS FORM: F-6)
STATION: KONA HI
MONTH: DECEMBER
YEAR: 2023
LATITUDE: 19 38 N
LONGITUDE: 156 0 W
TEMPERATURE IN F: :PCPN: SNOW: WIND :SUNSHINE: SKY :PK WND
================================================================================
1 2 3 4 5 6A 6B 7 8 9 10 11 12 13 14 15 16 17 18
12Z AVG MX 2MIN
DY MAX MIN AVG DEP HDD CDD WTR SNW DPTH SPD SPD DIR MIN PSBL S-S WX SPD DR
================================================================================
1 85 73 79 2 0 14 0.00 M M 8.3 17 180 M M 6 22 180
2 84 74 79 2 0 14 T M M 6.8 18 150 M M 4 22 150
3 84 74 79 2 0 14 0.00 M M 5.2 21 60 M M 4 23 60
4 84 72 78 1 0 13 0.00 M M 6.7 18 160 M M 4 21 170
5 84 70 77 0 0 12 0.00 M M 7.7 17 240 M M 4 28 260
6 84 70 77 0 0 12 0.03 M M 5.8 13 220 M M 4 16 210
7 85 72 79 2 0 14 0.02 M M 9.3 17 330 M M 7 1 22 330
8 82 70 76 -1 0 11 0.00 M M 5.9 14 170 M M 3 17 180
9 83 68 76 -1 0 11 0.00 M M 6.1 13 210 M M 1 16 210
10 84 69 77 1 0 12 0.00 M M 5.9 13 150 M M 1 8 15 140
11 84 75 80 4 0 15 0.00 M M 6.7 17 360 M M 3 20 360
12 84 71 78 2 0 13 0.00 M M 8.1 20 360 M M 2 25 30
13 83 71 77 1 0 12 0.00 M M 9.2 20 40 M M 3 26 40
14 86 72 79 3 0 14 0.00 M M 24.5 41 30 M M 4 50 30
15 84 67 76 0 0 11 0.02 M M 15.1 30 40 M M 5 36 30
16 81 68 75 -1 0 10 0.00 M M 13.3 28 50 M M 5 34 50
17 84 64 74 -2 0 9 T M M 10.1 21 20 M M 3 26 10
18 81 67 74 -2 0 9 T M M 6.6 17 40 M M 3 22 40
19 82 69 76 0 0 11 T M M 7.0 14 140 M M 5 16 150
20 80 73 77 1 0 12 T M M 5.8 17 140 M M 8 19 140
21 79 72 76 0 0 11 T M M 5.4 13 130 M M 5 8 15 130
22 81 71 76 0 0 11 0.07 M M 6.3 13 110 M M 7 1 14 110
23 82 70 76 0 0 11 T M M 8.4 20 70 M M 3 24 50
24 83 70 77 1 0 12 0.00 M M 6.3 20 60 M M 7 24 30
25 83 72 78 2 0 13 0.00 M M 5.5 15 210 M M 7 17 210
26 79 69 74 -2 0 9 0.00 M M 7.2 15 120 M M 6 18 140
27 84 70 77 1 0 12 T M M 8.0 16 320 M M 5 19 310
28 82 67 75 -1 0 10 0.00 M M 6.9 13 190 M M 2 16 190
29 82 69 76 1 0 11 0.00 M M 7.1 17 150 M M 5 20 160
30 82 70 76 1 0 11 0.00 M M 7.0 12 240 M M 3 15 130
31 84 69 77 2 0 12 0.00 M M 9.1 18 340 M M 1 21 350
================================================================================
SM 2569 2178 0 366 0.14 M 251.3 M 130
================================================================================
AV 82.9 70.3 8.1 FASTST M M 4 MAX(MPH)
MISC ----> 41 30 50 30
================================================================================
NOTES:
# LAST OF SEVERAL OCCURRENCES
COLUMN 17 PEAK WIND IN M.P.H.
PRELIMINARY LOCAL CLIMATOLOGICAL DATA (WS FORM: F-6) , PAGE 2
STATION: KONA HI
MONTH: DECEMBER
YEAR: 2023
LATITUDE: 19 38 N
LONGITUDE: 156 0 W
[TEMPERATURE DATA] [PRECIPITATION DATA] SYMBOLS USED IN COLUMN 16
AVERAGE MONTHLY: 76.6 TOTAL FOR MONTH: 0.14 1 = FOG OR MIST
DPTR FM NORMAL: 0.4 DPTR FM NORMAL: -0.92 2 = FOG REDUCING VISIBILITY
HIGHEST: 86 ON 14 GRTST 24HR 0.07 ON 21-22 TO 1/4 MILE OR LESS
LOWEST: 64 ON 17 3 = THUNDER
SNOW, ICE PELLETS, HAIL 4 = ICE PELLETS
TOTAL MONTH: M 5 = HAIL
GRTST 24HR M ON M 6 = FREEZING RAIN OR DRIZZLE
GRTST DEPTH: M ON M 7 = DUSTSTORM OR SANDSTORM:
VSBY 1/2 MILE OR LESS
8 = SMOKE OR HAZE
[NO. OF DAYS WITH] [WEATHER - DAYS WITH] 9 = BLOWING SNOW
X = TORNADO
MAX 32 OR BELOW: 0 0.01 INCH OR MORE: 4
MAX 90 OR ABOVE: 0 0.10 INCH OR MORE: 0
MIN 32 OR BELOW: 0 0.50 INCH OR MORE: 0
MIN 0 OR BELOW: 0 1.00 INCH OR MORE: 0
[HDD (BASE 65) ]
TOTAL THIS MO. 0 CLEAR (SCALE 0-3) 8
DPTR FM NORMAL 0 PTCLDY (SCALE 4-7) 23
TOTAL FM JUL 1 0 CLOUDY (SCALE 8-10) 0
DPTR FM NORMAL 0
[CDD (BASE 65) ]
TOTAL THIS MO. 366
DPTR FM NORMAL 20 [PRESSURE DATA]
TOTAL FM JAN 1 5081 HIGHEST SLP 30.15 ON 31
DPTR FM NORMAL 242 LOWEST SLP 29.83 ON 8
[REMARKS]
#FINAL-12-23#