000
CXUS53 KIND 010700
CF6LAF
PRELIMINARY LOCAL CLIMATOLOGICAL DATA (WS FORM: F-6)
STATION: LAFAYETTE IN
MONTH: FEBRUARY
YEAR: 2020
LATITUDE: 40 25 N
LONGITUDE: 86 56 W
TEMPERATURE IN F: :PCPN: SNOW: WIND :SUNSHINE: SKY :PK WND
================================================================================
1 2 3 4 5 6A 6B 7 8 9 10 11 12 13 14 15 16 17 18
12Z AVG MX 2MIN
DY MAX MIN AVG DEP HDD CDD WTR SNW DPTH SPD SPD DIR MIN PSBL S-S WX SPD DR
================================================================================
1 39 34 37 10 28 0 0.02 M M 6.5 21 260 M M 10 1 28 260
2 62 34 48 20 17 0 0.00 M M 11.7 24 270 M M 2 33 260
3 62 29 46 18 19 0 0.00 M M 4.8 15 210 M M 2 12 25 210
4 57 34 46 18 19 0 T M M 11.8 23 30 M M 10 31 10
5 35 27 31 3 34 0 0.11 M M 12.2 22 70 M M 10 126 29 60
6 28 23 26 -2 39 0 0.01 M M 8.9 16 360 M M 10 16 23 50
7 35 20 28 0 37 0 T M M 6.6 13 260 M M 6 1 17 310
8 33 28 31 2 34 0 T M M 4.7 12 240 M M 10 1 18 230
9 37 21 29 0 36 0 0.39 M M 6.5 17 170 M M 8 1 26 180
10 37 30 34 5 31 0 0.05 M M 6.5 13 10 M M 10 1 17 20
11 40 27 34 5 31 0 0.00 M M 6.2 17 290 M M 6 1 24 290
12 37 24 31 1 34 0 0.27 M M 4.4 12 20 M M 5 12 16 110
13 32 4 18 -12 47 0 0.05 M M 10.7 24 270 M M 10 18 32 260
14 13 -4 5 -25 60 0 0.00 M M 4.9 10 270 M M 0 13 280
15 38 3 21 -9 44 0 T M M 6.9 15 190 M M 8 22 170
16 42 22 32 1 33 0 0.00 M M 2.9 12 270 M M 1 1 16 280
17 42 24 33 2 32 0 0.63 M M 7.8 16 120 M M 8 1 21 140
18 46 28 37 6 28 0 0.02 M M 9.9 21 300 M M 7 1 33 270
19 36 22 29 -3 36 0 0.00 M M 7.1 14 330 M M 0 21 330
20 30 16 23 -9 42 0 0.00 M M 8.2 16 10 M M 2 23 340
21 35 11 23 -9 42 0 0.00 M M 6.6 15 220 M M 0 24 210
22 49 23 36 4 29 0 0.00 M M 7.6 17 220 M M 0 25 240
23 56 32 44 11 21 0 0.00 M M 6.4 16 230 M M 2 23 230
24 45 36 41 8 24 0 0.19 M M 6.5 16 50 M M 7 1 22 50
25 40 33 37 3 28 0 0.28 M M 13.2 20 40 M M 10 1 26 30
26 34 25 30 -4 35 0 0.13 M M 12.7 25 340 M M 10 1 38 330
27 34 23 29 -5 36 0 T M M 9.5 21 260 M M 7 29 280
28 27 17 22 -13 43 0 T M M 7.5 15 270 M M 6 18 21 330
29 35 12 24 -11 41 0 0.00 M M 5.7 10 240 M M 0 M M
================================================================================
SM 1136 658 980 0 2.15 M 224.9 M 167
================================================================================
AV 39.2 22.7 7.8 FASTST M M 6 MAX(MPH)
MISC ----> 25 340 38 330
================================================================================
NOTES:
# LAST OF SEVERAL OCCURRENCES
COLUMN 17 PEAK WIND IN M.P.H.
PRELIMINARY LOCAL CLIMATOLOGICAL DATA (WS FORM: F-6) , PAGE 2
STATION: LAFAYETTE IN
MONTH: FEBRUARY
YEAR: 2020
LATITUDE: 40 25 N
LONGITUDE: 86 56 W
[TEMPERATURE DATA] [PRECIPITATION DATA] SYMBOLS USED IN COLUMN 16
AVERAGE MONTHLY: 30.9 TOTAL FOR MONTH: 2.15 1 = FOG OR MIST
DPTR FM NORMAL: 0.4 DPTR FM NORMAL: 0.39 2 = FOG REDUCING VISIBILITY
HIGHEST: 62 ON 3, 2 GRTST 24HR 0.65 ON 17-18 TO 1/4 MILE OR LESS
LOWEST: -4 ON 14 3 = THUNDER
SNOW, ICE PELLETS, HAIL 4 = ICE PELLETS
TOTAL MONTH: M 5 = HAIL
GRTST 24HR M ON M 6 = FREEZING RAIN OR DRIZZLE
GRTST DEPTH: M ON M 7 = DUSTSTORM OR SANDSTORM:
VSBY 1/2 MILE OR LESS
8 = SMOKE OR HAZE
[NO. OF DAYS WITH] [WEATHER - DAYS WITH] 9 = BLOWING SNOW
X = TORNADO
MAX 32 OR BELOW: 5 0.01 INCH OR MORE: 12
MAX 90 OR ABOVE: 0 0.10 INCH OR MORE: 7
MIN 32 OR BELOW: 24 0.50 INCH OR MORE: 1
MIN 0 OR BELOW: 1 1.00 INCH OR MORE: 0
[HDD (BASE 65) ]
TOTAL THIS MO. 980 CLEAR (SCALE 0-3) 10
DPTR FM NORMAL 14 PTCLDY (SCALE 4-7) 9
TOTAL FM JUL 1 4078 CLOUDY (SCALE 8-10) 10
DPTR FM NORMAL -314
[CDD (BASE 65) ]
TOTAL THIS MO. 0
DPTR FM NORMAL 0 [PRESSURE DATA]
TOTAL FM JAN 1 0 HIGHEST SLP M ON M
DPTR FM NORMAL 0 LOWEST SLP 29.54 ON 6
[REMARKS]
#FINAL-02-20#