000
CXUS55 KVEF 010910
CF6LAS
PRELIMINARY LOCAL CLIMATOLOGICAL DATA (WS FORM: F-6)
STATION: LAS VEGAS NV
MONTH: NOVEMBER
YEAR: 2021
LATITUDE: 36 4 N
LONGITUDE: 115 10 W
TEMPERATURE IN F: :PCPN: SNOW: WIND :SUNSHINE: SKY :PK WND
================================================================================
1 2 3 4 5 6A 6B 7 8 9 10 11 12 13 14 15 16 17 18
12Z AVG MX 2MIN
DY MAX MIN AVG DEP HDD CDD WTR SNW DPTH SPD SPD DIR MIN PSBL S-S WX SPD DR
================================================================================
1 80 62 71 7 0 6 0.00 0.0 0 7.5 17 190 M M 7 25 200
2 78 60 69 6 0 4 0.00 0.0 0 2.7 12 180 M M 4 18 170
3 79 56 68 5 0 3 0.00 0.0 0 4.6 10 40 M M 2 13 40
4 78 57 68 6 0 3 0.00 0.0 0 3.3 8 200 M M 1 11 50
5 79 56 68 6 0 3 0.00 0.0 0 3.5 8 90 M M 2 12 70
6 85 56 71 10 0 6 0.00 0.0 0 6.3 17 230 M M 2 26 220
7 83 65 74 13 0 9 0.00 0.0 0 9.7 18 180 M M 2 26 240
8 80 60 70 10 0 5 0.00 0.0 0 6.3 20 220 M M 5 28 220
9 75 61 68 8 0 3 0.00 0.0 0 10.3 22 270 M M 8 32 210
10 78 57 68 8 0 3 0.00 0.0 0 4.4 17 350 M M 4 25 10
11 76 55 66 7 0 1 0.00 0.0 0 4.1 14 20 M M 1 20 10
12 79 56 68 9 0 3 0.00 0.0 0 4.0 13 60 M M 1 16 30
13 80 54 67 9 0 2 0.00 0.0 0 2.6 8 360 M M 1 12 360
14 79 53 66 8 0 1 0.00 0.0 0 3.3 9 270 M M 2 8 10 280
15 76 53 65 8 0 0 0.00 0.0 0 3.3 8 290 M M 7 10 300
16 76 56 66 9 0 1 0.00 0.0 0 4.7 13 70 M M 6 18 90
17 71 54 63 7 2 0 0.00 0.0 0 6.3 17 70 M M 4 22 70
18 67 48 58 2 7 0 0.00 0.0 0 2.8 7 200 M M 7 10 50
19 69 53 61 5 4 0 0.00 0.0 0 2.6 8 40 M M 8 12 60
20 71 49 60 5 5 0 0.00 0.0 0 4.6 12 20 M M 5 17 70
21 68 49 59 4 6 0 0.00 0.0 0 9.2 20 40 M M 0 24 30
22 68 45 57 3 8 0 0.00 0.0 0 3.9 8 200 M M 2 11 60
23 69 49 59 5 6 0 0.00 0.0 0 3.6 10 240 M M 5 14 240
24 61 49 55 2 10 0 0.00 0.0 0 16.3 31 10 M M 2 38 350
25 62 42 52 -1 13 0 0.00 0.0 0 8.5 28 10 M M 1 36 360
26 65 41 53 0 12 0 0.00 0.0 0 2.5 8 210 M M 3 11 210
27 70 43 57 5 8 0 0.00 0.0 0 2.6 9 240 M M 1 12 210
28 72 46 59 7 6 0 0.00 0.0 0 2.6 9 230 M M 0 13 70
29 73 48 61 9 4 0 0.00 0.0 0 2.6 8 210 M M 0 9 210
30 77 49 63 12 2 0 0.00 0.0 M 3.3 8 220 M M 1 11 320
================================================================================
SM 2224 1582 93 53 0.00 0.0 152.0 M 94
================================================================================
AV 74.1 52.7 5.1 FASTST M M 3 MAX(MPH)
MISC ----> 31 10 38 350
================================================================================
NOTES:
# LAST OF SEVERAL OCCURRENCES
COLUMN 17 PEAK WIND IN M.P.H.
PRELIMINARY LOCAL CLIMATOLOGICAL DATA (WS FORM: F-6) , PAGE 2
STATION: LAS VEGAS NV
MONTH: NOVEMBER
YEAR: 2021
LATITUDE: 36 4 N
LONGITUDE: 115 10 W
[TEMPERATURE DATA] [PRECIPITATION DATA] SYMBOLS USED IN COLUMN 16
AVERAGE MONTHLY: 63.4 TOTAL FOR MONTH: 0.00 1 = FOG OR MIST
DPTR FM NORMAL: 6.2 DPTR FM NORMAL: -0.30 2 = FOG REDUCING VISIBILITY
HIGHEST: 85 ON 6 GRTST 24HR 0.00 ON 1- 1 TO 1/4 MILE OR LESS
LOWEST: 41 ON 26 3 = THUNDER
SNOW, ICE PELLETS, HAIL 4 = ICE PELLETS
TOTAL MONTH: 0.0 INCH 5 = HAIL
GRTST 24HR 0.0 6 = FREEZING RAIN OR DRIZZLE
GRTST DEPTH: 0 7 = DUSTSTORM OR SANDSTORM:
VSBY 1/2 MILE OR LESS
8 = SMOKE OR HAZE
[NO. OF DAYS WITH] [WEATHER - DAYS WITH] 9 = BLOWING SNOW
X = TORNADO
MAX 32 OR BELOW: 0 0.01 INCH OR MORE: 0
MAX 90 OR ABOVE: 0 0.10 INCH OR MORE: 0
MIN 32 OR BELOW: 0 0.50 INCH OR MORE: 0
MIN 0 OR BELOW: 0 1.00 INCH OR MORE: 0
[HDD (BASE 65) ]
TOTAL THIS MO. 93 CLEAR (SCALE 0-3) 17
DPTR FM NORMAL -157 PTCLDY (SCALE 4-7) 13
TOTAL FM JUL 1 135 CLOUDY (SCALE 8-10) 0
DPTR FM NORMAL -148
[CDD (BASE 65) ]
TOTAL THIS MO. 53
DPTR FM NORMAL 37 [PRESSURE DATA]
TOTAL FM JAN 1 4109 HIGHEST SLP M ON M
DPTR FM NORMAL 387 LOWEST SLP 27.96 ON 28
[REMARKS]
#FINAL-11-21#