000
CXUS55 KVEF 201204
CF6LAS
PRELIMINARY LOCAL CLIMATOLOGICAL DATA (WS FORM: F-6)
STATION: LAS VEGAS NV
MONTH: JULY
YEAR: 2021
LATITUDE: 36 4 N
LONGITUDE: 115 10 W
TEMPERATURE IN F: :PCPN: SNOW: WIND :SUNSHINE: SKY :PK WND
================================================================================
1 2 3 4 5 6A 6B 7 8 9 10 11 12 13 14 15 16 17 18
12Z AVG MX 2MIN
DY MAX MIN AVG DEP HDD CDD WTR SNW DPTH SPD SPD DIR MIN PSBL S-S WX SPD DR
================================================================================
1 106 79 93 1 0 28 0.00 0.0 0 5.5 16 230 M M 2 23 230
2 108 82 95 3 0 30 0.00 0.0 0 4.6 15 170 M M 1 21 170
3 106 88 97 5 0 32 0.00 0.0 0 9.0 25 280 M M 6 34 270
4 104 87 96 4 0 31 T 0.0 0 6.2 15 90 M M 7 22 50
5 109 86 98 6 0 33 0.00 0.0 0 5.0 15 270 M M 3 24 360
6 111 87 99 6 0 34 0.00 0.0 0 4.3 12 270 M M 2 18 190
7 114 89 102 9 0 37 0.00 0.0 0 5.8 15 260 M M 2 21 240
8 114 91 103 10 0 38 0.00 0.0 0 6.6 20 230 M M 3 26 230
9 116 93 105 12 0 40 0.00 0.0 0 5.1 16 10 M M 5 22 360
10 117 94 106 13 0 41 0.00 0.0 0 4.7 13 190 M M 6 19 340
11 114 89 102 9 0 37 0.10 0.0 0 7.2 25 350 M M 6 3 36 340
12 113 81 97 4 0 32 0.08 0.0 0 7.3 46 40 M M 6 378 58 40
13 110 83 97 4 0 32 T 0.0 0 7.6 38 50 M M 5 3 49 40
14 106 83 95 1 0 30 0.00 0.0 0 11.0 37 40 M M 4 3 46 40
15 105 79 92 -2 0 27 T 0.0 0 8.2 20 80 M M 3 3 27 50
16 106 84 95 1 0 30 0.00 0.0 0 8.1 20 30 M M 2 27 230
17 107 87 97 3 0 32 0.00 0.0 0 8.2 20 150 M M 4 30 120
18 103 82 93 -1 0 28 T 0.0 0 9.3 35 220 M M 7 3 46 220
19 97 82 90 -4 0 25 T 0.0 0 3.2 16 10 M M 7 21 340
20 106 84 95 1 0 30 0.00 0.0 0 5.8 18 340 M M 5 29 120
21 101 88 95 1 0 30 0.00 0.0 0 5.0 18 180 M M 7 27 180
22 103 87 95 1 0 30 0.03 0.0 0 5.2 25 280 M M 8 3 34 270
23 106 84 95 1 0 30 0.00 0.0 0 7.4 33 30 M M 8 39 50
24 102 84 93 -1 0 28 T 0.0 0 5.7 20 100 M M 7 26 110
25 101 69 85 -9 0 20 0.16 0.0 0 7.7 43 70 M M 6 13 55 80
26 90 76 83 -11 0 18 0.07 0.0 0 4.3 17 170 M M 7 3 30 180
27 101 77 89 -5 0 24 0.00 0.0 0 4.4 14 160 M M 2 19 160
28 103 84 94 0 0 29 0.00 0.0 0 5.2 20 220 M M 7 30 210
29 106 82 94 0 0 29 0.05 0.0 0 7.0 38 50 M M 7 3 47 40
30 96 82 89 -5 0 24 0.00 0.0 0 4.4 20 220 M M 8 32 220
31 96 81 89 -5 0 24 0.02 0.0 0 4.9 20 310 M M 7 3 29 200
================================================================================
SM 3277 2604 0 933 0.51 0.0 193.9 M 160
================================================================================
AV105.7 84.0 6.3 FASTST M M 5 MAX(MPH)
MISC ----> 46 40 58 40
================================================================================
NOTES:
# LAST OF SEVERAL OCCURRENCES
COLUMN 17 PEAK WIND IN M.P.H.
PRELIMINARY LOCAL CLIMATOLOGICAL DATA (WS FORM: F-6) , PAGE 2
STATION: LAS VEGAS NV
MONTH: JULY
YEAR: 2021
LATITUDE: 36 4 N
LONGITUDE: 115 10 W
[TEMPERATURE DATA] [PRECIPITATION DATA] SYMBOLS USED IN COLUMN 16
AVERAGE MONTHLY: 94.9 TOTAL FOR MONTH: 0.51 1 = FOG OR MIST
DPTR FM NORMAL: 1.7 DPTR FM NORMAL: 0.13 2 = FOG REDUCING VISIBILITY
HIGHEST: 117 ON 10 GRTST 24HR 0.23 ON 25-26 TO 1/4 MILE OR LESS
LOWEST: 69 ON 25 3 = THUNDER
SNOW, ICE PELLETS, HAIL 4 = ICE PELLETS
TOTAL MONTH: 0.0 INCH 5 = HAIL
GRTST 24HR 0.0 6 = FREEZING RAIN OR DRIZZLE
GRTST DEPTH: 0 7 = DUSTSTORM OR SANDSTORM:
VSBY 1/2 MILE OR LESS
8 = SMOKE OR HAZE
[NO. OF DAYS WITH] [WEATHER - DAYS WITH] 9 = BLOWING SNOW
X = TORNADO
MAX 32 OR BELOW: 0 0.01 INCH OR MORE: 7
MAX 90 OR ABOVE: 31 0.10 INCH OR MORE: 2
MIN 32 OR BELOW: 0 0.50 INCH OR MORE: 0
MIN 0 OR BELOW: 0 1.00 INCH OR MORE: 0
[HDD (BASE 65) ]
TOTAL THIS MO. 0 CLEAR (SCALE 0-3) 7
DPTR FM NORMAL 0 PTCLDY (SCALE 4-7) 23
TOTAL FM JUL 1 0 CLOUDY (SCALE 8-10) 1
DPTR FM NORMAL 0
[CDD (BASE 65) ]
TOTAL THIS MO. 933
DPTR FM NORMAL 57 [PRESSURE DATA]
TOTAL FM JAN 1 2416 HIGHEST SLP 30.04 ON 19
DPTR FM NORMAL 298 LOWEST SLP 29.58 ON 7
[REMARKS]
#FINAL-07-21#