000
CXUS54 KOUN 281829
CF6LAW
PRELIMINARY LOCAL CLIMATOLOGICAL DATA (WS FORM: F-6)
STATION: LAWTON
MONTH: MARCH
YEAR: 2024
LATITUDE: 34 34 N
LONGITUDE: 98 25 W
TEMPERATURE IN F: :PCPN: SNOW: WIND :SUNSHINE: SKY :PK WND
================================================================================
1 2 3 4 5 6A 6B 7 8 9 10 11 12 13 14 15 16 17 18
12Z AVG MX 2MIN
DY MAX MIN AVG DEP HDD CDD WTR SNW DPTH SPD SPD DIR MIN PSBL S-S WX SPD DR
================================================================================
1 66 32 49 0 16 0 0.00 0.0 0 8.4 15 170 M M 4 12 21 190
2 82 32 57 8 8 0 0.00 0.0 0 8.7 22 190 M M 0 12 32 170
3 84 36 60 11 5 0 0.00 0.0 0 12.9 23 190 M M 0 31 180
4 80 54 67 17 0 2 0.00 0.0 0 9.0 16 220 M M 0 27 230
5 68 47 58 8 7 0 0.00 0.0 0 14.1 22 10 M M 0 31 10
6 71 44 58 8 7 0 0.00 0.0 0 5.5 15 30 M M 1 1 18 30
7 77 57 67 16 0 2 0.05 0.0 0 9.7 21 170 M M 2 3 30 160
8 57 38 48 -3 17 0 0.22 0.0 0 18.4 41 360 M M 9 13 41 360
9 58 32 45 -6 20 0 0.00 0.0 0 9.8 24 350 M M 4 32 360
10 65 27 46 -6 19 0 0.00 0.0 0 4.7 16 180 M M 0 22 200
11 72 32 52 0 13 0 0.00 0.0 0 8.3 23 170 M M 0 1 35 160
12 80 42 61 9 4 0 0.00 0.0 0 9.2 21 200 M M 0 36 190
13 85 48 67 14 0 2 0.00 0.0 0 10.7 23 210 M M 0 12 39 210
14 84 53 69 16 0 4 0.00 0.0 0 8.4 31 10 M M 3 12 42 10
15 62 42 52 -2 13 0 0.00 0.0 0 15.7 30 20 M M 5 1 42 10
16 56 42 49 -5 16 0 0.15 0.0 0 6.0 12 360 M M 7 1 15 360
17 67 50 59 5 6 0 0.00 0.0 0 12.7 24 20 M M 6 32 40
18 58 32 45 -9 20 0 0.00 0.0 0 7.5 17 30 M M 0 23 40
19 72 29 51 -4 14 0 0.00 0.0 0 6.2 16 190 M M 0 27 210
20 77 38 58 3 7 0 0.00 0.0 0 6.7 16 170 M M 0 1 24 160
21 64 55 60 5 5 0 0.51 0.0 0 8.9 17 10 M M 9 13 22 10
22 72 49 61 5 4 0 0.00 0.0 0 13.0 25 350 M M 5 31 350
23 62 37 50 -6 15 0 0.00 0.0 0 9.8 20 140 M M 0 28 140
24 68 57 63 7 2 0 0.16 0.0 0 16.1 29 170 M M 6 13 42 170
25 61 38 50 -7 15 0 0.00 0.0 0 11.5 22 280 M M 2 35 290
26 56 34 45 -12 20 0 0.00 0.0 0 8.7 16 350 M M 0 8 25 360
27 57 34 46 -11 19 0 0.00 0.0 0 9.1 17 30 M M 4 22 40
================================================================================
SM 1861 1111 272 10 1.09 0.0 269.7 M 67
================================================================================
AV 68.9 41.1 10.0 FASTST M M 2 MAX(MPH)
MISC ----> 41 360 # 42 10
================================================================================
NOTES:
# LAST OF SEVERAL OCCURRENCES
COLUMN 17 PEAK WIND IN M.P.H.
PRELIMINARY LOCAL CLIMATOLOGICAL DATA (WS FORM: F-6) , PAGE 2
STATION: LAWTON
MONTH: MARCH
YEAR: 2024
LATITUDE: 34 34 N
LONGITUDE: 98 25 W
[TEMPERATURE DATA] [PRECIPITATION DATA] SYMBOLS USED IN COLUMN 16
AVERAGE MONTHLY: 55.0 TOTAL FOR MONTH: 1.09 1 = FOG OR MIST
DPTR FM NORMAL: 2.0 DPTR FM NORMAL: -0.48 2 = FOG REDUCING VISIBILITY
HIGHEST: 85 ON 13 GRTST 24HR 0.51 ON 21-21 TO 1/4 MILE OR LESS
LOWEST: 27 ON 10 3 = THUNDER
SNOW, ICE PELLETS, HAIL 4 = ICE PELLETS
TOTAL MONTH: 0.0 INCH 5 = HAIL
GRTST 24HR 0.0 6 = FREEZING RAIN OR DRIZZLE
GRTST DEPTH: 0 7 = DUSTSTORM OR SANDSTORM:
VSBY 1/2 MILE OR LESS
8 = SMOKE OR HAZE
[NO. OF DAYS WITH] [WEATHER - DAYS WITH] 9 = BLOWING SNOW
X = TORNADO
MAX 32 OR BELOW: 0 0.01 INCH OR MORE: 5
MAX 90 OR ABOVE: 0 0.10 INCH OR MORE: 4
MIN 32 OR BELOW: 7 0.50 INCH OR MORE: 1
MIN 0 OR BELOW: 0 1.00 INCH OR MORE: 0
[HDD (BASE 65) ]
TOTAL THIS MO. 272 CLEAR (SCALE 0-3) 17
DPTR FM NORMAL -64 PTCLDY (SCALE 4-7) 8
TOTAL FM JUL 1 2696 CLOUDY (SCALE 8-10) 2
DPTR FM NORMAL -251
[CDD (BASE 65) ]
TOTAL THIS MO. 10
DPTR FM NORMAL 0 [PRESSURE DATA]
TOTAL FM JAN 1 12 HIGHEST SLP M ON M
DPTR FM NORMAL 0 LOWEST SLP 29.33 ON 24
[REMARKS]