845
CXUS56 KLOX 011655
CF6LAX
PRELIMINARY LOCAL CLIMATOLOGICAL DATA (WS FORM: F-6)
STATION: LOS ANGELES INTL AIRPORT CA
MONTH: MAY
YEAR: 2020
LATITUDE: 33 55 N
LONGITUDE: 118 24 W
TEMPERATURE IN F: :PCPN: SNOW: WIND :SUNSHINE: SKY :PK WND
================================================================================
1 2 3 4 5 6A 6B 7 8 9 10 11 12 13 14 15 16 17 18
12Z AVG MX 2MIN
DY MAX MIN AVG DEP HDD CDD WTR SNW DPTH SPD SPD DIR MIN PSBL S-S WX SPD DR
================================================================================
1 72 62 67 5 0 2 0.00 0.0 0 6.3 16 260 M M 4 18 22 230
2 73 61 67 5 0 2 0.00 0.0 0 7.7 22 250 M M 2 28 250
3 72 59 66 4 0 1 0.00 0.0 0 6.1 20 260 M M 2 25 260
4 74 59 67 5 0 2 0.00 0.0 0 6.6 16 270 M M 1 21 270
5 80 63 72 10 0 7 0.00 0.0 0 6.4 17 240 M M 1 21 280
6 86 62 74 12 0 9 0.00 0.0 0 5.1 15 270 M M 5 1 19 260
7 87 65 76 14 0 11 0.00 0.0 0 5.4 14 250 M M 6 18 260
8 77 63 70 8 0 5 0.00 0.0 0 6.4 15 240 M M 4 128 20 220
9 74 56 65 3 0 0 0.00 0.0 0 6.8 15 260 M M 6 18 20 230
10 71 62 67 5 0 2 T 0.0 0 9.4 18 260 M M 8 18 25 260
11 71 62 67 5 0 2 0.00 0.0 0 11.1 21 260 M M 6 25 250
12 72 59 66 4 0 1 0.00 0.0 0 9.6 20 250 M M 5 24 230
13 71 59 65 3 0 0 0.00 0.0 0 9.9 21 260 M M 3 24 240
14 73 58 66 3 0 1 0.00 0.0 0 9.8 28 240 M M 3 33 240
15 73 59 66 3 0 1 0.00 0.0 0 7.5 24 270 M M 2 28 270
16 74 59 67 4 0 2 0.00 0.0 0 6.5 14 260 M M 2 19 270
17 75 60 68 5 0 3 0.00 0.0 0 9.7 22 260 M M 5 18 27 260
18 70 59 65 2 0 0 0.12 0.0 0 12.7 24 260 M M 8 1 29 260
19 68 56 62 -1 3 0 0.00 0.0 0 13.4 28 260 M M 3 33 270
20 68 54 61 -2 4 0 0.00 0.0 0 8.5 18 250 M M 2 23 260
21 73 57 65 2 0 0 0.00 0.0 0 7.7 21 250 M M 1 26 250
22 75 59 67 4 0 2 0.00 0.0 0 7.9 21 250 M M 4 8 26 250
23 70 59 65 2 0 0 0.00 0.0 0 8.6 18 270 M M 4 24 260
24 70 59 65 2 0 0 0.00 0.0 0 7.4 21 270 M M 2 8 24 270
25 69 59 64 1 1 0 0.00 0.0 0 7.9 14 260 M M 3 8 20 210
26 69 58 64 1 1 0 0.00 0.0 0 7.1 18 270 M M 8 128 24 260
27 69 57 63 0 2 0 0.00 0.0 0 7.0 17 270 M M 9 128 M M
28 68 59 64 0 1 0 0.00 0.0 0 7.1 16 260 M M 9 18 19 250
29 68 60 64 0 1 0 0.00 0.0 0 7.6 15 240 M M 9 18 19 260
30 71 60 66 2 0 1 0.00 0.0 0 11.9 24 260 M M 6 27 270
31 70 58 64 0 1 0 0.00 0.0 0 9.6 24 260 M M 6 29 280
================================================================================
SM 2253 1842 14 54 0.12 0.0 254.7 M 139
================================================================================
AV 72.7 59.4 8.2 FASTST M M 4 MAX(MPH)
MISC ----> # 28 240 # 33 240
================================================================================
NOTES:
# LAST OF SEVERAL OCCURRENCES
COLUMN 17 PEAK WIND IN M.P.H.
PRELIMINARY LOCAL CLIMATOLOGICAL DATA (WS FORM: F-6) , PAGE 2
STATION: LOS ANGELES INTL AIRPORT CA
MONTH: MAY
YEAR: 2020
LATITUDE: 33 55 N
LONGITUDE: 118 24 W
[TEMPERATURE DATA] [PRECIPITATION DATA] SYMBOLS USED IN COLUMN 16
AVERAGE MONTHLY: 66.1 TOTAL FOR MONTH: 0.12 1 = FOG OR MIST
DPTR FM NORMAL: 3.3 DPTR FM NORMAL: -0.10 2 = FOG REDUCING VISIBILITY
HIGHEST: 87 ON 7 GRTST 24HR 0.12 ON 18-18 TO 1/4 MILE OR LESS
LOWEST: 54 ON 20 3 = THUNDER
SNOW, ICE PELLETS, HAIL 4 = ICE PELLETS
TOTAL MONTH: 0.0 INCH 5 = HAIL
GRTST 24HR 0.0 6 = FREEZING RAIN OR DRIZZLE
GRTST DEPTH: 0 7 = DUSTSTORM OR SANDSTORM:
VSBY 1/2 MILE OR LESS
8 = SMOKE OR HAZE
[NO. OF DAYS WITH] [WEATHER - DAYS WITH] 9 = BLOWING SNOW
X = TORNADO
MAX 32 OR BELOW: 0 0.01 INCH OR MORE: 1
MAX 90 OR ABOVE: 0 0.10 INCH OR MORE: 1
MIN 32 OR BELOW: 0 0.50 INCH OR MORE: 0
MIN 0 OR BELOW: 0 1.00 INCH OR MORE: 0
[HDD (BASE 65) ]
TOTAL THIS MO. 14 CLEAR (SCALE 0-3) 13
DPTR FM NORMAL -72 PTCLDY (SCALE 4-7) 15
TOTAL FM JUL 1 826 CLOUDY (SCALE 8-10) 3
DPTR FM NORMAL -568
[CDD (BASE 65) ]
TOTAL THIS MO. 54
DPTR FM NORMAL 40 [PRESSURE DATA]
TOTAL FM JAN 1 137 HIGHEST SLP 30.07 ON 20
DPTR FM NORMAL 97 LOWEST SLP 29.81 ON 7
[REMARKS]
#FINAL-05-20#