785
CXUS55 KLBF 011510
CF6LBF
PRELIMINARY LOCAL CLIMATOLOGICAL DATA (WS FORM: F-6)
STATION: NORTH PLATTE
MONTH: DECEMBER
YEAR: 2020
LATITUDE: 41 7 N
LONGITUDE: 100 41 W
TEMPERATURE IN F: :PCPN: SNOW: WIND :SUNSHINE: SKY :PK WND
================================================================================
1 2 3 4 5 6A 6B 7 8 9 10 11 12 13 14 15 16 17 18
12Z AVG MX 2MIN
DY MAX MIN AVG DEP HDD CDD WTR SNW DPTH SPD SPD DIR MIN PSBL S-S WX SPD DR
================================================================================
1 50 10 30 2 35 0 0.00 0.0 0 13.6 30 340 M M 0 42 340
2 37 24 31 3 34 0 T T 0 13.8 24 340 M M 10 6 34 350
3 48 11 30 2 35 0 0.00 0.0 0 7.3 13 320 M M 0 18 290
4 66 17 42 15 23 0 0.00 0.0 0 8.1 14 320 M M 0 18 340
5 59 20 40 13 25 0 0.00 0.0 0 7.4 18 340 M M 0 25 360
6 58 17 38 11 27 0 0.00 0.0 0 3.9 8 310 M M 0 9 270
7 66 17 42 16 23 0 0.00 0.0 0 9.5 22 330 M M 0 32 310
8 68 18 43 17 22 0 0.00 0.0 0 8.1 15 260 M M 0 20 250
9 70 24 47 21 18 0 0.00 0.0 0 5.7 12 290 M M 0 15 160
10 45 18 32 6 33 0 0.00 0.0 0 12.5 23 350 M M 5 34 10
11 39 28 34 8 31 0 T T 0 14.6 22 360 M M 10 29 360
12 36 16 26 1 39 0 0.00 0.0 0 4.1 10 320 M M 5 14 320
13 38 9 24 -1 41 0 0.00 0.0 0 5.4 20 340 M M 1 1 28 350
14 28 6 17 -8 48 0 0.07 0.4 0 10.8 21 110 M M 3 1 26 110
15 28 6 17 -8 48 0 0.21 1.6 1 4.6 13 100 M M 8 128 17 100
16 43 2 23 -2 42 0 0.00 0.0 2 6.1 16 310 M M 3 128 23 290
17 45 11 28 3 37 0 0.00 0.0 T 7.2 18 180 M M 0 27 180
18 49 20 35 10 30 0 0.00 0.0 T 8.1 24 340 M M 3 35 330
19 52 13 33 9 32 0 0.00 0.0 0 7.1 18 260 M M 0 25 270
20 55 22 39 15 26 0 0.00 0.0 0 8.6 23 240 M M 2 32 230
21 55 21 38 14 27 0 0.00 0.0 0 5.4 10 100 M M 0 15 240
22 58 29 44 20 21 0 0.00 0.0 0 8.9 39 310 M M 0 56 310
23 45 8 27 3 38 0 0.08 0.5 T 24.0 46 330 M M 6 19 67 320
24 38 7 23 -1 42 0 T T T 7.8 24 330 M M 6 33 310
25 58 18 38 14 27 0 0.00 0.0 0 6.7 17 290 M M 0 21 290
26 57 15 36 12 29 0 0.00 0.0 0 2.6 10 320 M M 0 14 260
27 45 23 34 10 31 0 T T 0 9.2 23 330 M M 5 34 340
28 39 16 28 4 37 0 0.14 1.4 0 5.5 16 110 M M 5 1 21 100
29 31 14 23 -1 42 0 0.22 3.5 4 9.0 20 130 M M 8 1 27 130
30 29 3 16 -8 49 0 0.00 0.0 5 5.4 13 260 M M 0 16 250
31 36 -1 18 -6 47 0 0.00 0.0 3 3.4 12 310 M M 0 13 310
================================================================================
SM 1471 462 1039 0 0.72 7.4 254.4 M 80
================================================================================
AV 47.5 14.9 8.2 FASTST M M 3 MAX(MPH)
MISC ----> 46 330 67 320
================================================================================
NOTES:
# LAST OF SEVERAL OCCURRENCES
COLUMN 17 PEAK WIND IN M.P.H.
PRELIMINARY LOCAL CLIMATOLOGICAL DATA (WS FORM: F-6) , PAGE 2
STATION: NORTH PLATTE
MONTH: DECEMBER
YEAR: 2020
LATITUDE: 41 7 N
LONGITUDE: 100 41 W
[TEMPERATURE DATA] [PRECIPITATION DATA] SYMBOLS USED IN COLUMN 16
AVERAGE MONTHLY: 31.2 TOTAL FOR MONTH: 0.72 1 = FOG OR MIST
DPTR FM NORMAL: 5.8 DPTR FM NORMAL: 0.31 2 = FOG REDUCING VISIBILITY
HIGHEST: 70 ON 9 GRTST 24HR 0.36 ON 28-29 TO 1/4 MILE OR LESS
LOWEST: -1 ON 31 3 = THUNDER
SNOW, ICE PELLETS, HAIL 4 = ICE PELLETS
TOTAL MONTH: 7.4 INCHES 5 = HAIL
GRTST 24HR 3.5 ON 29-29 6 = FREEZING RAIN OR DRIZZLE
GRTST DEPTH: 5 ON 30 7 = DUSTSTORM OR SANDSTORM:
VSBY 1/2 MILE OR LESS
8 = SMOKE OR HAZE
[NO. OF DAYS WITH] [WEATHER - DAYS WITH] 9 = BLOWING SNOW
X = TORNADO
MAX 32 OR BELOW: 4 0.01 INCH OR MORE: 5
MAX 90 OR ABOVE: 0 0.10 INCH OR MORE: 3
MIN 32 OR BELOW: 31 0.50 INCH OR MORE: 0
MIN 0 OR BELOW: 1 1.00 INCH OR MORE: 0
[HDD (BASE 65) ]
TOTAL THIS MO. 1039 CLEAR (SCALE 0-3) 20
DPTR FM NORMAL -190 PTCLDY (SCALE 4-7) 8
TOTAL FM JUL 1 2381 CLOUDY (SCALE 8-10) 3
DPTR FM NORMAL -402
[CDD (BASE 65) ]
TOTAL THIS MO. 0
DPTR FM NORMAL 0 [PRESSURE DATA]
TOTAL FM JAN 1 1121 HIGHEST SLP 30.49 ON 3
DPTR FM NORMAL 353 LOWEST SLP 29.35 ON 22
[REMARKS]
#FINAL-12-20#