000
CXUS52 KILM 031110
CLMLBT
CLIMATE REPORT
NATIONAL WEATHER SERVICE WILMINGTON NC
710 AM EDT SUN SEP 03 2023
...................................
...THE LUMBERTON NORTH CAROLINA CLIMATE SUMMARY FOR THE MONTH OF AUGUST 2023...
CLIMATE NORMAL PERIOD 1991 TO 2020
CLIMATE RECORD PERIOD 1903 TO 2023
WEATHER OBSERVED NORMAL DEPART LAST YEAR`S
VALUE DATE(S) VALUE FROM VALUE DATE(S)
NORMAL
................................................................
TEMPERATURE (F)
RECORD
HIGH 106 08/10/2007
08/09/2007
08/08/2007
LOW 44 08/30/1965
HIGHEST 97 08/14 MM MM 97
LOWEST 64 08/24 MM MM 61
AVG. MAXIMUM 90.6 89.1 1.5 89.2
AVG. MINIMUM 71.2 70.9 0.3 71.0
MEAN 80.9 80.0 0.9 80.1
DAYS MAX >= 90 23 16.5 6.5 15
DAYS MAX <= 32 0 0.0 0.0 0
DAYS MIN <= 32 0 0.0 0.0 0
DAYS MIN <= 0 0 0.0 0.0 0
PRECIPITATION (INCHES)
RECORD
MAXIMUM 11.08 1992
MINIMUM 0.55 2005
TOTALS 7.37 4.77 2.60
DAILY AVG. 0.24 0.15 0.09
DAYS >= .01 11 13.4 -2.4
DAYS >= .10 9 8.3 0.7
DAYS >= .50 3 3.3 -0.3
DAYS >= 1.00 2 1.5 0.5
GREATEST
24 HR. TOTAL 3.96 08/30 TO 08/31 1.34 08/22 TO 08/22
STORM TOTAL 3.96
(MM/DD(HH))
DEGREE DAYS
HEATING TOTAL 0 0 0 0
SINCE 7/1 0 0 0
COOLING TOTAL 501 465 36 476
SINCE 1/1 1647 1693 -46
FREEZE DATES
RECORD
EARLIEST 10/03/1981
LATEST 05/10/1980
EARLIEST MM
LATEST 03/21
................................................................
WIND (MPH)
AVERAGE WIND SPEED 5.0
RESULTANT WIND SPEED/DIRECTION 0/170
HIGHEST WIND SPEED/DIRECTION 35/330 DATE 08/07
HIGHEST GUST SPEED/DIRECTION 46/030 DATE 08/30
SKY COVER
AVERAGE SKY COVER 0.21
AVERAGE RH (PERCENT) 77
WEATHER CONDITIONS. NUMBER OF DAYS WITH
THUNDERSTORM 10 MIXED PRECIP MM
HEAVY RAIN 8 RAIN 9
LIGHT RAIN 13 FREEZING RAIN 0
LT FREEZING RAIN 0 HAIL MM
HEAVY SNOW 0 SNOW 0
LIGHT SNOW 0 SLEET MM
FOG 17 FOG W/VIS <= 1/4 MILE 1
HAZE 0
- INDICATES NEGATIVE NUMBERS.
R INDICATES RECORD WAS SET OR TIED.
MM INDICATES DATA IS MISSING.
T INDICATES TRACE AMOUNT.
$$