000
CXUS53 KLMK 010738
CF6LEX
PRELIMINARY LOCAL CLIMATOLOGICAL DATA (WS FORM: F-6)
STATION: LEXINGTON KY
MONTH: JULY
YEAR: 2023
LATITUDE: 38 1 N
LONGITUDE: 84 36 W
TEMPERATURE IN F: :PCPN: SNOW: WIND :SUNSHINE: SKY :PK WND
================================================================================
1 2 3 4 5 6A 6B 7 8 9 10 11 12 13 14 15 16 17 18
12Z AVG MX 2MIN
DY MAX MIN AVG DEP HDD CDD WTR SNW DPTH SPD SPD DIR MIN PSBL S-S WX SPD DR
================================================================================
1 83 69 76 0 0 11 1.24 0.0 0 9.7 24 10 M M 3 13 35 20
2 87 69 78 2 0 13 1.25 0.0 0 11.9 38 270 M M 5 138 59 260
3 85 70 78 2 0 13 T 0.0 0 8.5 17 240 M M 7 24 240
4 89 70 80 4 0 15 T 0.0 0 3.5 14 330 M M 1 18 18 330
5 91 69 80 4 0 15 0.00 0.0 0 3.6 12 210 M M 1 18 15 170
6 89 71 80 3 0 15 0.10 0.0 0 6.9 21 360 M M 2 3 29 330
7 89 69 79 2 0 14 0.00 0.0 0 3.4 8 360 M M 0 18 12 300
8 84 66 75 -2 0 10 0.13 0.0 0 5.2 22 340 M M 3 3 31 330
9 83 66 75 -2 0 10 T 0.0 0 5.3 15 280 M M 5 1 21 320
10 86 57 72 -5 0 7 0.00 0.0 0 2.4 10 360 M M 1 18 17 340
11 87 63 75 -2 0 10 0.00 0.0 0 4.0 13 210 M M 1 17 240
12 88 63 76 -1 0 11 0.00 0.0 0 6.7 14 200 M M 1 18 170
13 91 74 83 6 0 18 T 0.0 0 8.1 16 260 M M 3 3 23 210
14 92 72 82 5 0 17 0.00 0.0 0 3.9 12 270 M M 1 18 16 300
15 82 70 76 -1 0 11 0.14 0.0 0 6.2 24 260 M M 5 138 37 270
16 86 69 78 1 0 13 0.00 0.0 0 6.3 15 270 M M 1 128 21 280
17 87 69 78 1 0 13 0.03 0.0 0 8.2 20 50 M M 2 38 24 250
18 88 64 76 -1 0 11 1.26 0.0 0 9.7 24 230 M M 4 13 37 210
19 84 70 77 0 0 12 T 0.0 0 6.9 16 240 M M 9 1 24 240
20 84 73 79 2 0 14 0.46 0.0 0 6.5 21 240 M M 5 138 32 240
21 85 69 77 0 0 12 0.00 0.0 0 5.8 16 350 M M 2 1 22 350
22 85 68 77 0 0 12 0.00 0.0 0 3.4 10 280 M M 4 14 270
23 85 62 74 -3 0 9 0.00 0.0 0 3.5 13 240 M M 0 18 20 200
24 88 66 77 0 0 12 0.71 0.0 0 7.5 28 240 M M 1 13 39 240
25 89 66 78 1 0 13 0.00 0.0 0 3.2 9 240 M M 1 13 270
26 92 74 83 6 0 18 T 0.0 0 10.1 20 210 M M 1 27 220
27 93 77 85 8 0 20 0.00 0.0 0 10.7 17 220 M M 2 3 23 250
28 94 73 84 7 0 19 0.00 0.0 0 8.6 26 60 M M 2 3 33 70
29 93 77 85 8 0 20 T 0.0 0 8.6 18 280 M M 1 3 26 280
30 90 70 80 3 0 15 0.00 0.0 0 4.2 14 350 M M 3 18 350
31 87 65 76 -1 0 11 0.00 0.0 0 6.2 15 10 M M 1 21 10
================================================================================
SM 2716 2130 0 414 5.32 0.0 198.7 M 78
================================================================================
AV 87.6 68.7 6.4 FASTST M M 3 MAX(MPH)
MISC ----> 38 270 59 260
================================================================================
NOTES:
# LAST OF SEVERAL OCCURRENCES
COLUMN 17 PEAK WIND IN M.P.H.
PRELIMINARY LOCAL CLIMATOLOGICAL DATA (WS FORM: F-6) , PAGE 2
STATION: LEXINGTON KY
MONTH: JULY
YEAR: 2023
LATITUDE: 38 1 N
LONGITUDE: 84 36 W
[TEMPERATURE DATA] [PRECIPITATION DATA] SYMBOLS USED IN COLUMN 16
AVERAGE MONTHLY: 78.2 TOTAL FOR MONTH: 5.32 1 = FOG OR MIST
DPTR FM NORMAL: 1.5 DPTR FM NORMAL: 0.20 2 = FOG REDUCING VISIBILITY
HIGHEST: 94 ON 28 GRTST 24HR 1.29 ON 1- 2 TO 1/4 MILE OR LESS
LOWEST: 57 ON 10 3 = THUNDER
SNOW, ICE PELLETS, HAIL 4 = ICE PELLETS
TOTAL MONTH: 0.0 INCH 5 = HAIL
GRTST 24HR 0.0 6 = FREEZING RAIN OR DRIZZLE
GRTST DEPTH: 0 7 = DUSTSTORM OR SANDSTORM:
VSBY 1/2 MILE OR LESS
8 = SMOKE OR HAZE
[NO. OF DAYS WITH] [WEATHER - DAYS WITH] 9 = BLOWING SNOW
X = TORNADO
MAX 32 OR BELOW: 0 0.01 INCH OR MORE: 9
MAX 90 OR ABOVE: 8 0.10 INCH OR MORE: 8
MIN 32 OR BELOW: 0 0.50 INCH OR MORE: 4
MIN 0 OR BELOW: 0 1.00 INCH OR MORE: 3
[HDD (BASE 65) ]
TOTAL THIS MO. 0 CLEAR (SCALE 0-3) 22
DPTR FM NORMAL 0 PTCLDY (SCALE 4-7) 8
TOTAL FM JUL 1 0 CLOUDY (SCALE 8-10) 1
DPTR FM NORMAL 0
[CDD (BASE 65) ]
TOTAL THIS MO. 414
DPTR FM NORMAL 51 [PRESSURE DATA]
TOTAL FM JAN 1 726 HIGHEST SLP 30.13 ON 31
DPTR FM NORMAL -29 LOWEST SLP 29.78 ON 8
[REMARKS]
#FINAL-07-23#