000
CXUS53 KLMK 020128
CLMLEX
CLIMATE REPORT
NATIONAL WEATHER SERVICE LOUISVILLE KY
828 PM EST THU FEB 01 2024
...................................
...THE LEXINGTON KY CLIMATE SUMMARY FOR THE MONTH OF JANUARY 2024...
CLIMATE NORMAL PERIOD 1991 TO 2020
CLIMATE RECORD PERIOD 1872 TO 2024
WEATHER OBSERVED NORMAL DEPART LAST YEAR`S
VALUE DATE(S) VALUE FROM VALUE DATE(S)
NORMAL
................................................................
TEMPERATURE (F)
RECORD
HIGH 80 01/24/1943
LOW -21 01/24/1963
HIGHEST 64 01/25 MM MM 67 01/03
LOWEST -7 01/21 MM MM 20 01/15
AVG. MAXIMUM 40.7 42.3 -1.6 51.1
AVG. MINIMUM 27.2 25.4 1.8 34.9
MEAN 33.9 33.9 0.0 43.0
DAYS MAX >= 90 0 0.0 0.0 0
DAYS MAX <= 32 7 7.6 -0.6 0
DAYS MIN <= 32 18 22.7 -4.7 13
DAYS MIN <= 0 2 0.6 1.4 0
PRECIPITATION (INCHES)
RECORD
MAXIMUM 16.65 1950
MINIMUM 0.37 1981
TOTALS 6.05 3.42 2.63 6.29
DAILY AVG. 0.20 0.11 0.09 0.20
DAYS >= .01 16 12.6 3.4 16
DAYS >= .10 10 6.7 3.3 10
DAYS >= .50 4 2.3 1.7 4
DAYS >= 1.00 2 0.7 1.3 2
GREATEST
24 HR. TOTAL 1.39 01/08 TO 01/09
SNOWFALL (INCHES)
RECORDS
TOTAL 21.9 5
TOTALS 5.4 4.7 0.7 0.7
SINCE 7/1 5.4 7.0 -1.6 MM
SNOWDEPTH AVG. 1 -1
DAYS >= 1.0 3 1.3 1.7 0
GREATEST
SNOW DEPTH 4 01/20 MM 01/29
01/30
01/27
DEGREE DAYS
HEATING TOTAL 957 966 -9 674
SINCE 7/1 2281 2681 -400 MM
COOLING TOTAL 0 0 0 0
SINCE 1/1 0 0 0 MM
................................................................
WIND (MPH)
AVERAGE WIND SPEED 8.9
HIGHEST WIND SPEED/DIRECTION 35/250 DATE 01/12
HIGHEST GUST SPEED/DIRECTION 57/160 DATE 01/12
SKY COVER
POSSIBLE SUNSHINE (PERCENT) MM
AVERAGE SKY COVER 0.66
NUMBER OF DAYS FAIR 8
NUMBER OF DAYS PC 6
NUMBER OF DAYS CLOUDY 17
AVERAGE RH (PERCENT) 75
WEATHER CONDITIONS. NUMBER OF DAYS WITH
THUNDERSTORM 1 MIXED PRECIP 0
HEAVY RAIN 5 RAIN 6
LIGHT RAIN 13 FREEZING RAIN 0
LT FREEZING RAIN 0 HAIL 0
HEAVY SNOW 0 SNOW 1
LIGHT SNOW 9 SLEET 0
FOG 18 FOG W/VIS <= 1/4 MILE 1
HAZE 5
- INDICATES NEGATIVE NUMBERS.
R INDICATES RECORD WAS SET OR TIED.
MM INDICATES DATA IS MISSING.
T INDICATES TRACE AMOUNT.
$$