651
CXUS54 KLCH 290822
CF6LFT
PRELIMINARY LOCAL CLIMATOLOGICAL DATA (WS FORM: F-6)
STATION: LAFAYETTE
MONTH: SEPTEMBER
YEAR: 2020
LATITUDE: 30 12 N
LONGITUDE: 92 0 W
TEMPERATURE IN F: :PCPN: SNOW: WIND :SUNSHINE: SKY :PK WND
================================================================================
1 2 3 4 5 6A 6B 7 8 9 10 11 12 13 14 15 16 17 18
12Z AVG MX 2MIN
DY MAX MIN AVG DEP HDD CDD WTR SNW DPTH SPD SPD DIR MIN PSBL S-S WX SPD DR
================================================================================
1 93 81 87 5 0 22 0.00 0.0 0 9.5 18 210 M M M 18 26 190
2 92 78 85 3 0 20 0.00 0.0 0 7.9 16 200 M M M 22 200
3 93 75 84 2 0 19 0.00 0.0 0 2.6 13 30 M M M 13 18 30
4 94 78 86 4 0 21 0.00 0.0 0 3.1 9 40 M M M 3 14 40
5 95 75 85 3 0 20 1.52 0.0 0 4.1 21 30 M M M 138 29 30
6 93 72 83 1 0 18 0.00 0.0 0 3.4 9 40 M M M 13 50
7 93 70 82 0 0 17 0.00 0.0 0 1.1 7 50 M M M 12 50
8 92 74 83 2 0 18 0.00 0.0 0 1.7 7 50 M M M 18 12 120
9 92 75 84 3 0 19 0.00 0.0 0 3.3 15 210 M M M 13 23 110
10 92 75 84 3 0 19 0.00 0.0 0 5.5 14 10 M M M 1 20 30
11 92 74 83 2 0 18 0.00 0.0 0 5.0 16 30 M M M 24 20
12 89 74 82 2 0 17 0.55 0.0 0 4.9 18 40 M M M 13 24 20
13 92 75 84 4 0 19 0.00 0.0 0 7.7 15 10 M M M 22 10
14 91 75 83 3 0 18 0.00 0.0 0 9.7 18 30 M M M 24 30
15 92 76 84 4 0 19 0.01 0.0 0 12.2 22 40 M M 3 32 50
16 91 75 83 4 0 18 0.00 0.0 0 9.4 18 30 M M 2 23 20
17 88 72 80 1 0 15 0.00 0.0 0 6.2 10 20 M M 1 M M
18 77 71 74 -5 0 9 0.00 0.0 M 8.3 10 30 M M 1 M M
19 80 69 75 -3 0 10 0.00 0.0 0 10.0 14 60 M M 5 31 30
20 73 68 71 -7 0 6 0.00 0.0 0 10.9 14 60 M M 10 30 30
21 73 68 71 -7 0 6 0.13 0.0 M 8.8 16 80 M M 10 28 70
22 77 68 73 -5 0 8 0.25 M M 6.6 9 80 M M 10 1 18 80
23 84 71 78 1 0 13 0.67 0.0 0 9.9 21 190 M M 7 1 33 180
24 75 69 72 -5 0 7 0.00 0.0 0 7.4 15 280 M M 10 1 22 290
25 81 66 74 -3 0 9 0.00 0.0 0 3.6 8 20 M M 7 12 30
26 86 65 76 0 0 11 0.00 0.0 0 2.4 10 190 M M 3 14 180
27 89 64 77 1 0 12 0.00 0.0 0 3.1 13 190 M M 1 1 18 180
28 86 64 75 -1 0 10 1.53 0.0 0 5.7 24 330 M M 9 123 35 320
29 78 57 68 -7 0 3 0.00 0.0 0 8.9 17 10 M M 2 25 10
30 81 53 67 -8 0 2 0.00 0.0 0 1.8 8 270 M M 0 11 250
================================================================================
SM 2604 2127 0 423 4.66 0.0 184.7 M 81
================================================================================
AV 86.8 70.9 6.2 FASTST M M 5 MAX(MPH)
MISC ----> # 24 330 # 35 320
================================================================================
NOTES:
# LAST OF SEVERAL OCCURRENCES
COLUMN 17 PEAK WIND IN M.P.H.
PRELIMINARY LOCAL CLIMATOLOGICAL DATA (WS FORM: F-6) , PAGE 2
STATION: LAFAYETTE
MONTH: SEPTEMBER
YEAR: 2020
LATITUDE: 30 12 N
LONGITUDE: 92 0 W
[TEMPERATURE DATA] [PRECIPITATION DATA] SYMBOLS USED IN COLUMN 16
AVERAGE MONTHLY: 78.9 TOTAL FOR MONTH: 4.66 1 = FOG OR MIST
DPTR FM NORMAL: -0.3 DPTR FM NORMAL: -0.06 2 = FOG REDUCING VISIBILITY
HIGHEST: 95 ON 5 GRTST 24HR 1.53 ON 28-28 TO 1/4 MILE OR LESS
LOWEST: 53 ON 30 3 = THUNDER
SNOW, ICE PELLETS, HAIL 4 = ICE PELLETS
TOTAL MONTH: 0.0 INCH 5 = HAIL
GRTST 24HR 0.0 6 = FREEZING RAIN OR DRIZZLE
GRTST DEPTH: 0 7 = DUSTSTORM OR SANDSTORM:
VSBY 1/2 MILE OR LESS
8 = SMOKE OR HAZE
[NO. OF DAYS WITH] [WEATHER - DAYS WITH] 9 = BLOWING SNOW
X = TORNADO
MAX 32 OR BELOW: 0 0.01 INCH OR MORE: 7
MAX 90 OR ABOVE: 15 0.10 INCH OR MORE: 6
MIN 32 OR BELOW: 0 0.50 INCH OR MORE: 4
MIN 0 OR BELOW: 0 1.00 INCH OR MORE: 2
[HDD (BASE 65) ]
TOTAL THIS MO. 0 CLEAR (SCALE 0-3) 7
DPTR FM NORMAL -1 PTCLDY (SCALE 4-7) 4
TOTAL FM JUL 1 0 CLOUDY (SCALE 8-10) 5
DPTR FM NORMAL -1
[CDD (BASE 65) ]
TOTAL THIS MO. 423
DPTR FM NORMAL -4 [PRESSURE DATA]
TOTAL FM JAN 1 2774 HIGHEST SLP 30.19 ON 5
DPTR FM NORMAL 86 LOWEST SLP 29.70 ON 23
[REMARKS]
#FINAL-09-20#