000
CXUS51 KOKX 010910
CF6LGA
PRELIMINARY LOCAL CLIMATOLOGICAL DATA (WS FORM: F-6)
STATION: LAGUARDIA NY
MONTH: APRIL
YEAR: 2022
LATITUDE: 40 46 N
LONGITUDE: 73 54 W
TEMPERATURE IN F: :PCPN: SNOW: WIND :SUNSHINE: SKY :PK WND
================================================================================
1 2 3 4 5 6A 6B 7 8 9 10 11 12 13 14 15 16 17 18
12Z AVG MX 2MIN
DY MAX MIN AVG DEP HDD CDD WTR SNW DPTH SPD SPD DIR MIN PSBL S-S WX SPD DR
================================================================================
1 61 43 52 4 13 0 0.26 0.0 0 16.9 36 290 M M 8 1 46 290
2 55 39 47 -1 18 0 0.00 0.0 0 13.6 29 310 M M 7 36 310
3 46 41 44 -5 21 0 0.09 0.0 0 8.9 25 300 M M 9 33 290
4 54 40 47 -2 18 0 0.00 0.0 0 12.1 24 310 M M 5 30 300
5 55 44 50 0 15 0 0.06 0.0 0 7.7 17 160 M M 8 20 160
6 53 44 49 -1 16 0 0.36 0.0 0 15.5 30 50 M M 10 1 39 60
7 56 46 51 1 14 0 0.97 0.0 0 16.8 35 130 M M 10 138 50 110
8 64 50 57 6 8 0 0.04 0.0 0 10.5 20 290 M M 5 1 28 280
9 56 48 52 1 13 0 0.02 0.0 0 9.8 25 310 M M 8 31 310
10 49 43 46 -6 19 0 T 0.0 0 17.6 30 320 M M 7 36 300
11 60 42 51 -1 14 0 0.00 0.0 0 10.4 22 190 M M 4 26 190
12 71 50 61 9 4 0 0.04 0.0 0 7.3 16 300 M M 6 21 310
13 69 50 60 7 5 0 0.00 0.0 0 7.5 17 170 M M 7 24 140
14 71 55 63 10 2 0 0.11 0.0 0 10.9 28 320 M M 7 3 36 320
15 69 51 60 6 5 0 0.00 0.0 0 12.3 29 180 M M 3 38 180
16 70 45 58 4 7 0 0.14 0.0 0 12.6 26 330 M M 7 32 330
17 50 42 46 -8 19 0 0.00 0.0 0 15.7 28 290 M M 4 36 290
18 53 41 47 -8 18 0 0.92 0.0 0 12.8 26 70 M M 6 1 33 80
19 50 40 45 -10 20 0 1.14 0.0 0 19.6 32 260 M M 7 1 41 280
20 60 43 52 -3 13 0 0.00 0.0 0 12.2 26 300 M M 4 33 290
21 59 45 52 -4 13 0 0.00 0.0 0 12.1 26 170 M M 7 36 170
22 68 52 60 4 5 0 0.00 0.0 0 10.8 23 300 M M 3 28 330
23 61 50 56 0 9 0 0.00 0.0 0 6.9 16 180 M M 8 19 150
24 60 48 54 -3 11 0 0.00 0.0 0 9.2 18 40 M M 6 23 150
25 58 46 52 -5 13 0 0.00 0.0 0 9.3 14 140 M M 9 20 60
26 60 50 55 -3 10 0 0.05 0.0 0 8.5 17 50 M M 10 18 24 40
27 59 42 51 -7 14 0 0.00 0.0 0 21.4 31 310 M M 6 39 310
28 56 41 49 -9 16 0 0.00 0.0 0 20.8 31 320 M M 3 41 320
29 62 42 52 -7 13 0 0.00 0.0 0 17.3 30 330 M M 1 35 320
30 67 47 57 -2 8 0 0.00 0.0 0 8.0 16 160 M M 1 21 350
================================================================================
SM 1782 1360 374 0 4.20 0.0 375.0 M 186
================================================================================
AV 59.4 45.3 12.5 FASTST M M 6 MAX(MPH)
MISC ----> 36 290 50 110
================================================================================
NOTES:
# LAST OF SEVERAL OCCURRENCES
COLUMN 17 PEAK WIND IN M.P.H.
PRELIMINARY LOCAL CLIMATOLOGICAL DATA (WS FORM: F-6) , PAGE 2
STATION: LAGUARDIA NY
MONTH: APRIL
YEAR: 2022
LATITUDE: 40 46 N
LONGITUDE: 73 54 W
[TEMPERATURE DATA] [PRECIPITATION DATA] SYMBOLS USED IN COLUMN 16
AVERAGE MONTHLY: 52.4 TOTAL FOR MONTH: 4.20 1 = FOG OR MIST
DPTR FM NORMAL: -1.2 DPTR FM NORMAL: 0.35 2 = FOG REDUCING VISIBILITY
HIGHEST: 71 ON 14,12 GRTST 24HR 2.06 ON 18-19 TO 1/4 MILE OR LESS
LOWEST: 39 ON 2 3 = THUNDER
SNOW, ICE PELLETS, HAIL 4 = ICE PELLETS
TOTAL MONTH: 0.0 INCH 5 = HAIL
GRTST 24HR 0.0 6 = FREEZING RAIN OR DRIZZLE
GRTST DEPTH: 0 7 = DUSTSTORM OR SANDSTORM:
VSBY 1/2 MILE OR LESS
8 = SMOKE OR HAZE
[NO. OF DAYS WITH] [WEATHER - DAYS WITH] 9 = BLOWING SNOW
X = TORNADO
MAX 32 OR BELOW: 0 0.01 INCH OR MORE: 13
MAX 90 OR ABOVE: 0 0.10 INCH OR MORE: 7
MIN 32 OR BELOW: 0 0.50 INCH OR MORE: 3
MIN 0 OR BELOW: 0 1.00 INCH OR MORE: 1
[HDD (BASE 65) ]
TOTAL THIS MO. 374 CLEAR (SCALE 0-3) 3
DPTR FM NORMAL 23 PTCLDY (SCALE 4-7) 20
TOTAL FM JUL 1 3953 CLOUDY (SCALE 8-10) 7
DPTR FM NORMAL -303
[CDD (BASE 65) ]
TOTAL THIS MO. 0
DPTR FM NORMAL -10 [PRESSURE DATA]
TOTAL FM JAN 1 0 HIGHEST SLP M ON M
DPTR FM NORMAL -11 LOWEST SLP 29.40 ON 1
[REMARKS]
#FINAL-04-22#