000
CXUS55 KBOU 230900
CF6LIC
PRELIMINARY LOCAL CLIMATOLOGICAL DATA (WS FORM: F-6)
STATION: LIMON CO
MONTH: APRIL
YEAR: 2024
LATITUDE: 39 10 N
LONGITUDE: 103 42 W
TEMPERATURE IN F: :PCPN: SNOW: WIND :SUNSHINE: SKY :PK WND
================================================================================
1 2 3 4 5 6A 6B 7 8 9 10 11 12 13 14 15 16 17 18
12Z AVG MX 2MIN
DY MAX MIN AVG DEP HDD CDD WTR SNW DPTH SPD SPD DIR MIN PSBL S-S WX SPD DR
================================================================================
1 53 33 43 1 22 0 0.00 M M 15.1 25 350 M M 8 1 34 340
2 60 27 44 2 21 0 0.00 M M 17.9 36 350 M M 1 47 350
3 71 27 49 7 16 0 0.00 M M 11.7 30 330 M M 2 42 350
4 75 27 51 9 14 0 0.00 M M 10.4 21 130 M M 0 30 160
5 77 31 54 12 11 0 0.00 M M 15.0 33 170 M M 0 45 190
6 52 32 42 -1 23 0 0.08 M M 17.0 37 330 M M 3 12 50 320
7 61 29 45 2 20 0 0.00 M M 12.5 26 320 M M 2 35 310
8 58 18 38 -5 27 0 0.00 M M 5.0 15 280 M M 3 21 280
9 60 18 39 -4 26 0 0.00 M M 8.9 21 190 M M 1 30 170
10 60 28 44 1 21 0 T M M 12.1 30 340 M M 4 39 340
11 62 24 43 0 22 0 0.00 M M 4.4 13 170 M M 2 19 160
12 76 22 49 5 16 0 0.00 M M 6.0 21 150 M M 0 27 160
13 80 32 56 12 9 0 0.00 M M 8.6 22 330 M M 0 32 310
14 81 36 59 15 6 0 0.00 M M 9.2 26 170 M M 0 37 130
15 78 26 52 8 13 0 0.00 M M 12.6 33 240 M M 0 50 220
16 67 37 52 8 13 0 0.43 M M 18.4 43 330 M M 4 13 58 330
17 76 31 54 10 11 0 0.00 M M 11.6 38 20 M M 2 47 10
18 40 32 36 -9 29 0 0.00 M M 12.0 30 360 M M 10 8 40 340
19 49 32 41 -4 24 0 0.04 M M 11.3 22 150 M M 10 1 30 160
20 44 31 38 -7 27 0 0.03 M M 9.9 23 160 M M 10 1 29 160
21 61 32 47 2 18 0 T M M 8.1 20 160 M M 5 1 26 170
22 78 29 54 8 11 0 0.00 M M 3.7 23 280 M M 0 36 280
================================================================================
SM 1419 634 400 0 0.58 M 241.4 M 67
================================================================================
AV 64.5 28.8 11.0 FASTST M M 3 MAX(MPH)
MISC ----> 43 330 58 330
================================================================================
NOTES:
# LAST OF SEVERAL OCCURRENCES
COLUMN 17 PEAK WIND IN M.P.H.
PRELIMINARY LOCAL CLIMATOLOGICAL DATA (WS FORM: F-6) , PAGE 2
STATION: LIMON CO
MONTH: APRIL
YEAR: 2024
LATITUDE: 39 10 N
LONGITUDE: 103 42 W
[TEMPERATURE DATA] [PRECIPITATION DATA] SYMBOLS USED IN COLUMN 16
AVERAGE MONTHLY: 46.7 TOTAL FOR MONTH: 0.58 1 = FOG OR MIST
DPTR FM NORMAL: 3.1 DPTR FM NORMAL: -0.32 2 = FOG REDUCING VISIBILITY
HIGHEST: 81 ON 14 GRTST 24HR 0.43 ON 16-16 TO 1/4 MILE OR LESS
LOWEST: 18 ON 8, 9 3 = THUNDER
SNOW, ICE PELLETS, HAIL 4 = ICE PELLETS
TOTAL MONTH: M 5 = HAIL
GRTST 24HR M ON M 6 = FREEZING RAIN OR DRIZZLE
GRTST DEPTH: M ON M 7 = DUSTSTORM OR SANDSTORM:
VSBY 1/2 MILE OR LESS
8 = SMOKE OR HAZE
[NO. OF DAYS WITH] [WEATHER - DAYS WITH] 9 = BLOWING SNOW
X = TORNADO
MAX 32 OR BELOW: 0 0.01 INCH OR MORE: 4
MAX 90 OR ABOVE: 0 0.10 INCH OR MORE: 1
MIN 32 OR BELOW: 19 0.50 INCH OR MORE: 0
MIN 0 OR BELOW: 0 1.00 INCH OR MORE: 0
[HDD (BASE 65) ]
TOTAL THIS MO. 400 CLEAR (SCALE 0-3) 14
DPTR FM NORMAL -74 PTCLDY (SCALE 4-7) 5
TOTAL FM JUL 1 5748 CLOUDY (SCALE 8-10) 3
DPTR FM NORMAL -698
[CDD (BASE 65) ]
TOTAL THIS MO. 0
DPTR FM NORMAL 0 [PRESSURE DATA]
TOTAL FM JAN 1 0 HIGHEST SLP M ON M
DPTR FM NORMAL 0 LOWEST SLP 29.18 ON 6
[REMARKS]