000
CXUS55 KBOU 011000
CF6LIC
PRELIMINARY LOCAL CLIMATOLOGICAL DATA (WS FORM: F-6)
STATION: LIMON CO
MONTH: JANUARY
YEAR: 2024
LATITUDE: 39 10 N
LONGITUDE: 103 42 W
TEMPERATURE IN F: :PCPN: SNOW: WIND :SUNSHINE: SKY :PK WND
================================================================================
1 2 3 4 5 6A 6B 7 8 9 10 11 12 13 14 15 16 17 18
12Z AVG MX 2MIN
DY MAX MIN AVG DEP HDD CDD WTR SNW DPTH SPD SPD DIR MIN PSBL S-S WX SPD DR
================================================================================
1 53 8 31 5 34 0 0.00 M M 4.9 9 350 M M 0 11 290
2 45 15 30 4 35 0 0.00 M M 4.4 12 170 M M 1 16 170
3 47 11 29 3 36 0 0.00 M M 4.5 15 120 M M 0 19 120
4 31 18 25 -1 40 0 0.15 M M 6.2 15 150 M M 8 12 19 160
5 36 18 27 1 38 0 0.01 M M 6.7 15 340 M M 8 1 18 330
6 34 5 20 -6 45 0 0.00 M M 8.2 20 340 M M 2 29 350
7 34 4 19 -7 46 0 0.00 M M 4.4 14 340 M M 2 18 350
8 22 14 18 -8 47 0 0.03 M M 26.8 39 350 M M 7 1 55 350
9 37 0 19 -7 46 0 0.00 M M 5.6 18 320 M M 0 23 320
10 38 3 21 -5 44 0 0.00 M M 9.8 30 290 M M 0 44 290
11 23 -4 10 -16 55 0 T M M 14.5 36 10 M M 5 8 47 360
12 35 -10 13 -13 52 0 T M M 9.5 23 50 M M 2 18 32 280
13 5 -19 -7 -34 72 0 0.03 M M 9.7 21 10 M M 5 8 24 10
14 6 -10 -2 -29 67 0 0.00 M M 8.5 16 160 M M 3 22 150
15 0 -28 -14 -41 79 0 0.03 M M 13.3 26 360 M M 6 8 34 350
16 30 -30 0 -27 65 0 0.00 M M 5.4 13 200 M M 0 17 210
17 46 -1 23 -4 42 0 0.00 M M 5.5 15 340 M M 1 19 340
18 49 7 28 1 37 0 0.00 M M 12.1 43 10 M M 1 56 10
19 29 5 17 -10 48 0 0.00 M M 6.7 15 180 M M 3 20 190
20 38 9 24 -3 41 0 0.00 M M 10.2 22 150 M M 1 28 170
21 49 13 31 4 34 0 0.00 M M 3.7 10 350 M M 3 11 350
22 51 16 34 7 31 0 0.00 M M 3.9 9 350 M M 5 11 140
23 51 19 35 8 30 0 0.00 M M 4.6 13 130 M M 3 12 16 140
24 51 21 36 9 29 0 0.00 M M 4.7 12 360 M M 2 16 10
25 50 19 35 8 30 0 0.00 M M 4.1 14 100 M M 1 18 100
26 47 22 35 8 30 0 T M M 7.3 18 340 M M 7 1 29 350
27 49 19 34 7 31 0 0.00 M M 4.4 10 310 M M 1 15 280
28 60 19 40 13 25 0 0.00 M M 5.9 15 350 M M 0 19 10
29 61 23 42 15 23 0 0.00 M M 7.1 22 350 M M 0 28 350
30 64 22 43 16 22 0 0.00 M M 4.7 13 200 M M 0 18 200
31 66 20 43 16 22 0 0.00 M M 3.7 12 210 M M 0 14 210
================================================================================
SM 1237 228 1276 0 0.25 M 231.0 M 77
================================================================================
AV 39.9 7.4 7.5 FASTST M M 2 MAX(MPH)
MISC ----> 43 10 56 10
================================================================================
NOTES:
# LAST OF SEVERAL OCCURRENCES
COLUMN 17 PEAK WIND IN M.P.H.
PRELIMINARY LOCAL CLIMATOLOGICAL DATA (WS FORM: F-6) , PAGE 2
STATION: LIMON CO
MONTH: JANUARY
YEAR: 2024
LATITUDE: 39 10 N
LONGITUDE: 103 42 W
[TEMPERATURE DATA] [PRECIPITATION DATA] SYMBOLS USED IN COLUMN 16
AVERAGE MONTHLY: 23.6 TOTAL FOR MONTH: 0.25 1 = FOG OR MIST
DPTR FM NORMAL: -2.9 DPTR FM NORMAL: -0.02 2 = FOG REDUCING VISIBILITY
HIGHEST: 66 ON 31 GRTST 24HR 0.15 ON 4- 4 TO 1/4 MILE OR LESS
LOWEST: -30 ON 16 3 = THUNDER
SNOW, ICE PELLETS, HAIL 4 = ICE PELLETS
TOTAL MONTH: M 5 = HAIL
GRTST 24HR M ON M 6 = FREEZING RAIN OR DRIZZLE
GRTST DEPTH: M ON M 7 = DUSTSTORM OR SANDSTORM:
VSBY 1/2 MILE OR LESS
8 = SMOKE OR HAZE
[NO. OF DAYS WITH] [WEATHER - DAYS WITH] 9 = BLOWING SNOW
X = TORNADO
MAX 32 OR BELOW: 8 0.01 INCH OR MORE: 5
MAX 90 OR ABOVE: 0 0.10 INCH OR MORE: 1
MIN 32 OR BELOW: 31 0.50 INCH OR MORE: 0
MIN 0 OR BELOW: 8 1.00 INCH OR MORE: 0
[HDD (BASE 65) ]
TOTAL THIS MO. 1276 CLEAR (SCALE 0-3) 22
DPTR FM NORMAL 82 PTCLDY (SCALE 4-7) 8
TOTAL FM JUL 1 3697 CLOUDY (SCALE 8-10) 1
DPTR FM NORMAL -379
[CDD (BASE 65) ]
TOTAL THIS MO. 0
DPTR FM NORMAL 0 [PRESSURE DATA]
TOTAL FM JAN 1 0 HIGHEST SLP 30.58 ON 15
DPTR FM NORMAL 0 LOWEST SLP 29.39 ON 11
[REMARKS]
#FINAL-01-24#