000
CXUS55 KBOU 010900
CF6LIC
PRELIMINARY LOCAL CLIMATOLOGICAL DATA (WS FORM: F-6)
STATION: LIMON CO
MONTH: OCTOBER
YEAR: 2021
LATITUDE: 39 10 N
LONGITUDE: 103 42 W
TEMPERATURE IN F: :PCPN: SNOW: WIND :SUNSHINE: SKY :PK WND
================================================================================
1 2 3 4 5 6A 6B 7 8 9 10 11 12 13 14 15 16 17 18
12Z AVG MX 2MIN
DY MAX MIN AVG DEP HDD CDD WTR SNW DPTH SPD SPD DIR MIN PSBL S-S WX SPD DR
================================================================================
1 67 38 53 0 12 0 0.00 M M 5.2 14 140 M M 4 17 210
2 74 35 55 2 10 0 0.00 M M 7.3 20 10 M M 1 26 350
3 79 32 56 4 9 0 0.00 M M 5.3 15 340 M M 0 19 300
4 82 34 58 6 7 0 0.00 M M 5.8 13 10 M M 0 17 330
5 80 34 57 6 8 0 0.00 M M 8.6 21 150 M M 0 31 160
6 81 32 57 6 8 0 0.00 M M 7.1 23 160 M M 0 32 160
7 79 42 61 11 4 0 0.00 M M 6.2 20 10 M M 0 27 360
8 82 40 61 11 4 0 0.00 M M 6.9 21 180 M M 0 30 190
9 79 43 61 11 4 0 0.00 M M 8.9 25 330 M M 1 35 320
10 67 36 52 3 13 0 0.00 M M 9.1 24 360 M M 1 8 32 340
11 69 28 49 0 16 0 0.00 M M 11.3 28 150 M M 0 45 140
12 74 36 55 7 10 0 0.04 M M 16.7 38 170 M M 3 55 160
13 65 22 44 -4 21 0 0.00 M M 9.9 22 70 M M 2 32 140
14 52 25 39 -8 26 0 T M M 7.3 24 280 M M 7 34 280
15 53 19 36 -11 29 0 T M M 7.9 23 350 M M 2 29 330
16 69 17 43 -3 22 0 0.00 M M 2.6 10 150 M M 0 16 150
17 74 24 49 3 16 0 0.00 M M 7.6 22 180 M M 0 37 170
18 78 27 53 7 12 0 0.00 M M 5.8 17 190 M M 0 24 140
19 67 29 48 3 17 0 T M M 14.4 33 360 M M 1 8 43 360
20 61 25 43 -2 22 0 0.00 M M 8.5 18 360 M M 0 26 310
21 69 23 46 2 19 0 0.00 M M 4.4 12 20 M M 0 15 10
22 75 25 50 6 15 0 0.00 M M 3.8 14 150 M M 0 17 150
23 72 24 48 4 17 0 0.00 M M 6.4 21 360 M M 0 25 360
24 67 31 49 6 16 0 0.00 M M 5.1 14 320 M M 1 22 300
25 74 30 52 9 13 0 0.00 M M 11.2 24 170 M M 0 37 170
26 78 28 53 10 12 0 0.12 M M 18.8 40 340 M M 4 13 59 340
27 56 34 45 3 20 0 0.00 M M 23.1 41 340 M M 1 56 320
28 54 25 40 -2 25 0 0.00 M M 15.5 32 350 M M 2 43 340
29 71 24 48 6 17 0 0.00 M M 5.3 15 160 M M 0 20 160
30 69 28 49 8 16 0 0.00 M M 9.8 23 20 M M 0 31 10
31 41 24 33 -8 32 0 0.00 M M 9.9 18 160 M M 7 1 24 170
================================================================================
SM 2158 914 472 0 0.16 M 275.7 M 37
================================================================================
AV 69.6 29.5 8.9 FASTST M M 1 MAX(MPH)
MISC ----> 41 340 59 340
================================================================================
NOTES:
# LAST OF SEVERAL OCCURRENCES
COLUMN 17 PEAK WIND IN M.P.H.
PRELIMINARY LOCAL CLIMATOLOGICAL DATA (WS FORM: F-6) , PAGE 2
STATION: LIMON CO
MONTH: OCTOBER
YEAR: 2021
LATITUDE: 39 10 N
LONGITUDE: 103 42 W
[TEMPERATURE DATA] [PRECIPITATION DATA] SYMBOLS USED IN COLUMN 16
AVERAGE MONTHLY: 49.5 TOTAL FOR MONTH: 0.16 1 = FOG OR MIST
DPTR FM NORMAL: 2.8 DPTR FM NORMAL: -0.68 2 = FOG REDUCING VISIBILITY
HIGHEST: 82 ON 4, 8 GRTST 24HR 0.12 ON 26-26 TO 1/4 MILE OR LESS
LOWEST: 17 ON 16 3 = THUNDER
SNOW, ICE PELLETS, HAIL 4 = ICE PELLETS
TOTAL MONTH: M 5 = HAIL
GRTST 24HR M ON M 6 = FREEZING RAIN OR DRIZZLE
GRTST DEPTH: M ON M 7 = DUSTSTORM OR SANDSTORM:
VSBY 1/2 MILE OR LESS
8 = SMOKE OR HAZE
[NO. OF DAYS WITH] [WEATHER - DAYS WITH] 9 = BLOWING SNOW
X = TORNADO
MAX 32 OR BELOW: 0 0.01 INCH OR MORE: 2
MAX 90 OR ABOVE: 0 0.10 INCH OR MORE: 1
MIN 32 OR BELOW: 21 0.50 INCH OR MORE: 0
MIN 0 OR BELOW: 0 1.00 INCH OR MORE: 0
[HDD (BASE 65) ]
TOTAL THIS MO. 472 CLEAR (SCALE 0-3) 26
DPTR FM NORMAL -96 PTCLDY (SCALE 4-7) 5
TOTAL FM JUL 1 550 CLOUDY (SCALE 8-10) 0
DPTR FM NORMAL -228
[CDD (BASE 65) ]
TOTAL THIS MO. 0
DPTR FM NORMAL 0 [PRESSURE DATA]
TOTAL FM JAN 1 687 HIGHEST SLP M ON M
DPTR FM NORMAL 285 LOWEST SLP 29.25 ON 26
[REMARKS]
#FINAL-10-21#