000
CXHW51 PHFO 011250
CF6LIH
PRELIMINARY LOCAL CLIMATOLOGICAL DATA (WS FORM: F-6)
STATION: LIHUE HI
MONTH: JUNE
YEAR: 2021
LATITUDE: 21 58 N
LONGITUDE: 159 21 W
TEMPERATURE IN F: :PCPN: SNOW: WIND :SUNSHINE: SKY :PK WND
================================================================================
1 2 3 4 5 6A 6B 7 8 9 10 11 12 13 14 15 16 17 18
12Z AVG MX 2MIN
DY MAX MIN AVG DEP HDD CDD WTR SNW DPTH SPD SPD DIR MIN PSBL S-S WX SPD DR
================================================================================
1 85 71 78 0 0 13 T M M 9.1 15 30 M M 2 1 18 70
2 85 75 80 2 0 15 0.03 M M 13.3 20 30 M M 3 1 28 40
3 83 73 78 0 0 13 0.15 M M 13.8 26 50 M M 8 18 31 50
4 83 74 79 1 0 14 0.15 M M 14.1 22 70 M M 8 1 27 80
5 84 75 80 2 0 15 0.00 M M 14.1 18 70 M M 3 23 60
6 85 72 79 1 0 14 0.03 M M 15.1 26 110 M M 7 18 31 110
7 84 74 79 1 0 14 0.01 M M 15.4 22 70 M M 6 18 26 70
8 84 75 80 2 0 15 T M M 17.6 25 70 M M 7 29 70
9 84 75 80 2 0 15 T M M 17.0 22 70 M M 4 8 26 70
10 84 72 78 0 0 13 0.02 M M 17.3 25 70 M M 7 1 31 90
11 84 73 79 1 0 14 0.01 M M 16.8 22 60 M M 6 1 26 50
12 82 71 77 -1 0 12 0.19 M M 16.2 25 90 M M 8 1 28 90
13 83 74 79 1 0 14 T M M 14.9 21 70 M M 6 26 40
14 83 73 78 0 0 13 T M M 13.6 20 60 M M 3 24 50
15 83 75 79 1 0 14 T M M 13.9 20 40 M M 6 8 24 40
16 82 72 77 -1 0 12 0.05 M M 11.8 20 70 M M 8 18 24 60
17 84 75 80 2 0 15 0.01 M M 12.2 18 100 M M 6 21 100
18 84 75 80 2 0 15 0.00 M M 11.7 16 70 M M 5 19 70
19 84 74 79 0 0 14 0.00 M M 11.8 16 50 M M 3 19 50
20 85 71 78 -1 0 13 0.24 M M 12.0 25 100 M M 4 18 30 100
21 84 74 79 0 0 14 0.05 M M 11.1 18 70 M M 4 1 21 70
22 84 71 78 -1 0 13 0.03 M M 9.9 18 50 M M 4 1 22 50
23 86 70 78 -1 0 13 0.03 M M 9.1 18 60 M M 5 1 23 50
24 86 74 80 1 0 15 T M M 8.5 14 50 M M 4 25 190
25 86 76 81 2 0 16 0.00 M M 6.6 10 90 M M 6 16 80
26 86 73 80 1 0 15 0.00 M M 7.2 12 70 M M 3 15 50
27 86 71 79 0 0 14 T M M 9.4 13 80 M M 3 8 16 80
28 87 78 83 4 0 18 0.00 M M 10.4 14 70 M M 3 20 80
29 87 73 80 1 0 15 0.00 M M 8.9 16 40 M M 4 19 40
30 89 76 83 4 0 18 0.01 M M 12.5 21 70 M M 6 25 70
================================================================================
SM 2536 2205 0 428 1.01 M 375.3 M 152
================================================================================
AV 84.5 73.5 12.5 FASTST M M 5 MAX(MPH)
MISC ----> # 26 50 # 31 50
================================================================================
NOTES:
# LAST OF SEVERAL OCCURRENCES
COLUMN 17 PEAK WIND IN M.P.H.
PRELIMINARY LOCAL CLIMATOLOGICAL DATA (WS FORM: F-6) , PAGE 2
STATION: LIHUE HI
MONTH: JUNE
YEAR: 2021
LATITUDE: 21 58 N
LONGITUDE: 159 21 W
[TEMPERATURE DATA] [PRECIPITATION DATA] SYMBOLS USED IN COLUMN 16
AVERAGE MONTHLY: 79.0 TOTAL FOR MONTH: 1.01 1 = FOG OR MIST
DPTR FM NORMAL: 0.7 DPTR FM NORMAL: -0.78 2 = FOG REDUCING VISIBILITY
HIGHEST: 89 ON 30 GRTST 24HR 0.24 ON 20-20 TO 1/4 MILE OR LESS
LOWEST: 70 ON 23 3 = THUNDER
SNOW, ICE PELLETS, HAIL 4 = ICE PELLETS
TOTAL MONTH: M 5 = HAIL
GRTST 24HR M ON M 6 = FREEZING RAIN OR DRIZZLE
GRTST DEPTH: M ON M 7 = DUSTSTORM OR SANDSTORM:
VSBY 1/2 MILE OR LESS
8 = SMOKE OR HAZE
[NO. OF DAYS WITH] [WEATHER - DAYS WITH] 9 = BLOWING SNOW
X = TORNADO
MAX 32 OR BELOW: 0 0.01 INCH OR MORE: 15
MAX 90 OR ABOVE: 0 0.10 INCH OR MORE: 4
MIN 32 OR BELOW: 0 0.50 INCH OR MORE: 0
MIN 0 OR BELOW: 0 1.00 INCH OR MORE: 0
[HDD (BASE 65) ]
TOTAL THIS MO. 0 CLEAR (SCALE 0-3) 4
DPTR FM NORMAL 0 PTCLDY (SCALE 4-7) 24
TOTAL FM JUL 1 0 CLOUDY (SCALE 8-10) 2
DPTR FM NORMAL 0
[CDD (BASE 65) ]
TOTAL THIS MO. 428
DPTR FM NORMAL 28 [PRESSURE DATA]
TOTAL FM JAN 1 1810 HIGHEST SLP 30.24 ON 10
DPTR FM NORMAL 100 LOWEST SLP 29.97 ON 28
[REMARKS]
#FINAL-06-21#