000
CXUS54 KLZK 011554
CF6LIT
PRELIMINARY LOCAL CLIMATOLOGICAL DATA (WS FORM: F-6)
STATION: LITTLE ROCK ADAMS FIELD
MONTH: OCTOBER
YEAR: 2021
LATITUDE: 34 43 N
LONGITUDE: 92 14 W
TEMPERATURE IN F: :PCPN: SNOW: WIND :SUNSHINE: SKY :PK WND
================================================================================
1 2 3 4 5 6A 6B 7 8 9 10 11 12 13 14 15 16 17 18
12Z AVG MX 2MIN
DY MAX MIN AVG DEP HDD CDD WTR SNW DPTH SPD SPD DIR MIN PSBL S-S WX SPD DR
================================================================================
1 81 70 76 8 0 11 0.53 0.0 0 5.4 15 170 M M 10 1 18 200
2 81 67 74 6 0 9 1.56 0.0 0 5.9 20 150 M M 9 13 24 150
3 84 63 74 6 0 9 T 0.0 0 5.5 15 310 M M 5 13 20 340
4 83 62 73 6 0 8 0.00 0.0 0 2.0 14 350 M M 5 1 18 350
5 82 62 72 5 0 7 0.00 0.0 0 6.0 13 350 M M 6 17 30
6 78 64 71 4 0 6 T 0.0 0 4.0 12 240 M M 8 14 240
7 84 61 73 7 0 8 0.00 0.0 0 2.8 13 260 M M 3 12 19 230
8 88 61 75 9 0 10 0.00 0.0 0 7.0 15 200 M M 2 20 190
9 87 62 75 10 0 10 0.00 0.0 0 7.9 17 220 M M 7 22 220
10 86 66 76 11 0 11 0.00 0.0 0 10.0 23 170 M M 3 1 28 170
11 80 59 70 5 0 5 T 0.0 0 11.9 24 170 M M 5 1 32 180
12 83 56 70 6 0 5 0.01 0.0 0 4.2 14 70 M M 4 19 90
13 85 71 78 14 0 13 T 0.0 0 8.4 18 170 M M 8 24 170
14 83 68 76 13 0 11 0.26 0.0 0 6.2 26 220 M M 9 1 33 210
15 84 53 69 6 0 4 0.31 0.0 0 8.0 29 300 M M 7 13 36 300
16 70 48 59 -3 6 0 0.00 0.0 0 7.4 17 10 M M 0 24 360
17 73 44 59 -3 6 0 0.00 0.0 0 1.9 9 260 M M 1 1 14 260
18 72 45 59 -3 6 0 0.00 0.0 0 2.1 12 170 M M 4 14 170
19 75 45 60 -1 5 0 0.00 0.0 0 3.5 13 150 M M 5 1 16 190
20 81 49 65 4 0 0 0.00 0.0 0 3.6 13 200 M M 4 18 190
21 79 57 68 8 0 3 0.00 0.0 0 8.3 16 300 M M 5 22 300
22 75 49 62 2 3 0 0.00 0.0 0 1.9 7 60 M M 1 10 60
23 84 52 68 8 0 3 0.00 0.0 0 5.4 15 190 M M 4 19 170
24 86 66 76 17 0 11 0.10 0.0 0 11.7 23 180 M M 6 3 29 220
25 76 55 66 7 0 1 0.06 0.0 0 8.3 20 300 M M 3 13 25 290
26 68 49 59 1 6 0 0.00 0.0 0 7.7 15 80 M M 6 18 130
27 68 57 63 5 2 0 1.02 0.0 0 11.2 23 100 M M 9 1 30 100
28 59 52 56 -2 9 0 0.04 0.0 0 13.9 30 300 M M 10 1 40 290
29 59 51 55 -2 10 0 T 0.0 0 15.4 25 300 M M 10 33 310
30 69 48 59 2 6 0 0.00 0.0 0 8.1 15 300 M M 4 20 320
31 74 42 58 1 7 0 0.00 0.0 0 3.4 12 30 M M 0 8 15 40
================================================================================
SM 2417 1754 66 145 3.89 0.0 209.0 M 163
================================================================================
AV 78.0 56.6 6.7 FASTST M M 5 MAX(MPH)
MISC ----> 30 300 40 290
================================================================================
NOTES:
# LAST OF SEVERAL OCCURRENCES
COLUMN 17 PEAK WIND IN M.P.H.
PRELIMINARY LOCAL CLIMATOLOGICAL DATA (WS FORM: F-6) , PAGE 2
STATION: LITTLE ROCK ADAMS FIELD
MONTH: OCTOBER
YEAR: 2021
LATITUDE: 34 43 N
LONGITUDE: 92 14 W
[TEMPERATURE DATA] [PRECIPITATION DATA] SYMBOLS USED IN COLUMN 16
AVERAGE MONTHLY: 67.3 TOTAL FOR MONTH: 3.89 1 = FOG OR MIST
DPTR FM NORMAL: 4.7 DPTR FM NORMAL: -0.58 2 = FOG REDUCING VISIBILITY
HIGHEST: 88 ON 8 GRTST 24HR 1.57 ON 1- 2 TO 1/4 MILE OR LESS
LOWEST: 42 ON 31 3 = THUNDER
SNOW, ICE PELLETS, HAIL 4 = ICE PELLETS
TOTAL MONTH: 0.0 INCH 5 = HAIL
GRTST 24HR 0.0 6 = FREEZING RAIN OR DRIZZLE
GRTST DEPTH: 0 7 = DUSTSTORM OR SANDSTORM:
VSBY 1/2 MILE OR LESS
8 = SMOKE OR HAZE
[NO. OF DAYS WITH] [WEATHER - DAYS WITH] 9 = BLOWING SNOW
X = TORNADO
MAX 32 OR BELOW: 0 0.01 INCH OR MORE: 9
MAX 90 OR ABOVE: 0 0.10 INCH OR MORE: 6
MIN 32 OR BELOW: 0 0.50 INCH OR MORE: 3
MIN 0 OR BELOW: 0 1.00 INCH OR MORE: 2
[HDD (BASE 65) ]
TOTAL THIS MO. 66 CLEAR (SCALE 0-3) 8
DPTR FM NORMAL -79 PTCLDY (SCALE 4-7) 17
TOTAL FM JUL 1 66 CLOUDY (SCALE 8-10) 6
DPTR FM NORMAL -90
[CDD (BASE 65) ]
TOTAL THIS MO. 145
DPTR FM NORMAL 76 [PRESSURE DATA]
TOTAL FM JAN 1 2167 HIGHEST SLP 30.34 ON 17
DPTR FM NORMAL 185 LOWEST SLP 29.40 ON 28
[REMARKS]
#FINAL-10-21#