000
CXUS54 KLZK 020138
CF6LIT
PRELIMINARY LOCAL CLIMATOLOGICAL DATA (WS FORM: F-6)
STATION: Little Rock Adams Field
MONTH: AUGUST
YEAR: 2020
LATITUDE: 34 43 N
LONGITUDE: 92 14 W
TEMPERATURE IN F: :PCPN: SNOW: WIND :SUNSHINE: SKY :PK WND
================================================================================
1 2 3 4 5 6A 6B 7 8 9 10 11 12 13 14 15 16 17 18
12Z AVG MX 2MIN
DY MAX MIN AVG DEP HDD CDD WTR SNW DPTH SPD SPD DIR MIN PSBL S-S WX SPD DR
================================================================================
1 87 71 79 -4 0 14 0.00 0.0 0 8.4 18 310 M M 6 23 310
2 90 66 78 -5 0 13 0.02 0.0 0 3.7 16 330 M M 5 38 19 270
3 89 68 79 -4 0 14 0.00 0.0 0 5.3 23 330 M M 5 28 330
4 86 68 77 -6 0 12 0.00 0.0 0 6.6 13 60 M M 5 16 10
5 84 64 74 -9 0 9 0.00 0.0 0 5.0 12 90 M M 5 14 90
6 88 64 76 -7 0 11 0.01 0.0 0 5.0 13 130 M M 3 17 80
7 87 71 79 -4 0 14 0.00 0.0 0 3.6 12 300 M M 6 23 260
8 94 70 82 -1 0 17 0.00 0.0 0 4.6 14 210 M M 3 1 17 210
9 96 74 85 2 0 20 0.00 0.0 0 5.8 15 210 M M 3 19 230
10 97 75 86 3 0 21 0.00 0.0 0 7.6 18 220 M M 2 25 200
11 97 72 85 2 0 20 T 0.0 0 6.1 25 360 M M 6 3 30 340
12 85 72 79 -4 0 14 0.12 M 0 4.1 7 180 M M 8 1 M M
13 92 71 82 -1 0 17 0.00 0.0 0 3.0 15 110 M M 5 18 110
14 92 73 83 0 0 18 0.41 0.0 0 5.3 18 340 M M 6 13 23 240
15 96 74 85 2 0 20 0.00 0.0 0 4.0 10 110 M M 3 13 150
16 94 70 82 -1 0 17 0.00 0.0 0 6.8 15 360 M M 2 19 10
17 92 64 78 -5 0 13 0.00 0.0 0 4.1 10 140 M M 5 13 140
18 91 71 81 -2 0 16 0.00 0.0 0 8.0 15 360 M M 5 22 360
19 89 68 79 -4 0 14 0.00 0.0 0 8.6 15 60 M M 4 21 50
20 88 66 77 -5 0 12 0.00 0.0 0 6.8 15 80 M M 3 18 20
21 90 68 79 -3 0 14 T 0.0 0 5.2 15 110 M M 4 19 120
22 91 65 78 -4 0 13 0.00 0.0 0 3.2 12 140 M M 3 1 17 130
23 93 68 81 -1 0 16 0.00 0.0 0 3.5 12 160 M M 1 16 150
24 94 70 82 0 0 17 0.00 0.0 0 3.6 15 110 M M 1 20 100
25 95 72 84 2 0 19 T 0.0 0 8.1 17 130 M M 5 1 22 70
26 90 73 82 0 0 17 0.99 0.0 0 7.6 24 100 M M 9 13 29 100
27 76 71 74 -7 0 9 2.94 0.0 0 11.5 37 40 M M 9 12 47 50
28 95 72 84 3 0 19 0.16 0.0 0 11.3 23 270 M M 7 1 30 240
29 95 74 85 4 0 20 0.84 0.0 0 6.6 25 340 M M 6 138 32 20
30 87 74 81 0 0 16 0.03 0.0 0 4.5 13 190 M M 8 1 16 190
31 86 71 79 -1 0 14 0.50 0.0 0 3.4 26 300 M M 6 3 34 270
================================================================================
SM 2806 2170 0 480 6.02 0.0 180.9 M 149
================================================================================
AV 90.5 70.0 5.8 FASTST M M 5 MAX(MPH)
MISC ----> # 37 40 # 47 50
================================================================================
NOTES:
# LAST OF SEVERAL OCCURRENCES
COLUMN 17 PEAK WIND IN M.P.H.
PRELIMINARY LOCAL CLIMATOLOGICAL DATA (WS FORM: F-6) , PAGE 2
STATION: Little Rock Adams Field
MONTH: AUGUST
YEAR: 2020
LATITUDE: 34 43 N
LONGITUDE: 92 14 W
[TEMPERATURE DATA] [PRECIPITATION DATA] SYMBOLS USED IN COLUMN 16
AVERAGE MONTHLY: 80.3 TOTAL FOR MONTH: 6.02 1 = FOG OR MIST
DPTR FM NORMAL: -2.2 DPTR FM NORMAL: 3.43 2 = FOG REDUCING VISIBILITY
HIGHEST: 97 ON 11,10 GRTST 24HR 2.94 ON 27-27 TO 1/4 MILE OR LESS
LOWEST: 64 ON 17, 6 3 = THUNDER
SNOW, ICE PELLETS, HAIL 4 = ICE PELLETS
TOTAL MONTH: 0.0 INCH 5 = HAIL
GRTST 24HR 0.0 6 = FREEZING RAIN OR DRIZZLE
GRTST DEPTH: 0 7 = DUSTSTORM OR SANDSTORM:
VSBY 1/2 MILE OR LESS
8 = SMOKE OR HAZE
[NO. OF DAYS WITH] [WEATHER - DAYS WITH] 9 = BLOWING SNOW
X = TORNADO
MAX 32 OR BELOW: 0 0.01 INCH OR MORE: 10
MAX 90 OR ABOVE: 19 0.10 INCH OR MORE: 7
MIN 32 OR BELOW: 0 0.50 INCH OR MORE: 4
MIN 0 OR BELOW: 0 1.00 INCH OR MORE: 1
[HDD (BASE 65) ]
TOTAL THIS MO. 0 CLEAR (SCALE 0-3) 5
DPTR FM NORMAL 0 PTCLDY (SCALE 4-7) 24
TOTAL FM JUL 1 0 CLOUDY (SCALE 8-10) 2
DPTR FM NORMAL 0
[CDD (BASE 65) ]
TOTAL THIS MO. 480
DPTR FM NORMAL -62 [PRESSURE DATA]
TOTAL FM JAN 1 1603 HIGHEST SLP 30.16 ON 8
DPTR FM NORMAL -198 LOWEST SLP 29.46 ON 27
[REMARKS]
#FINAL-08-20#