000
CXUS54 KLZK 291230
CF6LIT
PRELIMINARY LOCAL CLIMATOLOGICAL DATA (WS FORM: F-6)
STATION: LITTLE ROCK ADAMS FIELD
MONTH: MARCH
YEAR: 2024
LATITUDE: 34 43 N
LONGITUDE: 92 14 W
TEMPERATURE IN F: :PCPN: SNOW: WIND :SUNSHINE: SKY :PK WND
================================================================================
1 2 3 4 5 6A 6B 7 8 9 10 11 12 13 14 15 16 17 18
12Z AVG MX 2MIN
DY MAX MIN AVG DEP HDD CDD WTR SNW DPTH SPD SPD DIR MIN PSBL S-S WX SPD DR
================================================================================
1 55 42 49 1 16 0 0.05 0.0 0 3.1 10 150 M M 7 18 14 150
2 69 38 54 5 11 0 0.00 0.0 0 5.5 15 150 M M 3 128 20 140
3 75 49 62 13 3 0 0.00 0.0 0 7.9 23 230 M M 6 128 32 230
4 81 60 71 22 0 6 0.04 0.0 0 8.8 22 170 M M 7 138 30 170
5 78 61 70 21 0 5 0.00 0.0 0 5.0 15 340 M M 7 18 340
6 68 56 62 12 3 0 0.00 0.0 0 7.0 15 40 M M 8 20 40
7 65 55 60 10 5 0 0.42 0.0 0 5.5 16 270 M M 10 1 21 280
8 65 55 60 10 5 0 0.55 0.0 0 4.4 16 150 M M 9 1 19 140
9 63 46 55 4 10 0 0.11 0.0 0 10.4 23 360 M M 7 1 30 360
10 65 37 51 0 14 0 0.00 0.0 0 4.0 14 350 M M 2 18 340
11 70 40 55 4 10 0 0.00 0.0 0 5.0 16 220 M M 3 24 230
12 75 43 59 7 6 0 0.00 0.0 0 6.9 21 220 M M 4 27 220
13 80 57 69 17 0 4 0.00 0.0 0 9.5 18 250 M M 4 26 230
14 81 63 72 20 0 7 3.59 0.0 0 9.9 25 30 M M 8 123 34 200
15 66 50 58 6 7 0 0.55 0.0 0 5.6 16 30 M M 9 138 22 170
16 71 47 59 6 6 0 T 0.0 0 2.7 8 270 M M 6 12 M M
17 65 50 58 5 7 0 0.00 0.0 0 8.5 17 50 M M 8 26 30
18 55 39 47 -6 18 0 0.00 0.0 0 11.2 21 10 M M 3 29 360
19 66 32 49 -5 16 0 0.00 0.0 0 8.1 17 230 M M 0 23 290
20 77 46 62 8 3 0 0.00 0.0 0 5.6 15 220 M M 4 22 170
21 66 48 57 3 8 0 0.02 0.0 0 4.9 12 80 M M 7 16 80
22 66 50 58 3 7 0 T 0.0 0 5.2 15 140 M M 10 18 140
23 60 47 54 -1 11 0 0.00 0.0 0 10.3 23 10 M M 4 32 20
24 65 46 56 1 9 0 T 0.0 0 10.4 18 150 M M 9 27 130
25 69 53 61 5 4 0 0.65 0.0 0 13.4 32 170 M M 9 8 46 170
26 60 41 51 -5 14 0 0.00 0.0 0 9.3 20 320 M M 3 25 330
27 63 37 50 -6 15 0 0.00 0.0 0 4.6 12 90 M M 1 18 50
28 72 42 57 1 8 0 0.00 0.0 0 5.2 12 240 M M 2 18 180
================================================================================
SM 1911 1330 216 22 5.98 0.0 197.9 M 160
================================================================================
AV 68.3 47.5 7.1 FASTST M M 6 MAX(MPH)
MISC ----> 32 170 46 170
================================================================================
NOTES:
# LAST OF SEVERAL OCCURRENCES
COLUMN 17 PEAK WIND IN M.P.H.
PRELIMINARY LOCAL CLIMATOLOGICAL DATA (WS FORM: F-6) , PAGE 2
STATION: LITTLE ROCK ADAMS FIELD
MONTH: MARCH
YEAR: 2024
LATITUDE: 34 43 N
LONGITUDE: 92 14 W
[TEMPERATURE DATA] [PRECIPITATION DATA] SYMBOLS USED IN COLUMN 16
AVERAGE MONTHLY: 57.9 TOTAL FOR MONTH: 5.98 1 = FOG OR MIST
DPTR FM NORMAL: 5.6 DPTR FM NORMAL: 1.52 2 = FOG REDUCING VISIBILITY
HIGHEST: 81 ON 4,14 GRTST 24HR 4.14 ON 14-15 TO 1/4 MILE OR LESS
LOWEST: 32 ON 19 3 = THUNDER
SNOW, ICE PELLETS, HAIL 4 = ICE PELLETS
TOTAL MONTH: T 5 = HAIL
GRTST 24HR 0.0 6 = FREEZING RAIN OR DRIZZLE
GRTST DEPTH: 0 7 = DUSTSTORM OR SANDSTORM:
VSBY 1/2 MILE OR LESS
8 = SMOKE OR HAZE
[NO. OF DAYS WITH] [WEATHER - DAYS WITH] 9 = BLOWING SNOW
X = TORNADO
MAX 32 OR BELOW: 0 0.01 INCH OR MORE: 9
MAX 90 OR ABOVE: 0 0.10 INCH OR MORE: 6
MIN 32 OR BELOW: 1 0.50 INCH OR MORE: 4
MIN 0 OR BELOW: 0 1.00 INCH OR MORE: 1
[HDD (BASE 65) ]
TOTAL THIS MO. 216 CLEAR (SCALE 0-3) 5
DPTR FM NORMAL -148 PTCLDY (SCALE 4-7) 15
TOTAL FM JUL 1 2203 CLOUDY (SCALE 8-10) 8
DPTR FM NORMAL -749
[CDD (BASE 65) ]
TOTAL THIS MO. 22
DPTR FM NORMAL 16 [PRESSURE DATA]
TOTAL FM JAN 1 39 HIGHEST SLP M ON M
DPTR FM NORMAL 31 LOWEST SLP 29.42 ON 25
[REMARKS]