000
CXUS55 KPIH 011659
CF6LLJ
PRELIMINARY LOCAL CLIMATOLOGICAL DATA (WS FORM: F-6)
STATION: CHALLIS
MONTH: NOVEMBER
YEAR: 2022
LATITUDE: 44 31 N
LONGITUDE: 114 13 W
TEMPERATURE IN F: :PCPN: SNOW: WIND :SUNSHINE: SKY :PK WND
================================================================================
1 2 3 4 5 6A 6B 7 8 9 10 11 12 13 14 15 16 17 18
12Z AVG MX 2MIN
DY MAX MIN AVG DEP HDD CDD WTR SNW DPTH SPD SPD DIR MIN PSBL S-S WX SPD DR
================================================================================
1 64 29 47 10 18 0 0.00 M M 8.4 28 190 M M 3 41 170
2 48 18 33 -4 32 0 T M M 8.2 29 250 M M 4 39 270
3 38 13 26 -10 39 0 0.00 M M 2.9 13 240 M M 2 17 240
4 46 28 37 1 28 0 0.00 M M 5.5 15 170 M M 9 23 170
5 48 25 37 1 28 0 0.08 M M 12.9 26 250 M M 5 39 250
6 45 17 31 -4 34 0 0.00 M M 5.3 22 160 M M 4 32 170
7 39 23 31 -4 34 0 M M M 5.3 24 260 M M 7 1 37 270
8 36 24 30 -4 35 0 0.01 M M 2.7 9 330 M M 7 1 12 340
9 30 23 27 -7 38 0 0.16 M M 5.7 16 330 M M 9 12 21 330
10 30 6 18 -15 47 0 0.00 M M 1.8 9 290 M M 2 13 310
11 23 2 13 -20 52 0 0.00 M M 0.6 6 230 M M 0 18 6 50
12 23 3 13 -19 52 0 0.00 M M 0.4 6 330 M M 1 7 120
13 27 4 16 -16 49 0 0.00 M M 0.8 6 160 M M 2 8 150
14 25 2 14 -17 51 0 0.00 M M 1.1 6 330 M M 0 7 140
15 26 0 13 -18 52 0 0.00 M M 0.5 6 260 M M 0 8 340
16 25 -1 12 -18 53 0 0.00 M M 1.4 6 220 M M 0 7 40
17 24 4 14 -16 51 0 T M M 4.0 16 350 M M 5 8 20 340
18 19 -5 7 -22 58 0 0.00 M M 0.8 6 350 M M 0 6 350
19 19 -5 7 -22 58 0 0.00 M M 0.5 6 280 M M 0 7 270
20 22 -4 9 -19 56 0 0.00 M M 0.3 5 360 M M 0 7 170
21 25 0 13 -15 52 0 0.00 M M 0.4 6 350 M M 2 8 7 350
22 29 6 18 -9 47 0 T M M 1.5 8 90 M M 3 10 80
23 43 16 30 3 35 0 0.00 M M 4.1 16 360 M M 5 22 360
24 33 9 21 -5 44 0 0.00 M M 0.3 6 150 M M 0 7 140
25 33 9 21 -5 44 0 0.00 M M 0.8 7 210 M M 0 7 210
26 42 15 29 3 36 0 0.00 M M 1.8 9 10 M M 1 12 30
27 39 13 26 1 39 0 0.02 M M 5.3 18 30 M M 8 1 25 40
28 26 11 19 -6 46 0 0.02 M M 2.2 10 30 M M 7 18 13 30
29 26 0 13 -11 52 0 0.00 M M 1.2 9 150 M M 6 11 160
30 32 11 22 -2 43 0 0.06 M M 1.0 6 340 M M 10 7 330
================================================================================
SM 985 296 1303 0 0.35 M 87.7 M 102
================================================================================
AV 32.8 9.9 2.9 FASTST M M 3 MAX(MPH)
MISC ----> 29 250 41 170
================================================================================
NOTES:
# LAST OF SEVERAL OCCURRENCES
COLUMN 17 PEAK WIND IN M.P.H.
PRELIMINARY LOCAL CLIMATOLOGICAL DATA (WS FORM: F-6) , PAGE 2
STATION: CHALLIS
MONTH: NOVEMBER
YEAR: 2022
LATITUDE: 44 31 N
LONGITUDE: 114 13 W
[TEMPERATURE DATA] [PRECIPITATION DATA] SYMBOLS USED IN COLUMN 16
AVERAGE MONTHLY: 21.3 TOTAL FOR MONTH: 0.35 1 = FOG OR MIST
DPTR FM NORMAL: -9.2 DPTR FM NORMAL: -0.17 2 = FOG REDUCING VISIBILITY
HIGHEST: 64 ON 1 GRTST 24HR 0.17 ON 8- 9 TO 1/4 MILE OR LESS
LOWEST: -5 ON 19,18 3 = THUNDER
SNOW, ICE PELLETS, HAIL 4 = ICE PELLETS
TOTAL MONTH: M 5 = HAIL
GRTST 24HR M ON M 6 = FREEZING RAIN OR DRIZZLE
GRTST DEPTH: M ON M 7 = DUSTSTORM OR SANDSTORM:
VSBY 1/2 MILE OR LESS
8 = SMOKE OR HAZE
[NO. OF DAYS WITH] [WEATHER - DAYS WITH] 9 = BLOWING SNOW
X = TORNADO
MAX 32 OR BELOW: 17 0.01 INCH OR MORE: 6
MAX 90 OR ABOVE: 0 0.10 INCH OR MORE: 1
MIN 32 OR BELOW: 30 0.50 INCH OR MORE: 0
MIN 0 OR BELOW: 7 1.00 INCH OR MORE: 0
[HDD (BASE 65) ]
TOTAL THIS MO. 1303 CLEAR (SCALE 0-3) 16
DPTR FM NORMAL 269 PTCLDY (SCALE 4-7) 11
TOTAL FM JUL 1 1974 CLOUDY (SCALE 8-10) 3
DPTR FM NORMAL 51
[CDD (BASE 65) ]
TOTAL THIS MO. 0
DPTR FM NORMAL 0 [PRESSURE DATA]
TOTAL FM JAN 1 515 HIGHEST SLP 30.91 ON 16
DPTR FM NORMAL 203 LOWEST SLP 29.28 ON 2
[REMARKS]
10TH: LOW OF 6 BREAKS OLD RECORD OF 7 SET IN 1920.
11TH: LOW OF 2 BREAKS OLD RECORD OF 4 SET IN 1940.
19TH: LOW OF -5 BREAKS OLD RECORD OF 0 SET IN 1930.
20TH: LOW OF -4 BREAKS OLD RECORD OF -1 SET IN 1977.
#FINAL-11-22#