000
CXUS54 KLZK 011130
CF6LLQ
PRELIMINARY LOCAL CLIMATOLOGICAL DATA (WS FORM: F-6)
STATION: MONTICELLO
MONTH: MAY
YEAR: 2021
LATITUDE: 33 37 N
LONGITUDE: 91 45 W
TEMPERATURE IN F: :PCPN: SNOW: WIND :SUNSHINE: SKY :PK WND
================================================================================
1 2 3 4 5 6A 6B 7 8 9 10 11 12 13 14 15 16 17 18
12Z AVG MX 2MIN
DY MAX MIN AVG DEP HDD CDD WTR SNW DPTH SPD SPD DIR MIN PSBL S-S WX SPD DR
================================================================================
1 80 58 69 1 0 4 T 0.0 0 3.7 15 120 M M 6 19 110
2 74 63 69 1 0 4 0.41 0.0 0 6.3 16 160 M M 8 1 24 150
3 89 70 80 12 0 15 M 0.0 M 7.6 16 190 M M 6 24 190
4 84 60 72 3 0 7 0.38 0.0 0 8.2 24 260 M M 6 138 39 270
5 75 53 64 -5 1 0 0.00 0.0 0 4.7 15 40 M M 2 20 50
6 81 50 66 -3 0 1 0.00 0.0 0 3.1 13 290 M M 0 19 260
7 76 52 64 -6 1 0 T 0.0 0 3.3 14 80 M M 1 17 50
8 86 56 71 1 0 6 0.00 0.0 0 8.8 20 170 M M 0 26 170
9 81 63 72 2 0 7 0.54 0.0 0 11.0 22 160 M M 7 13 32 200
10 63 54 59 -11 6 0 0.01 0.0 0 7.1 15 60 M M 10 1 20 50
11 65 56 61 -10 4 0 1.25 0.0 0 8.1 18 100 M M 10 13 27 110
12 71 57 64 -7 1 0 0.00 0.0 0 7.8 18 50 M M 8 1 24 40
13 73 50 62 -9 3 0 0.00 0.0 0 5.9 18 60 M M 2 24 50
14 76 45 61 -11 4 0 0.00 0.0 M 3.0 13 50 M M 0 17 40
15 81 50 66 -6 0 1 0.00 0.0 M 3.5 13 200 M M 1 19 210
16 83 61 72 0 0 7 0.00 0.0 M 6.4 16 160 M M 1 24 130
17 81 66 74 2 0 9 0.04 0.0 M 7.8 20 170 M M 9 27 180
18 82 68 75 2 0 10 0.00 0.0 0 7.1 18 120 M M 8 28 110
19 80 68 74 1 0 9 T 0.0 0 9.4 18 120 M M 10 26 120
20 82 68 75 2 0 10 0.10 0.0 0 8.9 21 120 M M 7 1 30 110
21 82 68 75 1 0 10 0.00 0.0 0 6.2 17 130 M M 4 25 120
22 87 61 74 0 0 9 0.00 0.0 0 3.4 12 110 M M 1 17 140
23 87 63 75 1 0 10 0.00 0.0 M 3.0 12 110 M M 1 16 150
24 87 62 75 1 0 10 0.00 0.0 M 2.1 8 210 M M 0 13 140
25 87 67 77 2 0 12 0.00 0.0 0 5.8 18 210 M M 4 26 220
26 86 67 77 2 0 12 0.32 0.0 M 4.5 13 230 M M 4 1 19 240
27 90 69 80 5 0 15 0.20 0.0 0 6.0 16 200 M M 2 138 21 310
28 82 65 74 -2 0 9 0.51 0.0 0 6.5 15 280 M M 4 1 22 340
29 71 57 64 -12 1 0 0.00 0.0 0 8.2 17 50 M M 5 23 50
30 74 55 65 -11 0 0 0.00 0.0 0 5.4 14 60 M M 6 18 70
31 82 52 67 -9 0 2 0.00 0.0 0 2.1 10 150 M M 1 14 120
================================================================================
SM 2478 1854 21 179 3.76 0.0 184.9 M 134
================================================================================
AV 79.9 59.8 6.0 FASTST M M 4 MAX(MPH)
MISC ----> 24 260 39 270
================================================================================
NOTES:
# LAST OF SEVERAL OCCURRENCES
COLUMN 17 PEAK WIND IN M.P.H.
PRELIMINARY LOCAL CLIMATOLOGICAL DATA (WS FORM: F-6) , PAGE 2
STATION: MONTICELLO
MONTH: MAY
YEAR: 2021
LATITUDE: 33 37 N
LONGITUDE: 91 45 W
[TEMPERATURE DATA] [PRECIPITATION DATA] SYMBOLS USED IN COLUMN 16
AVERAGE MONTHLY: 69.9 TOTAL FOR MONTH: 3.76 1 = FOG OR MIST
DPTR FM NORMAL: -2.2 DPTR FM NORMAL: -0.98 2 = FOG REDUCING VISIBILITY
HIGHEST: 90 ON 27 GRTST 24HR 1.26 ON 10-11 TO 1/4 MILE OR LESS
LOWEST: 45 ON 14 3 = THUNDER
SNOW, ICE PELLETS, HAIL 4 = ICE PELLETS
TOTAL MONTH: 0.0 INCH 5 = HAIL
GRTST 24HR 0.0 6 = FREEZING RAIN OR DRIZZLE
GRTST DEPTH: 0 7 = DUSTSTORM OR SANDSTORM:
VSBY 1/2 MILE OR LESS
8 = SMOKE OR HAZE
[NO. OF DAYS WITH] [WEATHER - DAYS WITH] 9 = BLOWING SNOW
X = TORNADO
MAX 32 OR BELOW: 0 0.01 INCH OR MORE: 10
MAX 90 OR ABOVE: 1 0.10 INCH OR MORE: 8
MIN 32 OR BELOW: 0 0.50 INCH OR MORE: 3
MIN 0 OR BELOW: 0 1.00 INCH OR MORE: 1
[HDD (BASE 65) ]
TOTAL THIS MO. 21 CLEAR (SCALE 0-3) 13
DPTR FM NORMAL 2 PTCLDY (SCALE 4-7) 13
TOTAL FM JUL 1 2705 CLOUDY (SCALE 8-10) 5
DPTR FM NORMAL 74
[CDD (BASE 65) ]
TOTAL THIS MO. 179
DPTR FM NORMAL -60 [PRESSURE DATA]
TOTAL FM JAN 1 274 HIGHEST SLP 30.33 ON 13
DPTR FM NORMAL -74 LOWEST SLP 29.58 ON 2
[REMARKS]
#FINAL-05-21#