000
CXUS56 KMFR 011030
CF6LMT
PRELIMINARY LOCAL CLIMATOLOGICAL DATA (WS FORM: F-6)
STATION: KLAMATH FALLS OR
MONTH: JANUARY
YEAR: 2023
LATITUDE: 42 9 N
LONGITUDE: 121 44 W
TEMPERATURE IN F: :PCPN: SNOW: WIND :SUNSHINE: SKY :PK WND
================================================================================
1 2 3 4 5 6A 6B 7 8 9 10 11 12 13 14 15 16 17 18
12Z AVG MX 2MIN
DY MAX MIN AVG DEP HDD CDD WTR SNW DPTH SPD SPD DIR MIN PSBL S-S WX SPD DR
================================================================================
1 36 24 30 0 35 0 0.00 M M 7.0 15 320 M M 1 20 330
2 32 22 27 -3 38 0 0.04 M M 2.7 12 70 M M 5 12 16 80
3 36 18 27 -3 38 0 T M M 3.4 16 160 M M 6 1 20 160
4 43 29 36 6 29 0 0.07 M M 18.2 32 130 M M 9 18 47 130
5 45 32 39 8 26 0 0.07 M M 13.9 28 150 M M 8 1 38 150
6 40 30 35 4 30 0 0.00 M M 11.7 24 150 M M 6 33 160
7 44 36 40 9 25 0 T M M 17.7 38 180 M M 8 52 180
8 45 33 39 8 26 0 0.04 M M 13.9 28 220 M M 5 1 40 230
9 45 30 38 7 27 0 0.16 M M 12.3 28 130 M M 5 1 42 130
10 42 31 37 6 28 0 T M M 12.3 29 140 M M 4 18 40 130
11 41 32 37 6 28 0 0.15 M M 13.5 25 140 M M 8 1 34 170
12 48 38 43 12 22 0 T M M 15.6 28 170 M M 8 39 170
13 48 35 42 11 23 0 T M M 15.9 38 170 M M 6 55 170
14 45 32 39 8 26 0 0.04 M M 15.2 29 140 M M 8 1 43 170
15 43 21 32 1 33 0 0.01 M M 7.5 18 220 M M 6 18 25 230
16 38 21 30 -2 35 0 0.00 M M 5.5 14 330 M M 6 12 18 320
17 39 17 28 -4 37 0 0.00 M M 2.2 7 140 M M 2 10 150
18 38 13 26 -6 39 0 0.09 M M 5.7 24 180 M M 7 12 30 180
19 34 9 22 -10 43 0 0.00 M M 0.8 8 290 M M 3 12 8 50
20 30 6 18 -14 47 0 0.00 M M 2.3 7 160 M M 0 1 10 160
21 36 7 22 -10 43 0 0.00 M M 4.4 13 280 M M 3 16 290
22 37 11 24 -8 41 0 0.00 M M 4.7 23 280 M M 1 25 280
23 40 14 27 -5 38 0 0.00 M M 2.3 9 150 M M 0 13 150
24 44 15 30 -2 35 0 0.00 M M 2.1 10 150 M M 0 15 150
25 48 18 33 1 32 0 0.00 M M 1.4 7 170 M M 0 1 11 150
26 48 18 33 1 32 0 0.00 M M 1.4 8 150 M M 0 14 170
27 44 23 34 2 31 0 0.00 M M 5.7 22 330 M M 2 28 320
28 41 16 29 -3 36 0 T M M 4.9 20 320 M M 4 12 24 330
29 33 13 23 -10 42 0 T M M 13.6 24 30 M M 3 37 70
30 32 5 19 -14 46 0 0.00 M M 2.2 16 70 M M 0 18 70
31 38 11 25 -8 40 0 0.00 M M 2.5 13 150 M M 1 19 160
================================================================================
SM 1253 660 1051 0 0.67 M 242.5 M 125
================================================================================
AV 40.4 21.3 7.8 FASTST M M 4 MAX(MPH)
MISC ----> # 38 180 55 170
================================================================================
NOTES:
# LAST OF SEVERAL OCCURRENCES
COLUMN 17 PEAK WIND IN M.P.H.
PRELIMINARY LOCAL CLIMATOLOGICAL DATA (WS FORM: F-6) , PAGE 2
STATION: KLAMATH FALLS OR
MONTH: JANUARY
YEAR: 2023
LATITUDE: 42 9 N
LONGITUDE: 121 44 W
[TEMPERATURE DATA] [PRECIPITATION DATA] SYMBOLS USED IN COLUMN 16
AVERAGE MONTHLY: 30.9 TOTAL FOR MONTH: 0.67 1 = FOG OR MIST
DPTR FM NORMAL: -0.6 DPTR FM NORMAL: -0.84 2 = FOG REDUCING VISIBILITY
HIGHEST: 48 ON 26,25 GRTST 24HR 1.68 ON 13-13 TO 1/4 MILE OR LESS
LOWEST: 5 ON 30 3 = THUNDER
SNOW, ICE PELLETS, HAIL 4 = ICE PELLETS
TOTAL MONTH: M 5 = HAIL
GRTST 24HR M ON M 6 = FREEZING RAIN OR DRIZZLE
GRTST DEPTH: M ON M 7 = DUSTSTORM OR SANDSTORM:
VSBY 1/2 MILE OR LESS
8 = SMOKE OR HAZE
[NO. OF DAYS WITH] [WEATHER - DAYS WITH] 9 = BLOWING SNOW
X = TORNADO
MAX 32 OR BELOW: 3 0.01 INCH OR MORE: 9
MAX 90 OR ABOVE: 0 0.10 INCH OR MORE: 2
MIN 32 OR BELOW: 27 0.50 INCH OR MORE: 0
MIN 0 OR BELOW: 0 1.00 INCH OR MORE: 0
[HDD (BASE 65) ]
TOTAL THIS MO. 1051 CLEAR (SCALE 0-3) 13
DPTR FM NORMAL 13 PTCLDY (SCALE 4-7) 15
TOTAL FM JUL 1 3858 CLOUDY (SCALE 8-10) 3
DPTR FM NORMAL 54
[CDD (BASE 65) ]
TOTAL THIS MO. 0
DPTR FM NORMAL 0 [PRESSURE DATA]
TOTAL FM JAN 1 0 HIGHEST SLP 30.70 ON 26
DPTR FM NORMAL 0 LOWEST SLP 29.34 ON 14
[REMARKS]
#FINAL-01-23#