000
CXUS53 KOAX 011532
CF6LNK
PRELIMINARY LOCAL CLIMATOLOGICAL DATA (WS FORM: F-6)
STATION: LINCOLN NE
MONTH: JANUARY
YEAR: 2023
LATITUDE: 40 50 N
LONGITUDE: 96 45 W
TEMPERATURE IN F: :PCPN: SNOW: WIND :SUNSHINE: SKY :PK WND
================================================================================
1 2 3 4 5 6A 6B 7 8 9 10 11 12 13 14 15 16 17 18
12Z AVG MX 2MIN
DY MAX MIN AVG DEP HDD CDD WTR SNW DPTH SPD SPD DIR MIN PSBL S-S WX SPD DR
================================================================================
1 50 25 38 12 27 0 0.00 0.0 0 6.4 14 60 M M 2 1 18 60
2 38 31 35 10 30 0 0.30 0.0 0 10.4 21 20 M M 7 1 27 70
3 34 29 32 7 33 0 0.11 T 0 11.5 23 310 M M 10 138 30 300
4 34 29 32 7 33 0 T T T 14.3 23 310 M M 9 29 320
5 39 21 30 5 35 0 0.00 0.0 0 9.8 20 310 M M 3 26 330
6 45 15 30 5 35 0 0.00 0.0 0 5.1 14 70 M M 2 18 80
7 35 19 27 2 38 0 0.00 0.0 0 6.0 12 20 M M 7 18 15 350
8 47 14 31 6 34 0 0.00 0.0 0 3.1 10 240 M M 1 18 14 240
9 53 24 39 14 26 0 0.00 0.0 0 5.3 14 250 M M 0 1 18 270
10 56 23 40 15 25 0 T 0.0 0 3.8 9 130 M M 1 M M
11 42 24 33 8 32 0 0.00 0.0 0 10.4 26 360 M M 1 34 10
12 29 22 26 1 39 0 0.00 0.0 0 18.4 32 360 M M 10 41 360
13 32 18 25 0 40 0 T T 0 6.0 14 340 M M 6 18 18 360
14 46 21 34 9 31 0 0.00 0.0 0 10.2 21 170 M M 0 27 170
15 48 26 37 12 28 0 0.00 0.0 0 7.4 18 160 M M 1 23 150
16 48 34 41 16 24 0 T 0.0 0 9.6 21 290 M M 8 1 30 290
17 44 29 37 12 28 0 0.00 0.0 0 8.8 18 310 M M 8 22 310
18 34 27 31 6 34 0 0.82 1.2 1 12.2 23 60 M M 9 16 32 50
19 33 26 30 5 35 0 0.02 0.3 1 13.6 21 330 M M 8 18 29 320
20 34 21 28 3 37 0 0.00 0.0 1 4.3 13 330 M M 6 128 14 340
21 31 20 26 1 39 0 0.07 0.5 1 1.6 7 190 M M 6 18 8 180
22 30 13 22 -3 43 0 0.00 0.0 1 3.1 9 360 M M 2 128 13 350
23 38 8 23 -2 42 0 0.00 0.0 T 4.6 13 250 M M 4 1 16 240
24 38 28 33 8 32 0 0.00 0.0 T 4.8 13 180 M M 9 16 180
25 31 15 23 -2 42 0 0.00 0.0 T 13.1 29 330 M M 5 1 38 340
26 35 14 25 0 40 0 T T T 9.4 20 230 M M 6 28 210
27 42 30 36 11 29 0 T T 0 9.7 28 330 M M 4 37 330
28 31 7 19 -6 46 0 T T T 18.3 28 360 M M 10 168 36 10
29 10 2 6 -20 59 0 T T T 15.1 25 360 M M 8 33 10
30 16 4 10 -16 55 0 0.00 0.0 T 6.9 18 350 M M 7 22 350
31 26 2 14 -12 51 0 0.00 0.0 T 8.6 17 230 M M 2 22 220
================================================================================
SM 1149 621 1122 0 1.32 2.0 271.8 M 162
================================================================================
AV 37.1 20.0 8.8 FASTST M M 5 MAX(MPH)
MISC ----> 32 360 41 360
================================================================================
NOTES:
# LAST OF SEVERAL OCCURRENCES
COLUMN 17 PEAK WIND IN M.P.H.
PRELIMINARY LOCAL CLIMATOLOGICAL DATA (WS FORM: F-6) , PAGE 2
STATION: LINCOLN NE
MONTH: JANUARY
YEAR: 2023
LATITUDE: 40 50 N
LONGITUDE: 96 45 W
[TEMPERATURE DATA] [PRECIPITATION DATA] SYMBOLS USED IN COLUMN 16
AVERAGE MONTHLY: 28.5 TOTAL FOR MONTH: 1.32 1 = FOG OR MIST
DPTR FM NORMAL: 3.5 DPTR FM NORMAL: 0.59 2 = FOG REDUCING VISIBILITY
HIGHEST: 56 ON 10 GRTST 24HR 0.82 ON 18-18 TO 1/4 MILE OR LESS
LOWEST: 2 ON 31,29 3 = THUNDER
SNOW, ICE PELLETS, HAIL 4 = ICE PELLETS
TOTAL MONTH: 2.0 INCHES 5 = HAIL
GRTST 24HR 1.5 ON 18-19 6 = FREEZING RAIN OR DRIZZLE
GRTST DEPTH: 1 ON 22,21 7 = DUSTSTORM OR SANDSTORM:
VSBY 1/2 MILE OR LESS
8 = SMOKE OR HAZE
[NO. OF DAYS WITH] [WEATHER - DAYS WITH] 9 = BLOWING SNOW
X = TORNADO
MAX 32 OR BELOW: 9 0.01 INCH OR MORE: 5
MAX 90 OR ABOVE: 0 0.10 INCH OR MORE: 3
MIN 32 OR BELOW: 30 0.50 INCH OR MORE: 1
MIN 0 OR BELOW: 0 1.00 INCH OR MORE: 0
[HDD (BASE 65) ]
TOTAL THIS MO. 1122 CLEAR (SCALE 0-3) 11
DPTR FM NORMAL -118 PTCLDY (SCALE 4-7) 13
TOTAL FM JUL 1 3505 CLOUDY (SCALE 8-10) 7
DPTR FM NORMAL -58
[CDD (BASE 65) ]
TOTAL THIS MO. 0
DPTR FM NORMAL 0 [PRESSURE DATA]
TOTAL FM JAN 1 0 HIGHEST SLP 30.64 ON 30
DPTR FM NORMAL 0 LOWEST SLP 29.31 ON 16
[REMARKS]
#FINAL-01-23#