844
CXUS53 KMKX 010910
CF6LNR
PRELIMINARY LOCAL CLIMATOLOGICAL DATA (WS FORM: F-6)
STATION: LONE ROCK WI
MONTH: JULY
YEAR: 2020
LATITUDE: 43 12 N
LONGITUDE: 90 11 W
TEMPERATURE IN F: :PCPN: SNOW: WIND :SUNSHINE: SKY :PK WND
================================================================================
1 2 3 4 5 6A 6B 7 8 9 10 11 12 13 14 15 16 17 18
12Z AVG MX 2MIN
DY MAX MIN AVG DEP HDD CDD WTR SNW DPTH SPD SPD DIR MIN PSBL S-S WX SPD DR
================================================================================
1 87 68 78 7 0 13 0.00 0.0 0 5.6 15 90 M M 1 1 18 100
2 89 64 77 6 0 12 0.00 0.0 0 2.2 9 100 M M 0 1 11 100
3 91 64 78 7 0 13 T 0.0 0 2.4 12 110 M M 2 123 18 100
4 90 68 79 8 0 14 0.00 0.0 0 2.3 10 110 M M 0 1 13 180
5 90 66 78 7 0 13 0.00 0.0 0 2.5 13 190 M M 4 123 16 190
6 90 68 79 8 0 14 0.06 0.0 0 3.0 14 230 M M 2 1 25 230
7 91 68 80 8 0 15 0.31 0.0 0 3.6 26 260 M M 2 123 41 250
8 91 66 79 7 0 14 0.00 0.0 0 2.7 13 190 M M 2 1 17 180
9 90 68 79 7 0 14 1.93 0.0 0 6.2 25 300 M M 4 13 36 310
10 83 65 74 2 0 9 0.04 0.0 0 7.5 18 280 M M 2 1 24 280
11 85 62 74 2 0 9 0.14 0.0 0 2.9 12 320 M M 3 12 14 270
12 82 62 72 0 0 7 0.00 0.0 0 3.8 14 30 M M 3 20 40
13 83 60 72 0 0 7 0.00 0.0 0 2.7 12 150 M M 4 12 16 140
14 84 68 76 4 0 11 3.64 0.0 0 6.6 32 170 M M 4 123 53 160
15 73 67 70 -2 0 5 0.76 0.0 0 4.2 13 180 M M 8 13 17 40
16 81 63 72 0 0 7 0.00 0.0 M 2.5 9 180 M M 4 12 190
17 85 63 74 2 0 9 0.00 0.0 0 4.2 14 170 M M 2 1 19 150
18 88 73 81 9 0 16 0.21 0.0 0 6.9 18 190 M M 4 13 27 180
19 83 68 76 5 0 11 0.00 0.0 0 9.4 22 320 M M 2 3 30 290
20 79 62 71 0 0 6 0.00 0.0 0 1.9 9 300 M M 0 12 300
21 78 61 70 -1 0 5 0.01 0.0 0 5.0 15 180 M M 6 1 21 180
22 78 58 68 -3 0 3 0.00 0.0 0 7.4 15 320 M M 5 22 300
23 81 57 69 -2 0 4 0.00 0.0 0 1.6 8 30 M M 4 10 40
24 85 61 73 2 0 8 0.00 0.0 0 4.0 12 190 M M 1 15 200
25 90 68 79 8 0 14 0.00 0.0 0 5.2 15 180 M M 0 21 180
26 91 73 82 11 0 17 0.66 0.0 0 5.5 29 270 M M 4 123 43 280
27 83 65 74 3 0 9 0.00 0.0 0 6.6 18 280 M M 2 1 29 280
28 86 61 74 3 0 9 0.01 0.0 0 5.3 17 240 M M 5 26 240
29 86 64 75 4 0 10 0.00 0.0 0 1.6 9 350 M M 1 13 10
30 82 62 72 1 0 7 0.00 0.0 0 4.5 15 60 M M 2 22 80
31 81 57 69 -2 0 4 0.00 0.0 0 2.0 9 20 M M 2 12 13 20
================================================================================
SM 2636 2000 0 309 7.77 0.0 131.8 M 85
================================================================================
AV 85.0 64.5 4.3 FASTST M M 3 MAX(MPH)
MISC ----> # 32 170 # 53 160
================================================================================
NOTES:
# LAST OF SEVERAL OCCURRENCES
COLUMN 17 PEAK WIND IN M.P.H.
PRELIMINARY LOCAL CLIMATOLOGICAL DATA (WS FORM: F-6) , PAGE 2
STATION: LONE ROCK WI
MONTH: JULY
YEAR: 2020
LATITUDE: 43 12 N
LONGITUDE: 90 11 W
[TEMPERATURE DATA] [PRECIPITATION DATA] SYMBOLS USED IN COLUMN 16
AVERAGE MONTHLY: 74.8 TOTAL FOR MONTH: 7.77 1 = FOG OR MIST
DPTR FM NORMAL: 3.5 DPTR FM NORMAL: 2.83 2 = FOG REDUCING VISIBILITY
HIGHEST: 91 ON 26, 8 GRTST 24HR 3.64 ON 14-14 TO 1/4 MILE OR LESS
LOWEST: 57 ON 31,23 3 = THUNDER
SNOW, ICE PELLETS, HAIL 4 = ICE PELLETS
TOTAL MONTH: 0.0 INCH 5 = HAIL
GRTST 24HR 0.0 6 = FREEZING RAIN OR DRIZZLE
GRTST DEPTH: 0 7 = DUSTSTORM OR SANDSTORM:
VSBY 1/2 MILE OR LESS
8 = SMOKE OR HAZE
[NO. OF DAYS WITH] [WEATHER - DAYS WITH] 9 = BLOWING SNOW
X = TORNADO
MAX 32 OR BELOW: 0 0.01 INCH OR MORE: 11
MAX 90 OR ABOVE: 9 0.10 INCH OR MORE: 7
MIN 32 OR BELOW: 0 0.50 INCH OR MORE: 4
MIN 0 OR BELOW: 0 1.00 INCH OR MORE: 2
[HDD (BASE 65) ]
TOTAL THIS MO. 0 CLEAR (SCALE 0-3) 19
DPTR FM NORMAL -9 PTCLDY (SCALE 4-7) 11
TOTAL FM JUL 1 0 CLOUDY (SCALE 8-10) 1
DPTR FM NORMAL -9
[CDD (BASE 65) ]
TOTAL THIS MO. 309
DPTR FM NORMAL 105 [PRESSURE DATA]
TOTAL FM JAN 1 521 HIGHEST SLP 30.16 ON 24
DPTR FM NORMAL 160 LOWEST SLP 29.66 ON 19
[REMARKS]
#FINAL-07-20#