000
CXUS53 KMKX 290810
CF6LNR
PRELIMINARY LOCAL CLIMATOLOGICAL DATA (WS FORM: F-6)
STATION: LONE ROCK WI
MONTH: MARCH
YEAR: 2024
LATITUDE: 43 12 N
LONGITUDE: 90 11 W
TEMPERATURE IN F: :PCPN: SNOW: WIND :SUNSHINE: SKY :PK WND
================================================================================
1 2 3 4 5 6A 6B 7 8 9 10 11 12 13 14 15 16 17 18
12Z AVG MX 2MIN
DY MAX MIN AVG DEP HDD CDD WTR SNW DPTH SPD SPD DIR MIN PSBL S-S WX SPD DR
================================================================================
1 52 32 42 13 23 0 0.00 M M 10.1 21 190 M M 1 26 190
2 63 25 44 15 21 0 0.00 M M 8.1 18 170 M M 0 1 27 210
3 77 45 61 31 4 0 T M M 15.1 32 170 M M 3 8 50 160
4 55 26 41 11 24 0 0.26 M M 8.9 25 10 M M 7 13 34 360
5 54 28 41 10 24 0 0.00 M M 7.0 15 360 M M 3 22 10
6 55 21 38 7 27 0 0.00 M M 6.1 17 90 M M 0 22 90
7 58 32 45 13 20 0 0.00 M M 7.0 15 100 M M 3 19 110
8 45 38 42 10 23 0 0.36 M M 7.9 16 360 M M 10 1 24 10
9 42 28 35 2 30 0 0.00 M M 11.3 22 290 M M 1 36 300
10 49 23 36 3 29 0 0.00 M M 5.2 13 270 M M 0 17 340
11 68 23 46 12 19 0 0.00 M M 5.4 16 240 M M 0 24 230
12 71 34 53 19 12 0 0.00 M M 6.1 17 280 M M 0 26 260
13 71 26 49 15 16 0 T M M 6.4 16 100 M M 4 20 100
14 53 38 46 11 19 0 0.67 M M 6.6 18 30 M M 7 1 26 20
15 57 27 42 7 23 0 0.00 M M 4.0 18 270 M M 2 12 24 270
16 51 32 42 6 23 0 0.00 M M 13.6 30 290 M M 4 40 290
17 37 26 32 -4 33 0 T M M 13.8 25 320 M M 9 38 330
18 38 25 32 -5 33 0 T M M 9.1 17 280 M M 6 24 350
19 59 29 44 7 21 0 0.00 M M 15.0 32 290 M M 0 42 280
20 41 25 33 -4 32 0 0.00 M M 10.9 21 300 M M 0 32 330
21 38 21 30 -8 35 0 0.07 M M 3.6 14 150 M M 8 12 18 140
22 36 29 33 -5 32 0 0.06 M M 7.3 15 360 M M 10 12 20 330
23 40 20 30 -9 35 0 T M M 4.3 14 190 M M 4 8 20 190
24 40 28 34 -5 31 0 0.02 M M 13.9 26 100 M M 9 12 33 90
25 58 40 49 10 16 0 0.13 M M 12.9 26 120 M M 10 1 37 120
26 53 27 40 0 25 0 0.15 M M 15.0 25 270 M M 10 1 34 270
27 39 25 32 -8 33 0 0.00 M M 13.5 25 280 M M 5 35 290
28 47 22 35 -5 30 0 0.00 M M 6.2 14 270 M M 0 20 270
================================================================================
SM 1447 795 693 0 1.72 M 254.3 M 116
================================================================================
AV 51.7 28.4 9.1 FASTST M M 4 MAX(MPH)
MISC ----> # 32 170 50 160
================================================================================
NOTES:
# LAST OF SEVERAL OCCURRENCES
COLUMN 17 PEAK WIND IN M.P.H.
PRELIMINARY LOCAL CLIMATOLOGICAL DATA (WS FORM: F-6) , PAGE 2
STATION: LONE ROCK WI
MONTH: MARCH
YEAR: 2024
LATITUDE: 43 12 N
LONGITUDE: 90 11 W
[TEMPERATURE DATA] [PRECIPITATION DATA] SYMBOLS USED IN COLUMN 16
AVERAGE MONTHLY: 40.0 TOTAL FOR MONTH: 1.72 1 = FOG OR MIST
DPTR FM NORMAL: 5.1 DPTR FM NORMAL: 0.11 2 = FOG REDUCING VISIBILITY
HIGHEST: 77 ON 3 GRTST 24HR 0.67 ON 13-14 TO 1/4 MILE OR LESS
LOWEST: 20 ON 23 3 = THUNDER
SNOW, ICE PELLETS, HAIL 4 = ICE PELLETS
TOTAL MONTH: M 5 = HAIL
GRTST 24HR M ON M 6 = FREEZING RAIN OR DRIZZLE
GRTST DEPTH: M ON M 7 = DUSTSTORM OR SANDSTORM:
VSBY 1/2 MILE OR LESS
8 = SMOKE OR HAZE
[NO. OF DAYS WITH] [WEATHER - DAYS WITH] 9 = BLOWING SNOW
X = TORNADO
MAX 32 OR BELOW: 0 0.01 INCH OR MORE: 8
MAX 90 OR ABOVE: 0 0.10 INCH OR MORE: 5
MIN 32 OR BELOW: 23 0.50 INCH OR MORE: 1
MIN 0 OR BELOW: 0 1.00 INCH OR MORE: 0
[HDD (BASE 65) ]
TOTAL THIS MO. 693 CLEAR (SCALE 0-3) 12
DPTR FM NORMAL -149 PTCLDY (SCALE 4-7) 9
TOTAL FM JUL 1 4877 CLOUDY (SCALE 8-10) 7
DPTR FM NORMAL -1326
[CDD (BASE 65) ]
TOTAL THIS MO. 0
DPTR FM NORMAL 0 [PRESSURE DATA]
TOTAL FM JAN 1 0 HIGHEST SLP M ON M
DPTR FM NORMAL 0 LOWEST SLP 29.25 ON 26
[REMARKS]