000
CXUS53 KARX 011809
CF6LSE
PRELIMINARY LOCAL CLIMATOLOGICAL DATA (WS FORM: F-6)
STATION: LA CROSSE WI
MONTH: MARCH
YEAR: 2020
LATITUDE: 43 52 N
LONGITUDE: 91 15 W
TEMPERATURE IN F: :PCPN: SNOW: WIND :SUNSHINE: SKY :PK WND
================================================================================
1 2 3 4 5 6A 6B 7 8 9 10 11 12 13 14 15 16 17 18
12Z AVG MX 2MIN
DY MAX MIN AVG DEP HDD CDD WTR SNW DPTH SPD SPD DIR MIN PSBL S-S WX SPD DR
================================================================================
1 55 34 45 17 20 0 0.00 0.0 4 9.8 18 280 M M 0 27 270
2 43 29 36 8 29 0 0.00 0.0 3 9.3 21 320 M M 5 27 310
3 45 28 37 8 28 0 0.02 0.5 3 10.5 23 270 M M 5 18 32 260
4 45 27 36 7 29 0 0.00 0.0 2 7.6 14 260 M M 1 19 260
5 43 34 39 9 26 0 0.01 T 2 16.7 32 340 M M 9 46 340
6 43 23 33 3 32 0 0.00 0.0 T 8.1 26 340 M M 1 35 340
7 56 25 41 11 24 0 0.00 0.0 T 14.4 25 180 M M 0 34 160
8 65 45 55 24 10 0 0.00 0.0 0 14.4 22 190 M M 0 30 180
9 58 34 46 15 19 0 0.05 0.0 0 9.9 24 230 M M 8 1 34 240
10 49 26 38 6 27 0 0.19 0.0 0 6.1 16 340 M M 5 1 22 340
11 47 35 41 9 24 0 0.05 0.0 0 5.3 12 170 M M 6 12 17 170
12 50 36 43 10 22 0 0.52 0.0 0 14.8 30 310 M M 8 18 38 300
13 44 31 38 5 27 0 0.00 0.0 0 14.6 26 290 M M 1 34 280
14 39 24 32 -2 33 0 0.00 0.0 0 5.8 13 300 M M 5 19 330
15 42 19 31 -3 34 0 0.00 0.0 0 5.2 16 80 M M 0 24 70
16 42 31 37 3 28 0 T 0.0 0 9.2 23 300 M M 10 31 320
17 48 28 38 3 27 0 0.00 0.0 0 8.6 29 320 M M 3 41 310
18 42 37 40 5 25 0 0.03 0.0 0 6.6 17 180 M M 10 18 22 190
19 43 37 40 4 25 0 0.98 0.0 0 7.0 18 340 M M 10 1 24 10
20 38 25 32 -4 33 0 0.13 0.6 1 13.6 25 330 M M 7 1 35 330
21 39 20 30 -7 35 0 T T 0 6.5 15 150 M M 4 19 170
22 44 31 38 1 27 0 T 0.3 T 12.7 21 150 M M 5 28 140
23 44 35 40 2 25 0 T T 0 5.3 14 190 M M 10 8 19 190
24 53 40 47 9 18 0 T 0.0 0 8.3 20 190 M M 9 1 23 200
25 49 41 45 6 20 0 0.34 0.0 0 8.9 21 190 M M 9 18 30 180
26 50 38 44 5 21 0 0.00 0.0 0 4.3 10 70 M M 10 14 70
27 60 37 49 9 16 0 0.24 0.0 0 6.5 14 80 M M 5 1 22 80
28 48 44 46 6 19 0 0.18 0.0 0 8.8 22 80 M M 10 18 34 60
29 49 38 44 4 21 0 0.19 0.0 0 13.6 25 310 M M 9 1 35 320
30 62 32 47 6 18 0 0.00 0.0 0 8.4 17 360 M M 0 26 350
31 50 31 41 -1 24 0 0.00 0.0 0 6.2 13 100 M M 4 18 120
================================================================================
SM 1485 995 766 0 2.93 1.4 287.0 M 169
================================================================================
AV 47.9 32.1 9.3 FASTST M M 5 MAX(MPH)
MISC ----> # 32 340 # 46 340
================================================================================
NOTES:
# LAST OF SEVERAL OCCURRENCES
COLUMN 17 PEAK WIND IN M.P.H.
PRELIMINARY LOCAL CLIMATOLOGICAL DATA (WS FORM: F-6) , PAGE 2
STATION: LA CROSSE WI
MONTH: MARCH
YEAR: 2020
LATITUDE: 43 52 N
LONGITUDE: 91 15 W
[TEMPERATURE DATA] [PRECIPITATION DATA] SYMBOLS USED IN COLUMN 16
AVERAGE MONTHLY: 40.0 TOTAL FOR MONTH: 2.93 1 = FOG OR MIST
DPTR FM NORMAL: 5.5 DPTR FM NORMAL: 0.89 2 = FOG REDUCING VISIBILITY
HIGHEST: 65 ON 8 GRTST 24HR 0.98 ON 19-19 TO 1/4 MILE OR LESS
LOWEST: 19 ON 15 3 = THUNDER
SNOW, ICE PELLETS, HAIL 4 = ICE PELLETS
TOTAL MONTH: 1.4 INCHES 5 = HAIL
GRTST 24HR 0.6 ON 20-20 6 = FREEZING RAIN OR DRIZZLE
GRTST DEPTH: 4 ON 1 7 = DUSTSTORM OR SANDSTORM:
VSBY 1/2 MILE OR LESS
8 = SMOKE OR HAZE
[NO. OF DAYS WITH] [WEATHER - DAYS WITH] 9 = BLOWING SNOW
X = TORNADO
MAX 32 OR BELOW: 0 0.01 INCH OR MORE: 13
MAX 90 OR ABOVE: 0 0.10 INCH OR MORE: 8
MIN 32 OR BELOW: 16 0.50 INCH OR MORE: 2
MIN 0 OR BELOW: 0 1.00 INCH OR MORE: 0
[HDD (BASE 65) ]
TOTAL THIS MO. 766 CLEAR (SCALE 0-3) 9
DPTR FM NORMAL -178 PTCLDY (SCALE 4-7) 11
TOTAL FM JUL 1 5914 CLOUDY (SCALE 8-10) 11
DPTR FM NORMAL -539
[CDD (BASE 65) ]
TOTAL THIS MO. 0
DPTR FM NORMAL 0 [PRESSURE DATA]
TOTAL FM JAN 1 0 HIGHEST SLP 30.77 ON 15
DPTR FM NORMAL 0 LOWEST SLP 29.24 ON 29
[REMARKS]
#FINAL-03-20#