000
CXUS54 KFWD 072147
CF6LUD
PRELIMINARY LOCAL CLIMATOLOGICAL DATA (WS FORM: F-6)
STATION: DECATUR
MONTH: JUNE
YEAR: 2022
LATITUDE: 33 15 N
LONGITUDE: 97 30 W
TEMPERATURE IN F: :PCPN: SNOW: WIND :SUNSHINE: SKY :PK WND
================================================================================
1 2 3 4 5 6A 6B 7 8 9 10 11 12 13 14 15 16 17 18
12Z AVG MX 2MIN
DY MAX MIN AVG DEP HDD CDD WTR SNW DPTH SPD SPD DIR MIN PSBL S-S WX SPD DR
================================================================================
1 86 73 80 6 0 15 0.02 M M 6.8 12 100 M M 4 8 23 310
2 78 64 71 -4 0 6 1.45 M M 5.4 17 20 M M 5 30 20
3 77 66 72 -3 0 7 0.10 M M 3.7 8 70 M M 3 M M
4 86 64 75 0 0 10 0.00 M M 4.9 9 130 M M 3 1 M M
5 91 71 81 6 0 16 0.00 M M 12.2 20 140 M M 0 29 140
6 94 74 84 8 0 19 0.00 M M 11.4 18 180 M M 0 25 160
7 93 75 84 8 0 19 0.00 M M 9.8 15 160 M M 2 22 160
8 83 70 77 1 0 12 0.00 M M 8.1 15 100 M M 1 30 10
9 90 69 80 4 0 15 0.00 M M 6.4 10 60 M M 4 1 M M
10 96 72 84 7 0 19 0.00 M M 5.9 10 340 M M 0 24 170
11 103 74 89 12 0 24 0.00 M M 7.4 12 170 M M 0 17 220
12 105 80 93 16 0 28 0.00 M M 11.0 14 220 M M 0 20 170
13 100 79 90 13 0 25 0.00 M M 12.8 17 160 M M 0 8 26 160
14 98 76 87 9 0 22 0.00 M M 15.5 22 190 M M 0 8 29 170
15 98 78 88 10 0 23 0.00 M M 13.9 20 170 M M 0 8 29 170
16 97 80 89 11 0 24 0.00 M M 6.7 15 180 M M 0 8 20 180
17 98 73 86 8 0 21 0.00 M M 5.1 10 180 M M 0 8 M M
18 97 73 85 7 0 20 0.00 M M 5.1 13 130 M M 0 8 18 110
19 96 74 85 6 0 20 0.00 M M 5.9 12 130 M M 1 24 130
20 99 73 86 7 0 21 0.00 M M 7.8 13 120 M M 0 18 130
21 99 78 89 10 0 24 0.00 M M 7.6 13 220 M M 0 17 110
22 98 77 88 9 0 23 0.00 M M 5.0 8 120 M M 0 8 16 180
23 100 76 88 8 0 23 0.00 M M 3.7 7 110 M M 0 8 M M
24 103 78 91 11 0 26 0.00 M M 8.4 14 140 M M 0 20 200
25 101 81 91 11 0 26 0.00 M M 7.5 12 170 M M 0 8 16 170
26 97 76 87 7 0 22 0.00 M M 8.3 14 30 M M 0 8 21 30
27 90 70 80 0 0 15 0.00 M M 8.0 13 60 M M 1 18 40
28 83 71 77 -3 0 12 0.00 M M 4.6 8 100 M M 3 M M
29 92 67 80 -1 0 15 0.00 M M 5.5 9 90 M M 0 M M
30 98 68 83 2 0 18 0.00 M M 4.4 10 130 M M 0 M M
================================================================================
SM 2826 2200 0 570 1.57 M 228.8 M 27
================================================================================
AV 94.2 73.3 7.6 FASTST M M 1 MAX(MPH)
MISC ----> 22 190 # 30 20
================================================================================
NOTES:
# LAST OF SEVERAL OCCURRENCES
COLUMN 17 PEAK WIND IN M.P.H.
PRELIMINARY LOCAL CLIMATOLOGICAL DATA (WS FORM: F-6) , PAGE 2
STATION: DECATUR
MONTH: JUNE
YEAR: 2022
LATITUDE: 33 15 N
LONGITUDE: 97 30 W
[TEMPERATURE DATA] [PRECIPITATION DATA] SYMBOLS USED IN COLUMN 16
AVERAGE MONTHLY: 83.8 TOTAL FOR MONTH: 1.57 1 = FOG OR MIST
DPTR FM NORMAL: 6.0 DPTR FM NORMAL: -3.23 2 = FOG REDUCING VISIBILITY
HIGHEST: 105 ON 12 GRTST 24HR 1.45 ON 2- 2 TO 1/4 MILE OR LESS
LOWEST: 64 ON 4, 2 3 = THUNDER
SNOW, ICE PELLETS, HAIL 4 = ICE PELLETS
TOTAL MONTH: M 5 = HAIL
GRTST 24HR M ON M 6 = FREEZING RAIN OR DRIZZLE
GRTST DEPTH: M ON M 7 = DUSTSTORM OR SANDSTORM:
VSBY 1/2 MILE OR LESS
8 = SMOKE OR HAZE
[NO. OF DAYS WITH] [WEATHER - DAYS WITH] 9 = BLOWING SNOW
X = TORNADO
MAX 32 OR BELOW: 0 0.01 INCH OR MORE: 3
MAX 90 OR ABOVE: 24 0.10 INCH OR MORE: 2
MIN 32 OR BELOW: 0 0.50 INCH OR MORE: 1
MIN 0 OR BELOW: 0 1.00 INCH OR MORE: 1
[HDD (BASE 65) ]
TOTAL THIS MO. 0 CLEAR (SCALE 0-3) 26
DPTR FM NORMAL 0 PTCLDY (SCALE 4-7) 4
TOTAL FM JUL 1 2022 CLOUDY (SCALE 8-10) 0
DPTR FM NORMAL -919
[CDD (BASE 65) ]
TOTAL THIS MO. 570
DPTR FM NORMAL 186 [PRESSURE DATA]
TOTAL FM JAN 1 1088 HIGHEST SLP M ON M
DPTR FM NORMAL 454 LOWEST SLP M ON M
[REMARKS]
#FINAL-06-22#