000
CXUS53 KTOP 010910
CF6LWC
PRELIMINARY LOCAL CLIMATOLOGICAL DATA (WS FORM: F-6)
STATION: LAWRENCE KS
MONTH: DECEMBER
YEAR: 2020
LATITUDE: 39 0 N
LONGITUDE: 95 13 W
TEMPERATURE IN F: :PCPN: SNOW: WIND :SUNSHINE: SKY :PK WND
================================================================================
1 2 3 4 5 6A 6B 7 8 9 10 11 12 13 14 15 16 17 18
12Z AVG MX 2MIN
DY MAX MIN AVG DEP HDD CDD WTR SNW DPTH SPD SPD DIR MIN PSBL S-S WX SPD DR
================================================================================
1 52 13 33 -3 32 0 0.00 M M 8.1 17 130 M M 0 23 130
2 54 25 40 4 25 0 0.00 M M 5.6 14 50 M M 2 17 60
3 46 21 34 -1 31 0 T M M 4.0 15 350 M M 6 8 18 350
4 54 18 36 1 29 0 0.00 M M 3.1 13 300 M M 0 1 18 300
5 53 21 37 2 28 0 0.00 M M 6.8 16 330 M M 0 20 320
6 50 22 36 2 29 0 0.00 M M 8.0 16 320 M M 0 1 22 330
7 57 24 41 7 24 0 0.00 M M 4.9 13 330 M M 4 128 15 330
8 61 20 41 7 24 0 0.00 M M 3.4 10 300 M M 0 8 16 310
9 68 27 48 15 17 0 0.00 M M 3.6 12 310 M M 0 8 13 290
10 69 25 47 14 18 0 0.00 M M 2.6 12 330 M M 0 18 15 340
11 45 39 42 10 23 0 0.01 M M 7.4 14 280 M M 10 18 18 80
12 39 32 36 4 29 0 T M M 11.1 18 330 M M 10 1 24 330
13 38 23 31 -1 34 0 0.00 M M 7.4 16 350 M M 6 8 21 350
14 38 16 27 -5 38 0 0.00 M M 5.0 13 340 M M 4 128 15 330
15 31 23 27 -4 38 0 0.00 M M 7.1 14 40 M M 4 8 19 30
16 34 23 29 -2 36 0 0.00 M M 4.8 10 250 M M 10 18 14 280
17 52 19 36 5 29 0 0.00 M M 4.0 9 230 M M 0 18 13 240
18 57 29 43 12 22 0 0.00 M M 14.3 38 200 M M 0 54 200
19 44 18 31 1 34 0 0.00 M M 6.3 17 320 M M 2 18 21 320
20 55 17 36 6 29 0 0.00 M M 5.4 17 320 M M 0 8 23 330
21 61 24 43 13 22 0 0.00 M M 6.5 17 280 M M 0 8 20 290
22 67 21 44 14 21 0 0.00 M M 13.0 29 170 M M 0 43 180
23 59 24 42 12 23 0 T M M 24.6 37 320 M M 5 50 170
24 30 10 20 -10 45 0 0.00 M M 12.7 28 320 M M 1 38 300
25 42 5 24 -5 41 0 0.00 M M 4.3 14 210 M M 0 19 200
26 60 16 38 9 27 0 0.00 M M 4.0 15 170 M M 0 8 18 170
27 53 29 41 12 24 0 0.00 M M 10.5 26 320 M M 3 34 310
28 39 19 29 0 36 0 0.00 M M 6.2 17 350 M M 2 8 22 350
29 35 30 33 4 32 0 0.87 M M 10.6 23 100 M M 10 16 30 100
30 39 20 30 1 35 0 0.00 M M 8.1 16 310 M M 2 1 22 310
31 38 15 27 -2 38 0 0.00 M M 4.6 13 50 M M 0 19 40
================================================================================
SM 1520 668 913 0 0.88 M 228.0 M 81
================================================================================
AV 49.0 21.5 7.4 FASTST M M 3 MAX(MPH)
MISC ----> 38 200 54 200
================================================================================
NOTES:
# LAST OF SEVERAL OCCURRENCES
COLUMN 17 PEAK WIND IN M.P.H.
PRELIMINARY LOCAL CLIMATOLOGICAL DATA (WS FORM: F-6) , PAGE 2
STATION: LAWRENCE KS
MONTH: DECEMBER
YEAR: 2020
LATITUDE: 39 0 N
LONGITUDE: 95 13 W
[TEMPERATURE DATA] [PRECIPITATION DATA] SYMBOLS USED IN COLUMN 16
AVERAGE MONTHLY: 35.3 TOTAL FOR MONTH: 0.88 1 = FOG OR MIST
DPTR FM NORMAL: 3.7 DPTR FM NORMAL: -0.59 2 = FOG REDUCING VISIBILITY
HIGHEST: 69 ON 10 GRTST 24HR 0.87 ON 29-29 TO 1/4 MILE OR LESS
LOWEST: 5 ON 25 3 = THUNDER
SNOW, ICE PELLETS, HAIL 4 = ICE PELLETS
TOTAL MONTH: M 5 = HAIL
GRTST 24HR M ON M 6 = FREEZING RAIN OR DRIZZLE
GRTST DEPTH: M ON M 7 = DUSTSTORM OR SANDSTORM:
VSBY 1/2 MILE OR LESS
8 = SMOKE OR HAZE
[NO. OF DAYS WITH] [WEATHER - DAYS WITH] 9 = BLOWING SNOW
X = TORNADO
MAX 32 OR BELOW: 2 0.01 INCH OR MORE: 2
MAX 90 OR ABOVE: 0 0.10 INCH OR MORE: 1
MIN 32 OR BELOW: 30 0.50 INCH OR MORE: 1
MIN 0 OR BELOW: 0 1.00 INCH OR MORE: 0
[HDD (BASE 65) ]
TOTAL THIS MO. 913 CLEAR (SCALE 0-3) 20
DPTR FM NORMAL -122 PTCLDY (SCALE 4-7) 7
TOTAL FM JUL 1 1899 CLOUDY (SCALE 8-10) 4
DPTR FM NORMAL -145
[CDD (BASE 65) ]
TOTAL THIS MO. 0
DPTR FM NORMAL 0 [PRESSURE DATA]
TOTAL FM JAN 1 1403 HIGHEST SLP 30.49 ON 28
DPTR FM NORMAL 32 LOWEST SLP 29.41 ON 23
[REMARKS]
#FINAL-12-20#