000
CXUS55 KPUB 011310
CF6LXV
PRELIMINARY LOCAL CLIMATOLOGICAL DATA (WS FORM: F-6)
STATION: LEADVILLE CO
MONTH: DECEMBER
YEAR: 2021
LATITUDE: 39 15 N
LONGITUDE: 106 18 W
TEMPERATURE IN F: :PCPN: SNOW: WIND :SUNSHINE: SKY :PK WND
================================================================================
1 2 3 4 5 6A 6B 7 8 9 10 11 12 13 14 15 16 17 18
12Z AVG MX 2MIN
DY MAX MIN AVG DEP HDD CDD WTR SNW DPTH SPD SPD DIR MIN PSBL S-S WX SPD DR
================================================================================
1 49 21 35 16 30 0 0.00 M M 7.0 15 310 M M 0 23 310
2 56 15 36 17 29 0 0.00 M M 5.3 16 310 M M 0 22 320
3 52 18 35 16 30 0 0.00 M M 4.5 12 330 M M 0 19 360
4 48 17 33 15 32 0 0.00 M M 6.2 15 310 M M 0 24 330
5 40 26 33 15 32 0 0.00 M M 11.1 26 280 M M 0 45 30
6 37 17 27 9 38 0 0.11 M M 8.3 22 280 M M 5 1 42 270
7 30 10 20 2 45 0 0.01 M M 7.5 18 330 M M 7 18 31 320
8 36 6 21 3 44 0 0.02 M M 8.7 17 310 M M 4 1 28 20
9 33 23 28 11 37 0 0.04 M M 6.7 24 200 M M 9 18 33 190
10 26 1 14 -3 51 0 0.14 M M 10.0 23 330 M M 10 1289 38 310
11 30 -7 12 -5 53 0 0.00 M M 9.7 22 340 M M 3 37 350
12 44 16 30 13 35 0 0.00 M M 6.7 17 300 M M 0 26 300
13 42 10 26 9 39 0 0.00 M M 4.8 21 170 M M 0 28 200
14 43 21 32 15 33 0 0.00 M M 7.4 26 180 M M 2 37 220
15 32 10 21 4 44 0 0.13 M M 13.5 36 310 M M 10 1289 53 290
16 31 -3 14 -3 51 0 0.00 M M 6.4 21 200 M M 1 34 230
17 20 -5 8 -9 57 0 T M M 8.4 17 320 M M 9 18 29 340
18 29 -10 10 -6 55 0 0.00 M M 6.9 16 300 M M 0 22 320
19 36 1 19 3 46 0 0.00 M M 7.9 15 340 M M 0 24 360
20 39 6 23 7 42 0 0.00 M M 7.2 15 300 M M 0 22 310
21 37 16 27 11 38 0 0.00 M M 7.9 17 320 M M 0 28 330
22 40 14 27 11 38 0 0.00 M M 6.9 18 300 M M 1 30 310
23 40 21 31 15 34 0 0.16 M M 6.9 14 150 M M 9 1 20 160
24 31 17 24 8 41 0 0.47 M M 6.1 15 320 M M 10 12 23 310
25 29 4 17 1 48 0 0.01 M M 4.7 16 210 M M 6 1 24 220
26 23 4 14 -2 51 0 0.09 M M 6.8 22 290 M M 9 12 40 290
27 22 11 17 1 48 0 0.13 M M 7.5 26 210 M M 10 18 38 230
28 21 1 11 -5 54 0 0.11 M M 7.5 18 290 M M 8 18 31 280
29 21 4 13 -4 52 0 0.03 M M 5.4 20 210 M M 9 18 30 250
30 24 10 17 0 48 0 0.01 M M 6.6 18 290 M M 10 18 31 310
31 22 9 16 -1 49 0 0.22 M M 6.3 17 340 M M 10 12 26 330
================================================================================
SM 1063 304 1324 0 1.68 M 226.8 M 142
================================================================================
AV 34.3 9.8 7.3 FASTST M M 5 MAX(MPH)
MISC ----> 36 310 53 290
================================================================================
NOTES:
# LAST OF SEVERAL OCCURRENCES
COLUMN 17 PEAK WIND IN M.P.H.
PRELIMINARY LOCAL CLIMATOLOGICAL DATA (WS FORM: F-6) , PAGE 2
STATION: LEADVILLE CO
MONTH: DECEMBER
YEAR: 2021
LATITUDE: 39 15 N
LONGITUDE: 106 18 W
[TEMPERATURE DATA] [PRECIPITATION DATA] SYMBOLS USED IN COLUMN 16
AVERAGE MONTHLY: 22.0 TOTAL FOR MONTH: 1.68 1 = FOG OR MIST
DPTR FM NORMAL: 4.9 DPTR FM NORMAL: 0.80 2 = FOG REDUCING VISIBILITY
HIGHEST: 56 ON 2 GRTST 24HR 0.60 ON 23-24 TO 1/4 MILE OR LESS
LOWEST: -10 ON 18 3 = THUNDER
SNOW, ICE PELLETS, HAIL 4 = ICE PELLETS
TOTAL MONTH: M 5 = HAIL
GRTST 24HR M ON M 6 = FREEZING RAIN OR DRIZZLE
GRTST DEPTH: M ON M 7 = DUSTSTORM OR SANDSTORM:
VSBY 1/2 MILE OR LESS
8 = SMOKE OR HAZE
[NO. OF DAYS WITH] [WEATHER - DAYS WITH] 9 = BLOWING SNOW
X = TORNADO
MAX 32 OR BELOW: 15 0.01 INCH OR MORE: 15
MAX 90 OR ABOVE: 0 0.10 INCH OR MORE: 8
MIN 32 OR BELOW: 31 0.50 INCH OR MORE: 0
MIN 0 OR BELOW: 4 1.00 INCH OR MORE: 0
[HDD (BASE 65) ]
TOTAL THIS MO. 1324 CLEAR (SCALE 0-3) 14
DPTR FM NORMAL -161 PTCLDY (SCALE 4-7) 5
TOTAL FM JUL 1 4255 CLOUDY (SCALE 8-10) 12
DPTR FM NORMAL -539
[CDD (BASE 65) ]
TOTAL THIS MO. 0
DPTR FM NORMAL 0 [PRESSURE DATA]
TOTAL FM JAN 1 0 HIGHEST SLP 30.48 ON 18
DPTR FM NORMAL 0 LOWEST SLP 29.13 ON 15
[REMARKS]
#FINAL-12-21#