042
CXUS51 KRNK 010618
CF6LYH
PRELIMINARY LOCAL CLIMATOLOGICAL DATA (WS FORM: F-6)
STATION: LYNCHBURG VA
MONTH: NOVEMBER
YEAR: 2020
LATITUDE: 37 19 N
LONGITUDE: 79 12 W
TEMPERATURE IN F: :PCPN: SNOW: WIND :SUNSHINE: SKY :PK WND
================================================================================
1 2 3 4 5 6A 6B 7 8 9 10 11 12 13 14 15 16 17 18
12Z AVG MX 2MIN
DY MAX MIN AVG DEP HDD CDD WTR SNW DPTH SPD SPD DIR MIN PSBL S-S WX SPD DR
================================================================================
1 68 42 55 3 10 0 0.69 0.0 0 6.9 23 300 M M 6 1 32 310
2 52 36 44 -7 21 0 0.00 0.0 0 8.2 20 300 M M 0 30 310
3 67 37 52 1 13 0 0.00 0.0 0 4.0 12 270 M M 0 17 270
4 70 35 53 2 12 0 0.00 0.0 0 2.0 10 180 M M 0 13 190
5 70 37 54 4 11 0 0.00 0.0 0 2.4 13 200 M M 0 16 190
6 75 39 57 7 8 0 0.00 0.0 0 1.1 7 180 M M 0 9 200
7 76 41 59 9 6 0 0.00 0.0 0 1.4 9 210 M M 0 17 230
8 78 47 63 14 2 0 0.00 0.0 0 1.2 8 220 M M 0 12 16 230
9 76 48 62 13 3 0 T 0.0 0 1.2 9 140 M M 4 12 12 170
10 78 61 70 21 0 5 0.00 0.0 0 3.8 13 200 M M 9 16 190
11 73 67 70 22 0 5 3.40 0.0 0 4.8 17 190 M M 10 13 21 170
12 69 53 61 13 4 0 1.24 0.0 0 5.6 18 40 M M 10 1 23 30
13 69 42 56 8 9 0 0.00 0.0 0 4.3 12 270 M M 4 18 280
14 63 36 50 3 15 0 0.00 0.0 0 2.4 9 170 M M 0 12 170
15 69 45 57 10 8 0 T 0.0 0 8.0 23 210 M M 7 33 200
16 62 43 53 6 12 0 0.00 0.0 0 6.3 16 290 M M 0 27 310
17 56 34 45 -1 20 0 0.00 0.0 0 8.2 23 290 M M 0 40 290
18 51 25 38 -8 27 0 0.00 0.0 0 2.2 9 290 M M 0 16 320
19 56 28 42 -4 23 0 0.00 0.0 0 4.8 16 180 M M 0 20 170
20 69 34 52 7 13 0 0.00 0.0 0 5.6 13 200 M M 0 17 200
21 74 39 57 12 8 0 0.00 0.0 0 1.3 8 20 M M 2 12 20
22 63 51 57 12 8 0 T 0.0 0 5.8 10 170 M M 7 14 40
23 57 38 48 4 17 0 0.01 0.0 0 5.7 15 30 M M 2 21 290
24 53 32 43 -1 22 0 0.00 0.0 0 3.0 10 190 M M 2 13 180
25 56 36 46 2 19 0 0.02 0.0 0 3.3 13 160 M M 7 1 15 200
26 73 46 60 17 5 0 0.02 0.0 0 3.3 15 270 M M 5 12 20 210
27 66 46 56 13 9 0 0.00 0.0 0 3.1 10 20 M M 5 12 14 20
28 64 35 50 8 15 0 0.00 0.0 0 1.8 12 250 M M 0 17 250
29 60 34 47 5 18 0 0.58 0.0 0 2.2 10 20 M M 2 1 15 40
30 59 40 50 8 15 0 2.55 0.0 0 6.2 15 270 M M 8 1 26 260
================================================================================
SM 1972 1227 353 10 8.51 0.0 120.1 M 90
================================================================================
AV 65.7 40.9 4.0 FASTST M M 3 MAX(MPH)
MISC ----> # 23 300 40 290
================================================================================
NOTES:
# LAST OF SEVERAL OCCURRENCES
COLUMN 17 PEAK WIND IN M.P.H.
PRELIMINARY LOCAL CLIMATOLOGICAL DATA (WS FORM: F-6) , PAGE 2
STATION: LYNCHBURG VA
MONTH: NOVEMBER
YEAR: 2020
LATITUDE: 37 19 N
LONGITUDE: 79 12 W
[TEMPERATURE DATA] [PRECIPITATION DATA] SYMBOLS USED IN COLUMN 16
AVERAGE MONTHLY: 53.3 TOTAL FOR MONTH: 8.51 1 = FOG OR MIST
DPTR FM NORMAL: 6.5 DPTR FM NORMAL: 5.10 2 = FOG REDUCING VISIBILITY
HIGHEST: 78 ON 10, 8 GRTST 24HR 3.74 ON 11-12 TO 1/4 MILE OR LESS
LOWEST: 25 ON 18 3 = THUNDER
SNOW, ICE PELLETS, HAIL 4 = ICE PELLETS
TOTAL MONTH: 0.0 INCH 5 = HAIL
GRTST 24HR 0.0 6 = FREEZING RAIN OR DRIZZLE
GRTST DEPTH: 0 7 = DUSTSTORM OR SANDSTORM:
VSBY 1/2 MILE OR LESS
8 = SMOKE OR HAZE
[NO. OF DAYS WITH] [WEATHER - DAYS WITH] 9 = BLOWING SNOW
X = TORNADO
MAX 32 OR BELOW: 0 0.01 INCH OR MORE: 8
MAX 90 OR ABOVE: 0 0.10 INCH OR MORE: 5
MIN 32 OR BELOW: 3 0.50 INCH OR MORE: 5
MIN 0 OR BELOW: 0 1.00 INCH OR MORE: 3
[HDD (BASE 65) ]
TOTAL THIS MO. 353 CLEAR (SCALE 0-3) 18
DPTR FM NORMAL -194 PTCLDY (SCALE 4-7) 9
TOTAL FM JUL 1 564 CLOUDY (SCALE 8-10) 3
DPTR FM NORMAL -331
[CDD (BASE 65) ]
TOTAL THIS MO. 10
DPTR FM NORMAL 9 [PRESSURE DATA]
TOTAL FM JAN 1 1505 HIGHEST SLP M ON M
DPTR FM NORMAL 473 LOWEST SLP 29.41 ON 30
[REMARKS]
#FINAL-11-20#